000
CXUS51 KLWX 170620
CF6HGR
PRELIMINARY LOCAL CLIMATOLOGICAL DATA (WS FORM: F-6)

                                          STATION:   HAGERSTOWN MD
                                          MONTH:     APRIL
                                          YEAR:      2015
                                          LATITUDE:   39 42 N
                                          LONGITUDE:  77 43 W

  TEMPERATURE IN F:       :PCPN:    SNOW:  WIND      :SUNSHINE: SKY     :PK WND
================================================================================
1   2   3   4   5  6A  6B    7    8   9   10  11  12  13   14  15   16   17  18
                                     12Z  AVG MX 2MIN
DY MAX MIN AVG DEP HDD CDD  WTR  SNW DPTH SPD SPD DIR MIN PSBL S-S WX    SPD DR
================================================================================

 1  58  32  45  -3  20   0 0.00    M    M  5.4 20 300   M    M   1        25 290
 2  72  39  56   8   9   0    T    M    M 11.2 22 170   M    M   3        29 190
 3  67  59  63  15   2   0 0.40    M    M  5.7 15 190   M    M   9 1      21 200
 4  63  41  52   3  13   0 0.02    M    M 16.5 31 300   M    M   5        36 300
 5  66  38  52   3  13   0 0.00    M    M 10.2 21 220   M    M   0        29 220
 6  76  41  59   9   6   0    T    M    M  6.9 21 180   M    M   2        27 180
 7  72  54  63  13   2   0 0.05    M    M  5.5 16  70   M    M   9 8      19  70
 8  54  43  49  -1  16   0 0.22    M    M  8.6 25  90   M    M  10 18     31  90
 9  50  41  46  -5  19   0 0.02    M    M  6.4 14 140   M    M  10 18     19 110
10  65  43  54   3  11   0 0.02    M    M  7.4 30 290   M    M   7 18     38 290
11  61  46  54   3  11   0 0.00    M    M 12.9 30 310   M    M   1        36 300
12  68  35  52   0  13   0 0.00    M    M  4.8 14 180   M    M   0        18 190
13  79  51  65  13   0   0 0.00    M    M 10.0 22 160   M    M   0        29 160
14  67  50  59   7   6   0 0.23    M    M  6.9 18  30   M    M   8 1      25  20
15  65  41  53   0  12   0 0.00    M    M  3.9 13  10   M    M   0 1      18  10
16  71  44  58   5   7   0 0.02    M    M  7.5 21 170   M    M   3        28 170
================================================================================
SM 1054  698       160   0  0.98    M    129.8          M       68
================================================================================
AV 65.9 43.6                               8.1 FASTST   M    M   4    MAX(MPH)
                                 MISC ---->  # 31 300               # 38  290
================================================================================
NOTES:
# LAST OF SEVERAL OCCURRENCES

COLUMN 17 PEAK WIND IN M.P.H.

PRELIMINARY LOCAL CLIMATOLOGICAL DATA (WS FORM: F-6) , PAGE 2

                                          STATION:  HAGERSTOWN MD
                                          MONTH:    APRIL
                                          YEAR:     2015
                                          LATITUDE:   39 42 N
                                          LONGITUDE:  77 43 W

[TEMPERATURE DATA]      [PRECIPITATION DATA]       SYMBOLS USED IN COLUMN 16

AVERAGE MONTHLY: 54.8   TOTAL FOR MONTH:   0.98    1 = FOG OR MIST
DPTR FM NORMAL:   4.3   DPTR FM NORMAL:   -1.01    2 = FOG REDUCING VISIBILITY
HIGHEST:    79 ON 13    GRTST 24HR  0.42 ON  3- 4      TO 1/4 MILE OR LESS
LOWEST:     32 ON  1                               3 = THUNDER
                        SNOW, ICE PELLETS, HAIL    4 = ICE PELLETS
                        TOTAL MONTH:    M          5 = HAIL
                        GRTST 24HR    M  ON   M    6 = FREEZING RAIN OR DRIZZLE
                        GRTST DEPTH:  M  ON   M    7 = DUSTSTORM OR SANDSTORM:
                                                       VSBY 1/2 MILE OR LESS
                                                   8 = SMOKE OR HAZE
[NO. OF DAYS WITH]      [WEATHER - DAYS WITH]      9 = BLOWING SNOW
                                                   X = TORNADO
MAX 32 OR BELOW:   0    0.01 INCH OR MORE:   8
MAX 90 OR ABOVE:   0    0.10 INCH OR MORE:   3
MIN 32 OR BELOW:   1    0.50 INCH OR MORE:   0
MIN  0 OR BELOW:   0    1.00 INCH OR MORE:   0

[HDD (BASE 65) ]
TOTAL THIS MO.   160    CLEAR  (SCALE 0-3)   8
DPTR FM NORMAL   -79    PTCLDY (SCALE 4-7)   3
TOTAL FM JUL 1  4947    CLOUDY (SCALE 8-10)  5
DPTR FM NORMAL    76

[CDD (BASE 65) ]
TOTAL THIS MO.     0
DPTR FM NORMAL     0    [PRESSURE DATA]
TOTAL FM JAN 1     0    HIGHEST SLP M ON M
DPTR FM NORMAL    -1    LOWEST  SLP 29.60 ON  3

[REMARKS]
