000
CXUS56 KTFX 011205
CF6HLN
PRELIMINARY LOCAL CLIMATOLOGICAL DATA (WS FORM: F-6)

                                          STATION:   HELENA MT
                                          MONTH:     MARCH
                                          YEAR:      2015
                                          LATITUDE:   46 35 N
                                          LONGITUDE: 112  0 W

  TEMPERATURE IN F:       :PCPN:    SNOW:  WIND      :SUNSHINE: SKY     :PK WND
================================================================================
1   2   3   4   5  6A  6B    7    8   9   10  11  12  13   14  15   16   17  18
                                     12Z  AVG MX 2MIN
DY MAX MIN AVG DEP HDD CDD  WTR  SNW DPTH SPD SPD DIR MIN PSBL S-S WX    SPD DR
================================================================================

 1  35   6  21 -10  44   0 0.00  0.0    T  3.5 14 100   M    M   0        17 110
 2  36  18  27  -5  38   0    T    T    0  9.2 29 350   M    M   5 8      35 350
 3  24   6  15 -17  50   0    T    T    T  7.1 17 340   M    M   2 1      21 350
 4  39   3  21 -11  44   0 0.00  0.0    0  7.0 23 260   M    M   0        29 260
 5  47  30  39   6  26   0 0.00  0.0    0  8.2 21 270   M    M   2        27 280
 6  57  40  49  16  16   0 0.00  0.0    0 12.2 23 260   M    M   1        30 260
 7  61  34  48  15  17   0 0.00  0.0    0  5.0 20 290   M    M   2        26 270
 8  58  24  41   7  24   0 0.00  0.0    0  9.0 26 260   M    M   0        33 260
 9  62  37  50  16  15   0 0.00  0.0    0  9.7 26 240   M    M   0        33 250
10  68  29  49  15  16   0 0.00  0.0    0  4.6 21 250   M    M   0        26 250
11  60  33  47  12  18   0 0.00  0.0    0  4.5 25 250   M    M   3        31 260
12  60  37  49  14  16   0 0.00  0.0    0  9.5 22 310   M    M   4        30 310
13  64  27  46  11  19   0 0.00  0.0    0  4.0 13  90   M    M   0        17  80
14  72  34  53  17  12   0 0.00  0.0    0 10.5 30 240   M    M   1 8      41 280
15  67  50  59  23   6   0 0.00  0.0    0 11.3 36 220   M    M   5 8      51 210
16  65  35  50  14  15   0 0.00  0.0    0 12.0 23 290   M    M   8        28 290
17  42  32  37   0  28   0 0.13    T    T  3.0  9 270   M    M  10 1      10 300
18  51  38  45   8  20   0 0.00  0.0    0  9.6 26 300   M    M   6 1      33 310
19  60  37  49  12  16   0 0.00  0.0    0  7.4 20 260   M    M   0        26 260
20  69  34  52  14  13   0 0.00  0.0    0  4.6 16 290   M    M   0        19 290
21  62  37  50  12  15   0 0.00  0.0    0  6.4 31 280   M    M   1        38 270
22  62  36  49  11  16   0 0.00  0.0    0  6.9 17 250   M    M   2        20 260
23  51  34  43   4  22   0 0.02  0.0    0  6.6 24 260   M    M   4        33 260
24  47  31  39   0  26   0 0.00  0.0    0  7.2 18 270   M    M   6        24 290
25  51  31  41   2  24   0 0.00  0.0    0 11.3 25 270   M    M   7        30 260
26  62  46  54  14  11   0 0.00  0.0    0 12.3 29 280   M    M   8        39 280
27  76  41  59  19   6   0 0.00  0.0    0  5.4 24 290   M    M   0        30 290
28  61  39  50  10  15   0    T  0.0    0 18.8 41 280   M    M   4        57 280
29  63  38  51  11  14   0 0.00  0.0    0  7.8 24 270   M    M   3        30 280
30  70  39  55  14  10   0 0.00  0.0    0  3.9 14 100   M    M   1        18 120
31  75  37  56  15   9   0    T  0.0    0  9.3 38 280   M    M   3        46 280
================================================================================
SM 1777  993       621   0  0.15    T    247.8          M       88
================================================================================
AV 57.3 32.0                               8.0 FASTST   M    M   3    MAX(MPH)
                                 MISC ---->  # 41 280               # 57  280
================================================================================
NOTES:
# LAST OF SEVERAL OCCURRENCES

COLUMN 17 PEAK WIND IN M.P.H.

PRELIMINARY LOCAL CLIMATOLOGICAL DATA (WS FORM: F-6) , PAGE 2

                                          STATION:  HELENA MT
                                          MONTH:    MARCH
                                          YEAR:     2015
                                          LATITUDE:   46 35 N
                                          LONGITUDE: 112  0 W

[TEMPERATURE DATA]      [PRECIPITATION DATA]       SYMBOLS USED IN COLUMN 16

AVERAGE MONTHLY: 44.7   TOTAL FOR MONTH:   0.15    1 = FOG OR MIST
DPTR FM NORMAL:   8.4   DPTR FM NORMAL:   -0.44    2 = FOG REDUCING VISIBILITY
HIGHEST:    76 ON 27    GRTST 24HR  0.13 ON 17-17      TO 1/4 MILE OR LESS
LOWEST:      3 ON  4                               3 = THUNDER
                        SNOW, ICE PELLETS, HAIL    4 = ICE PELLETS
                        TOTAL MONTH:    T          5 = HAIL
                        GRTST 24HR    T  ON 17-17  6 = FREEZING RAIN OR DRIZZLE
                        GRTST DEPTH:   0           7 = DUSTSTORM OR SANDSTORM:
                                                       VSBY 1/2 MILE OR LESS
                                                   8 = SMOKE OR HAZE
[NO. OF DAYS WITH]      [WEATHER - DAYS WITH]      9 = BLOWING SNOW
                                                   X = TORNADO
MAX 32 OR BELOW:   1    0.01 INCH OR MORE:   2
MAX 90 OR ABOVE:   0    0.10 INCH OR MORE:   1
MIN 32 OR BELOW:  11    0.50 INCH OR MORE:   0
MIN  0 OR BELOW:   0    1.00 INCH OR MORE:   0

[HDD (BASE 65) ]
TOTAL THIS MO.   621    CLEAR  (SCALE 0-3)  20
DPTR FM NORMAL  -270    PTCLDY (SCALE 4-7)  10
TOTAL FM JUL 1  5629    CLOUDY (SCALE 8-10)  1
DPTR FM NORMAL  -823

[CDD (BASE 65) ]
TOTAL THIS MO.     0
DPTR FM NORMAL     0    [PRESSURE DATA]
TOTAL FM JAN 1     0    HIGHEST SLP 30.55 ON 13
DPTR FM NORMAL     0    LOWEST  SLP 29.57 ON 31

[REMARKS]
#FINAL-03-15#
