000
CXUS55 KSEW 270930
CF6HQM
PRELIMINARY LOCAL CLIMATOLOGICAL DATA (WS FORM: F-6)

                                          STATION:   HOQUIAM WA AIRPORT
                                          MONTH:     APRIL
                                          YEAR:      2015
                                          LATITUDE:   46 58 N
                                          LONGITUDE: 123 56 W

  TEMPERATURE IN F:       :PCPN:    SNOW:  WIND      :SUNSHINE: SKY     :PK WND
================================================================================
1   2   3   4   5  6A  6B    7    8   9   10  11  12  13   14  15   16   17  18
                                     12Z  AVG MX 2MIN
DY MAX MIN AVG DEP HDD CDD  WTR  SNW DPTH SPD SPD DIR MIN PSBL S-S WX    SPD DR
================================================================================

 1  53  40  47   0  18   0 0.09  0.0    0  6.9 18 260   M    M   4 1      24 260
 2  55  35  45  -2  20   0 0.00  0.0    0  5.6 14 240   M    M   2 1      17 240
 3  52  37  45  -2  20   0 0.28  0.0    0  7.6 21 260   M    M   3 1      23 260
 4  54  37  46  -2  19   0 0.00  0.0    0  8.0 21 210   M    M   3 1      23 220
 5  57  36  47  -1  18   0 0.05  0.0    0  7.9 20 150   M    M   4 1      24 140
 6  55  43  49   1  16   0 0.02  0.0    0  6.9 15 240   M    M   4 1      16 230
 7  59  43  51   3  14   0 0.02  0.0    0  7.2 17  50   M    M   8 1      21  40
 8  57  38  48   0  17   0 0.00  0.0    0  6.0 16 230   M    M   3 1      20 240
 9  60  35  48   0  17   0 0.00  0.0    0  6.0 15 260   M    M   0 1      19 260
10  54  37  46  -2  19   0 0.90  0.0    0 10.6 28 190   M    M   7 1      33 180
11  52  44  48   0  17   0 0.09  0.0    0 13.3 29 260   M    M   6 1      34 260
12  54  40  47  -1  18   0 0.20  0.0    0  5.5 17 270   M    M   6 1      20 270
13  50  40  45  -3  20   0 0.54  0.0    0  6.7 21 310   M    M   8 1      27 310
14  53  38  46  -2  19   0 0.27  0.0    0  8.4 33 270   M    M   2 1      38 270
15  55  33  44  -5  21   0 0.00  0.0    0  6.2 15 260   M    M   0 1      19 260
16  63  36  50   1  15   0 0.00  0.0    0  6.0 15 270   M    M   0 1      18 250
17  63  43  53   4  12   0 0.00  0.0    0  6.7 22 290   M    M   0 1      29 270
18  63  37  50   1  15   0 0.00  0.0    0  4.7 17 240   M    M   0 1      20 240
19  65  41  53   4  12   0 0.00  0.0    0  5.8 14 240   M    M   0 1      15 240
20  66  42  54   5  11   0 0.00  0.0    0  6.5 16 240   M    M   0 1      19 240
21  56  45  51   2  14   0 0.01  0.0    0 12.1 28 270   M    M   7 1      37 260
22  55  42  49   0  16   0 0.03  0.0    0  9.2 21 240   M    M   3 1      26 240
23  53  45  49  -1  16   0 0.29  0.0    0 10.4 23 250   M    M   7 1      30 150
24  55  44  50   0  15   0 0.12  0.0    0 10.7 23 210   M    M   5 1      27 210
25  56  35  46  -4  19   0 0.02  0.0    0  7.0 18 220   M    M   1 12     22 230
26  56  41  49  -1  16   0 0.12  0.0    0  8.5 18 130   M    M   8 1      22 120
================================================================================
SM 1471 1027       434   0  3.05     0.0 200.4          M       91
================================================================================
AV 56.6 39.5                               7.7 FASTST   M    M   4    MAX(MPH)
                                 MISC ---->  # 33 270               # 38  270
================================================================================
NOTES:
# LAST OF SEVERAL OCCURRENCES

COLUMN 17 PEAK WIND IN M.P.H.

PRELIMINARY LOCAL CLIMATOLOGICAL DATA (WS FORM: F-6) , PAGE 2

                                          STATION:  HOQUIAM WA AIRPORT
                                          MONTH:    APRIL
                                          YEAR:     2015
                                          LATITUDE:   46 58 N
                                          LONGITUDE: 123 56 W

[TEMPERATURE DATA]      [PRECIPITATION DATA]       SYMBOLS USED IN COLUMN 16

AVERAGE MONTHLY: 48.0   TOTAL FOR MONTH:   3.05    1 = FOG OR MIST
DPTR FM NORMAL:  -0.5   DPTR FM NORMAL:   -1.51    2 = FOG REDUCING VISIBILITY
HIGHEST:    66 ON 20    GRTST 24HR  0.94 ON 10-11      TO 1/4 MILE OR LESS
LOWEST:     33 ON 15                               3 = THUNDER
                        SNOW, ICE PELLETS, HAIL    4 = ICE PELLETS
                        TOTAL MONTH:   0.0 INCH    5 = HAIL
                        GRTST 24HR     0.0         6 = FREEZING RAIN OR DRIZZLE
                        GRTST DEPTH:   0           7 = DUSTSTORM OR SANDSTORM:
                                                       VSBY 1/2 MILE OR LESS
                                                   8 = SMOKE OR HAZE
[NO. OF DAYS WITH]      [WEATHER - DAYS WITH]      9 = BLOWING SNOW
                                                   X = TORNADO
MAX 32 OR BELOW:   0    0.01 INCH OR MORE:  16
MAX 90 OR ABOVE:   0    0.10 INCH OR MORE:   8
MIN 32 OR BELOW:   0    0.50 INCH OR MORE:   2
MIN  0 OR BELOW:   0    1.00 INCH OR MORE:   0

[HDD (BASE 65) ]
TOTAL THIS MO.   434    CLEAR  (SCALE 0-3)  13
DPTR FM NORMAL     5    PTCLDY (SCALE 4-7)  12
TOTAL FM JUL 1  3533    CLOUDY (SCALE 8-10)  1
DPTR FM NORMAL  -978

[CDD (BASE 65) ]
TOTAL THIS MO.     0
DPTR FM NORMAL     0    [PRESSURE DATA]
TOTAL FM JAN 1     0    HIGHEST SLP M ON M
DPTR FM NORMAL     0    LOWEST  SLP 29.66 ON  5

[REMARKS]
