000
CXUS53 KAPX 240631
CF6HTL
PRELIMINARY LOCAL CLIMATOLOGICAL DATA (WS FORM: F-6)

                                          STATION:   HOUGHTON LAKE MI
                                          MONTH:     APRIL
                                          YEAR:      2015
                                          LATITUDE:   44 22 N
                                          LONGITUDE:  84 41 W

  TEMPERATURE IN F:       :PCPN:    SNOW:  WIND      :SUNSHINE: SKY     :PK WND
================================================================================
1   2   3   4   5  6A  6B    7    8   9   10  11  12  13   14  15   16   17  18
                                     12Z  AVG MX 2MIN
DY MAX MIN AVG DEP HDD CDD  WTR  SNW DPTH SPD SPD DIR MIN PSBL S-S WX    SPD DR
================================================================================

 1  56  23  40   4  25   0 0.00  0.0    0  6.2 14 160   M    M   2        20 130
 2  58  36  47  11  18   0 0.11  0.0    0  7.9 21 220   M    M   3 1      27 220
 3  44  20  32  -5  33   0 0.00  0.0    0 10.0 21 320   M    M   2 1      28 310
 4  41  17  29  -8  36   0    T    T    0  6.9 17 240   M    M   3 18     25 250
 5  41  21  31  -7  34   0 0.12  1.0    1  3.9 12 130   M    M   8 1      14 130
 6  53  30  42   4  23   0 0.00  0.0    0  9.3 16  70   M    M   6 1      20  80
 7  51  30  41   2  24   0 0.01    T    0 12.0 21 100   M    M   7        26  80
 8  37  32  35  -4  30   0 0.15    T    0 12.2 18  80   M    M   9 16     24  70
 9  47  33  40   0  25   0 1.12  0.0    0  7.6 18 100   M    M  10 13     24 100
10  53  33  43   3  22   0 0.16    T    T 16.0 29 220   M    M   8 13     39 220
11  56  27  42   1  23   0 0.00  0.0    0  4.9 12 280   M    M   2 1      14 280
12  68  30  49   8  16   0 0.00  0.0    0  8.7 20 180   M    M   0        26 190
13  58  37  48   6  17   0 0.10  0.0    0 10.1 26 280   M    M   7 1      35 300
14  64  27  46   4  19   0 0.00  0.0    0  4.1 20 300   M    M   0        23 310
15  63  25  44   2  21   0 0.00  0.0    0  6.4 17  90   M    M   0        23  90
16  65  31  48   5  17   0 0.00  0.0    0  4.9 12 300   M    M   5        14 160
17  71  34  53  10  12   0 0.00  0.0    0  4.6 10 300   M    M   3 1       M  M
18  67  37  52   8  13   0 0.00  0.0    0  7.1 18  40   M    M   0        23  30
19  62  32  47   3  18   0 0.19  0.0    0 13.8 24 100   M    M   1        32 100
20  51  38  45   0  20   0 0.21  0.0    0 15.4 23 270   M    M  10        35 260
21  44  34  39  -6  26   0 0.07    T    0 13.9 24 250   M    M  10        34 260
22  36  26  31 -15  34   0 0.02    T    T 12.9 22 320   M    M  10        29 330
23  39  25  32 -14  33   0    T    T    T 11.4 20 320   M    M   7        29 310
================================================================================
SM 1225  678       539   0  2.26     1.0 210.2          M      113
================================================================================
AV 53.3 29.5                               9.1 FASTST   M    M   5    MAX(MPH)
                                 MISC ---->  # 29 220               # 39  220
================================================================================
NOTES:
# LAST OF SEVERAL OCCURRENCES

COLUMN 17 PEAK WIND IN M.P.H.

PRELIMINARY LOCAL CLIMATOLOGICAL DATA (WS FORM: F-6) , PAGE 2

                                          STATION:  HOUGHTON LAKE MI
                                          MONTH:    APRIL
                                          YEAR:     2015
                                          LATITUDE:   44 22 N
                                          LONGITUDE:  84 41 W

[TEMPERATURE DATA]      [PRECIPITATION DATA]       SYMBOLS USED IN COLUMN 16

AVERAGE MONTHLY: 41.4   TOTAL FOR MONTH:   2.26    1 = FOG OR MIST
DPTR FM NORMAL:   0.3   DPTR FM NORMAL:    0.33    2 = FOG REDUCING VISIBILITY
HIGHEST:    71 ON 17    GRTST 24HR  1.27 ON  9-10      TO 1/4 MILE OR LESS
LOWEST:     17 ON  4                               3 = THUNDER
                        SNOW, ICE PELLETS, HAIL    4 = ICE PELLETS
                        TOTAL MONTH:   1.0 INCH    5 = HAIL
                        GRTST 24HR   1.0 ON  5- 5  6 = FREEZING RAIN OR DRIZZLE
                        GRTST DEPTH:   1 ON  5     7 = DUSTSTORM OR SANDSTORM:
                                                       VSBY 1/2 MILE OR LESS
                                                   8 = SMOKE OR HAZE
[NO. OF DAYS WITH]      [WEATHER - DAYS WITH]      9 = BLOWING SNOW
                                                   X = TORNADO
MAX 32 OR BELOW:   0    0.01 INCH OR MORE:  11
MAX 90 OR ABOVE:   0    0.10 INCH OR MORE:   8
MIN 32 OR BELOW:  15    0.50 INCH OR MORE:   1
MIN  0 OR BELOW:   0    1.00 INCH OR MORE:   1

[HDD (BASE 65) ]
TOTAL THIS MO.   539    CLEAR  (SCALE 0-3)  11
DPTR FM NORMAL   -13    PTCLDY (SCALE 4-7)   6
TOTAL FM JUL 1  8073    CLOUDY (SCALE 8-10)  6
DPTR FM NORMAL   536

[CDD (BASE 65) ]
TOTAL THIS MO.     0
DPTR FM NORMAL     0    [PRESSURE DATA]
TOTAL FM JAN 1     0    HIGHEST SLP M ON M
DPTR FM NORMAL     0    LOWEST  SLP 29.08 ON 20

[REMARKS]
