000
CXUS55 KCTP 251131
CF6JST
PRELIMINARY LOCAL CLIMATOLOGICAL DATA (WS FORM: F-6)

                                          STATION:   JOHNSTOWN
                                          MONTH:     APRIL
                                          YEAR:      2015
                                          LATITUDE:   40 18 N
                                          LONGITUDE:  78 50 W

  TEMPERATURE IN F:       :PCPN:    SNOW:  WIND      :SUNSHINE: SKY     :PK WND
================================================================================
1   2   3   4   5  6A  6B    7    8   9   10  11  12  13   14  15   16   17  18
                                     12Z  AVG MX 2MIN
DY MAX MIN AVG DEP HDD CDD  WTR  SNW DPTH SPD SPD DIR MIN PSBL S-S WX    SPD DR
================================================================================

 1  49  26  38  -4  27   0 0.00    M    M  7.8 17 310   M    M   2        22 320
 2  69  37  53  11  12   0 0.16    M    M 10.6 29 250   M    M   5        38 250
 3  58  41  50   8  15   0 0.17    M    M 10.5 26 340   M    M  10 1      32 340
 4  44  29  37  -6  28   0 0.06    M    M 17.2 30 300   M    M   5 1      37 300
 5  57  38  48   5  17   0 0.00    M    M 14.4 26 260   M    M   2        41 270
 6  68  42  55  11  10   0    T    M    M  9.2 21 240   M    M   5        28 220
 7  63  51  57  13   8   0 0.13    M    M  5.9 13 210   M    M   9 1      15 210
 8  52  43  48   4  17   0 0.25    M    M  7.5 26 170   M    M  10 12     35 170
 9  55  42  49   4  16   0 0.24  0.0    M  9.7 17 140   M    M   9 123    23 160
10  65  42  54   9  11   0 0.67  0.0    M 14.6 30 280   M    M   6 13     47 270
11  50  37  44  -2  21   0 0.02    M    M 15.6 28 300   M    M   4 1      36 260
12  64  34  49   3  16   0 0.00  0.0    M  7.2 15 160   M    M   0        21 140
13  78  52  65  19   0   0 0.07  0.0    M 10.4 22 160   M    M   4 1      32 220
14  58  48  53   6  12   0 0.10    M    M  6.5 15 340   M    M   6 12     18 330
15  62  41  52   5  13   0 0.00    M    M  6.3 13  50   M    M   0        18  30
16  61  44  53   5  12   0 0.18    M    M 13.2 26 170   M    M   5 1      34 180
17  63  50  57   9   8   0 0.06    M    M  7.7 16 280   M    M   7 1      21 270
18  73  47  60  12   5   0 0.00    M    M  7.8 18 320   M    M   0        24 290
19  63  44  54   5  11   0 0.21    M    0 12.4 23 120   M    M   3 1      34 120
20  69  44  57   8   8   0 0.59    M    M 12.3 29 250   M    M   9 13     41 240
21  53  41  47  -2  18   0 0.01    M    M 14.4 28 230   M    M   8        38 270
22  45  31  38 -12  27   0 0.38    M    M 12.6 26 280   M    M  10 1      35 280
23  38  29  34 -16  31   0    T    M    M 16.7 28 290   M    M  10        41 270
24  49  28  39 -12  26   0 0.00    M    M 15.0 28 280   M    M   4        37 270
================================================================================
SM 1406  961       369   0  3.30     0.0 265.5          M      133
================================================================================
AV 58.6 40.0                              11.1 FASTST   M    M   6    MAX(MPH)
                                 MISC ---->  # 30 300               # 47  270
================================================================================
NOTES:
# LAST OF SEVERAL OCCURRENCES

COLUMN 17 PEAK WIND IN M.P.H.

PRELIMINARY LOCAL CLIMATOLOGICAL DATA (WS FORM: F-6) , PAGE 2

                                          STATION:  JOHNSTOWN
                                          MONTH:    APRIL
                                          YEAR:     2015
                                          LATITUDE:   40 18 N
                                          LONGITUDE:  78 50 W

[TEMPERATURE DATA]      [PRECIPITATION DATA]       SYMBOLS USED IN COLUMN 16

AVERAGE MONTHLY: 49.3   TOTAL FOR MONTH:   3.30    1 = FOG OR MIST
DPTR FM NORMAL:   3.1   DPTR FM NORMAL:    0.39    2 = FOG REDUCING VISIBILITY
HIGHEST:    78 ON 13    GRTST 24HR  0.91 ON  9-10      TO 1/4 MILE OR LESS
LOWEST:     26 ON  1                               3 = THUNDER
                        SNOW, ICE PELLETS, HAIL    4 = ICE PELLETS
                        TOTAL MONTH:   0.0 INCH    5 = HAIL
                        GRTST 24HR     0.0         6 = FREEZING RAIN OR DRIZZLE
                        GRTST DEPTH:   0           7 = DUSTSTORM OR SANDSTORM:
                                                       VSBY 1/2 MILE OR LESS
                                                   8 = SMOKE OR HAZE
[NO. OF DAYS WITH]      [WEATHER - DAYS WITH]      9 = BLOWING SNOW
                                                   X = TORNADO
MAX 32 OR BELOW:   0    0.01 INCH OR MORE:  16
MAX 90 OR ABOVE:   0    0.10 INCH OR MORE:  11
MIN 32 OR BELOW:   5    0.50 INCH OR MORE:   2
MIN  0 OR BELOW:   0    1.00 INCH OR MORE:   0

[HDD (BASE 65) ]
TOTAL THIS MO.   369    CLEAR  (SCALE 0-3)   5
DPTR FM NORMAL   -88    PTCLDY (SCALE 4-7)  12
TOTAL FM JUL 1  6539    CLOUDY (SCALE 8-10)  7
DPTR FM NORMAL   290

[CDD (BASE 65) ]
TOTAL THIS MO.     0
DPTR FM NORMAL     0    [PRESSURE DATA]
TOTAL FM JAN 1     0    HIGHEST SLP M ON M
DPTR FM NORMAL     0    LOWEST  SLP 29.46 ON 20

[REMARKS]
