000
CXUS53 KLMK 180800
CF6LEX
PRELIMINARY LOCAL CLIMATOLOGICAL DATA (WS FORM: F-6)

                                          STATION:   LEXINGTON KY
                                          MONTH:     APRIL
                                          YEAR:      2015
                                          LATITUDE:   38  1 N
                                          LONGITUDE:  84 36 W

  TEMPERATURE IN F:       :PCPN:    SNOW:  WIND      :SUNSHINE: SKY     :PK WND
================================================================================
1   2   3   4   5  6A  6B    7    8   9   10  11  12  13   14  15   16   17  18
                                     12Z  AVG MX 2MIN
DY MAX MIN AVG DEP HDD CDD  WTR  SNW DPTH SPD SPD DIR MIN PSBL S-S WX    SPD DR
================================================================================

 1  66  34  50  -1  15   0 0.00  0.0    0  6.1 13 110   M    M   0 18     18 120
 2  72  52  62  11   3   0 1.23  0.0    0 14.0 36 280   M    M   3 13     47 280
 3  68  46  57   6   8   0 5.17  0.0    0 10.4 29 350   M    M   9 13     36 340
 4  54  35  45  -7  20   0 0.00  0.0    0  7.7 18 350   M    M   1        25 340
 5  63  34  49  -3  16   0 0.00  0.0    0  7.1 16 200   M    M   0        19 200
 6  69  49  59   7   6   0 0.00  0.0    0 11.4 23 190   M    M   7        27 190
 7  71  56  64  11   1   0 0.75  0.0    0  9.7 25 320   M    M   9 13     33 310
 8  78  56  67  14   0   2 0.36  0.0    0 10.3 21 270   M    M   4 13     30 260
 9  82  62  72  19   0   7    T  0.0    0 14.2 29 200   M    M   2        35 210
10  73  47  60   6   5   0 1.22  0.0    0 13.5 31 210   M    M   4 13     39 260
11  63  40  52  -2  13   0 0.00  0.0    0  6.7 14  50   M    M   0        18  60
12  75  42  59   5   6   0 0.00  0.0    0  6.7 14  70   M    M   0        17  70
13  77  58  68  14   0   3 0.27  0.0    0  9.5 21 200   M    M   5 1      27 210
14  64  52  58   3   7   0 1.05  0.0    0 13.9 24  40   M    M  10 1      33  40
15  60  52  56   1   9   0    T  0.0    0 11.5 22  60   M    M  10        26  60
16  71  56  64   8   1   0 0.04  0.0    0 10.1 18 220   M    M   7 3      24 220
17  73  57  65   9   0   0 0.00  0.0    0  3.7 10 210   M    M   5 1      13 200
================================================================================
SM 1179  828       110  12 10.09     0.0 166.5          M       76
================================================================================
AV 69.4 48.7                               9.8 FASTST   M    M   4    MAX(MPH)
                                 MISC ---->  # 36 280               # 47  280
================================================================================
NOTES:
# LAST OF SEVERAL OCCURRENCES

COLUMN 17 PEAK WIND IN M.P.H.

PRELIMINARY LOCAL CLIMATOLOGICAL DATA (WS FORM: F-6) , PAGE 2

                                          STATION:  LEXINGTON KY
                                          MONTH:    APRIL
                                          YEAR:     2015
                                          LATITUDE:   38  1 N
                                          LONGITUDE:  84 36 W

[TEMPERATURE DATA]      [PRECIPITATION DATA]       SYMBOLS USED IN COLUMN 16

AVERAGE MONTHLY: 59.0   TOTAL FOR MONTH:  10.09    1 = FOG OR MIST
DPTR FM NORMAL:   5.7   DPTR FM NORMAL:    8.18    2 = FOG REDUCING VISIBILITY
HIGHEST:    82 ON  9    GRTST 24HR  5.17 ON  3- 3      TO 1/4 MILE OR LESS
LOWEST:     34 ON  5, 1                            3 = THUNDER
                        SNOW, ICE PELLETS, HAIL    4 = ICE PELLETS
                        TOTAL MONTH:   0.0 INCH    5 = HAIL
                        GRTST 24HR     0.0         6 = FREEZING RAIN OR DRIZZLE
                        GRTST DEPTH:   0           7 = DUSTSTORM OR SANDSTORM:
                                                       VSBY 1/2 MILE OR LESS
                                                   8 = SMOKE OR HAZE
[NO. OF DAYS WITH]      [WEATHER - DAYS WITH]      9 = BLOWING SNOW
                                                   X = TORNADO
MAX 32 OR BELOW:   0    0.01 INCH OR MORE:   8
MAX 90 OR ABOVE:   0    0.10 INCH OR MORE:   7
MIN 32 OR BELOW:   0    0.50 INCH OR MORE:   5
MIN  0 OR BELOW:   0    1.00 INCH OR MORE:   4

[HDD (BASE 65) ]
TOTAL THIS MO.   110    CLEAR  (SCALE 0-3)   7
DPTR FM NORMAL   -98    PTCLDY (SCALE 4-7)   6
TOTAL FM JUL 1  4737    CLOUDY (SCALE 8-10)  4
DPTR FM NORMAL   353

[CDD (BASE 65) ]
TOTAL THIS MO.    12
DPTR FM NORMAL     4    [PRESSURE DATA]
TOTAL FM JAN 1    12    HIGHEST SLP M ON M
DPTR FM NORMAL     2    LOWEST  SLP 29.72 ON  3

[REMARKS]
