000
CXUS54 KFWD 210730
CF6LHB
PRELIMINARY LOCAL CLIMATOLOGICAL DATA (WS FORM: F-6)

                                          STATION:   HEARNE
                                          MONTH:     APRIL
                                          YEAR:      2015
                                          LATITUDE:   30 52 N
                                          LONGITUDE:  96 36 W

  TEMPERATURE IN F:       :PCPN:    SNOW:  WIND      :SUNSHINE: SKY     :PK WND
================================================================================
1   2   3   4   5  6A  6B    7    8   9   10  11  12  13   14  15   16   17  18
                                     12Z  AVG MX 2MIN
DY MAX MIN AVG DEP HDD CDD  WTR  SNW DPTH SPD SPD DIR MIN PSBL S-S WX    SPD DR
================================================================================

 1  80  67  74   M   0   9 0.02  0.0    0  8.2 17 160   M    M   8 3      23 140
 2  83  65  74   M   0   9 0.00  0.0    0  9.2 16 150   M    M   7        23 190
 3  84  64  74   M   0   9 0.00  0.0    0 10.0 17 350   M    M   8        25 340
 4  72  55  64   M   1   0    T  0.0    0  7.9 17 350   M    M   8 3      24 360
 5  63  55  59   M   6   0 0.45  0.0    0  5.0 10  50   M    M  10 13     17  50
 6  82  63  73   M   0   8 0.00  0.0    0 11.0 22 160   M    M   4 1      29 160
 7  85  66  76   M   0  11 0.00  0.0    0 10.6 16 150   M    M   5        23 150
 8  81  69  75   M   0  10 0.00  0.0    0 11.0 18 160   M    M   7        27 150
 9  84  67  76   M   0  11 0.00  0.0    0 11.2 22 170   M    M   7        27 150
10  73  53  63   M   2   0 0.00  0.0    0  7.1 13 340   M    M   4        21  10
11  76  55  66   M   0   1 0.31  0.0    0  3.5  9 130   M    M   9 1       M  M
12  81  66  74   M   0   9 0.04  0.0    0  5.6 13 140   M    M   9 1      17 140
13  82  64  73   M   0   8 0.60  0.0    0  5.6 15 150   M    M   5 3      22 150
14  69  53  61   M   4   0 0.00  0.0    0  6.9 15 310   M    M   6        21 310
15  77  49  63   M   2   0 0.00  0.0    0  2.1  8 130   M    M   2 12      M  M
16  83  63  73   M   0   8 0.86  0.0    0  4.3 10 120   M    M   6 13      M  M
17  76  64  70   M   0   5 0.37  0.0    0  4.7 10  90   M    M   8 3      18  90
18  78  60  69   M   0   4 0.60  0.0    0  2.8 13 290   M    M   8 13     17 290
19  85  55  70   M   0   5 0.00  0.0    0  6.4 13 300   M    M   4 13     21 250
20  71  49  60   M   5   0 0.00  0.0    0  7.2 18 330   M    M   1        24 330
================================================================================
SM 1565 1202        20 107  3.25     0.0 140.3          M      126
================================================================================
AV 78.2 60.1                               7.0 FASTST   M    M   6    MAX(MPH)
                                 MISC ---->    22   M                 29    M
================================================================================
NOTES:
# LAST OF SEVERAL OCCURRENCES

COLUMN 17 PEAK WIND IN M.P.H.

PRELIMINARY LOCAL CLIMATOLOGICAL DATA (WS FORM: F-6) , PAGE 2

                                          STATION:  HEARNE
                                          MONTH:    APRIL
                                          YEAR:     2015
                                          LATITUDE:   30 52 N
                                          LONGITUDE:  96 36 W

[TEMPERATURE DATA]      [PRECIPITATION DATA]       SYMBOLS USED IN COLUMN 16

AVERAGE MONTHLY: 69.2   TOTAL FOR MONTH:   3.25    1 = FOG OR MIST
DPTR FM NORMAL:     M   DPTR FM NORMAL:       M    2 = FOG REDUCING VISIBILITY
HIGHEST:    85 ON 19, 7 GRTST 24HR  0.86 ON 16-16      TO 1/4 MILE OR LESS
LOWEST:     49 ON 20,15                            3 = THUNDER
                        SNOW, ICE PELLETS, HAIL    4 = ICE PELLETS
                        TOTAL MONTH:   0.0 INCH    5 = HAIL
                        GRTST 24HR     0.0         6 = FREEZING RAIN OR DRIZZLE
                        GRTST DEPTH:   0           7 = DUSTSTORM OR SANDSTORM:
                                                       VSBY 1/2 MILE OR LESS
                                                   8 = SMOKE OR HAZE
[NO. OF DAYS WITH]      [WEATHER - DAYS WITH]      9 = BLOWING SNOW
                                                   X = TORNADO
MAX 32 OR BELOW:   0    0.01 INCH OR MORE:   8
MAX 90 OR ABOVE:   0    0.10 INCH OR MORE:   6
MIN 32 OR BELOW:   0    0.50 INCH OR MORE:   3
MIN  0 OR BELOW:   0    1.00 INCH OR MORE:   0

[HDD (BASE 65) ]
TOTAL THIS MO.    20    CLEAR  (SCALE 0-3)   2
DPTR FM NORMAL     M    PTCLDY (SCALE 4-7)  14
TOTAL FM JUL 1  2016    CLOUDY (SCALE 8-10)  4
DPTR FM NORMAL     M

[CDD (BASE 65) ]
TOTAL THIS MO.   107
DPTR FM NORMAL     M    [PRESSURE DATA]
TOTAL FM JAN 1   148    HIGHEST SLP M ON M
DPTR FM NORMAL     M    LOWEST  SLP M ON M

[REMARKS]
