000
CXUS53 KTOP 190200
CF6LWC
PRELIMINARY LOCAL CLIMATOLOGICAL DATA (WS FORM: F-6)

                                          STATION:   Lawrence KS
                                          MONTH:     APRIL
                                          YEAR:      2015
                                          LATITUDE:   39  0 N
                                          LONGITUDE:  95 13 W

  TEMPERATURE IN F:       :PCPN:    SNOW:  WIND      :SUNSHINE: SKY     :PK WND
================================================================================
1   2   3   4   5  6A  6B    7    8   9   10  11  12  13   14  15   16   17  18
                                     12Z  AVG MX 2MIN
DY MAX MIN AVG DEP HDD CDD  WTR  SNW DPTH SPD SPD DIR MIN PSBL S-S WX    SPD DR
================================================================================

 1  82  43  63  13   2   0 0.00    M    M 13.7 29 150   M    M   0        36 160
 2  71  54  63  12   2   0 0.49    M    M 10.7 23  30   M    M   5 13     32 340
 3  58  28  43  -8  22   0 0.08    M    M 15.3 31 350   M    M   5 3      38 360
 4  64  24  44  -7  21   0 0.00    M    M  7.6 20 210   M    M   0        30 190
 5  65  38  52   0  13   0 0.00    M    M 12.0 26 170   M    M   4 1      32 170
 6  69  49  59   7   6   0 0.00    M    M  9.6 17 170   M    M   9 1      21 190
 7  88  52  70  18   0   5 0.00    M    M 11.8 24 330   M    M   7 18     30 330
 8  79  50  65  12   0   0    T    M    M 10.5 25 200   M    M   7 18     36 200
 9  77  39  58   5   7   0 0.01    M    M 18.3 33 290   M    M   6 3      40 290
10  70  32  51  -2  14   0 0.00    M    M  7.3 20 270   M    M   0        25 290
11  73  40  57   3   8   0 0.00    M    M  8.5 22 170   M    M   2        27 170
12  70  51  61   7   4   0 0.75    M    M 12.3 33 130   M    M   8 13     42 320
13  65  48  57   3   8   0 0.29    M    M  9.2 21  10   M    M   1 13     26  10
14  71  45  58   4   7   0 0.00    M    M  8.3 21 110   M    M   2        23 110
15  60  50  55   0  10   0    T    M    M 10.6 22 130   M    M  10        29 120
16  77  52  65  10   0   0 0.00    M    M  4.7 12 170   M    M   5 1      15 140
17  76  51  64   9   1   0 0.06    M    M  4.6 23 130   M    M   3 1      28 150
================================================================================
SM 1215  746       125   5  1.68    M    175.0          M       74
================================================================================
AV 71.5 43.9                              10.3 FASTST   M    M   4    MAX(MPH)
                                 MISC ---->  # 33 290               # 42  320
================================================================================
NOTES:
# LAST OF SEVERAL OCCURRENCES

COLUMN 17 PEAK WIND IN M.P.H.

PRELIMINARY LOCAL CLIMATOLOGICAL DATA (WS FORM: F-6) , PAGE 2

                                          STATION:  Lawrence KS
                                          MONTH:    APRIL
                                          YEAR:     2015
                                          LATITUDE:   39  0 N
                                          LONGITUDE:  95 13 W

[TEMPERATURE DATA]      [PRECIPITATION DATA]       SYMBOLS USED IN COLUMN 16

AVERAGE MONTHLY: 57.7   TOTAL FOR MONTH:   1.68    1 = FOG OR MIST
DPTR FM NORMAL:   4.8   DPTR FM NORMAL:   -0.15    2 = FOG REDUCING VISIBILITY
HIGHEST:    88 ON  7    GRTST 24HR  1.02 ON 12-13      TO 1/4 MILE OR LESS
LOWEST:     24 ON  4                               3 = THUNDER
                        SNOW, ICE PELLETS, HAIL    4 = ICE PELLETS
                        TOTAL MONTH:    M          5 = HAIL
                        GRTST 24HR    M  ON   M    6 = FREEZING RAIN OR DRIZZLE
                        GRTST DEPTH:  M  ON   M    7 = DUSTSTORM OR SANDSTORM:
                                                       VSBY 1/2 MILE OR LESS
                                                   8 = SMOKE OR HAZE
[NO. OF DAYS WITH]      [WEATHER - DAYS WITH]      9 = BLOWING SNOW
                                                   X = TORNADO
MAX 32 OR BELOW:   0    0.01 INCH OR MORE:   6
MAX 90 OR ABOVE:   0    0.10 INCH OR MORE:   3
MIN 32 OR BELOW:   3    0.50 INCH OR MORE:   1
MIN  0 OR BELOW:   0    1.00 INCH OR MORE:   0

[HDD (BASE 65) ]
TOTAL THIS MO.   125    CLEAR  (SCALE 0-3)   6
DPTR FM NORMAL   -91    PTCLDY (SCALE 4-7)   8
TOTAL FM JUL 1  5006    CLOUDY (SCALE 8-10)  3
DPTR FM NORMAL   134

[CDD (BASE 65) ]
TOTAL THIS MO.     5
DPTR FM NORMAL    -5    [PRESSURE DATA]
TOTAL FM JAN 1     5    HIGHEST SLP M ON M
DPTR FM NORMAL    -8    LOWEST  SLP 29.51 ON  9

[REMARKS]
