000
CXUS56 KMFR 201000
CF6MFR
PRELIMINARY LOCAL CLIMATOLOGICAL DATA (WS FORM: F-6)

                                          STATION:   MEDFORD OR
                                          MONTH:     APRIL
                                          YEAR:      2015
                                          LATITUDE:   42 22 N
                                          LONGITUDE: 122 52 W

  TEMPERATURE IN F:       :PCPN:    SNOW:  WIND      :SUNSHINE: SKY     :PK WND
================================================================================
1   2   3   4   5  6A  6B    7    8   9   10  11  12  13   14  15   16   17  18
                                     12Z  AVG MX 2MIN
DY MAX MIN AVG DEP HDD CDD  WTR  SNW DPTH SPD SPD DIR MIN PSBL S-S WX    SPD DR
================================================================================

 1  59  35  47  -3  18   0    T  0.0    0  5.6 21 340   M    M   5        26 350
 2  61  32  47  -3  18   0 0.00  0.0    0  2.6  9 310   M    M   1        13 320
 3  61  33  47  -4  18   0    T  0.0    0  5.3 14 320   M    M   2        19 320
 4  59  43  51   0  14   0 0.01  0.0    0  4.4 13 300   M    M   7        20  40
 5  55  38  47  -4  18   0    T  0.0    0  5.9 23 210   M    M   7 8      32 220
 6  56  36  46  -5  19   0 0.00  0.0    0  5.7 21 150   M    M   8        25 150
 7  49  42  46  -5  19   0 0.15  0.0    0  5.1 15 230   M    M  10 1      19 230
 8  59  38  49  -2  16   0    T  0.0    0  3.6  9  10   M    M   6        12  30
 9  68  35  52   0  13   0 0.00  0.0    0  3.2 10 280   M    M   0        17 320
10  69  37  53   1  12   0 0.00  0.0    0  5.1 21 300   M    M   1        26 320
11  54  38  46  -6  19   0 0.10  0.0    0  3.1 16  10   M    M   8 18     19  20
12  70  34  52   0  13   0 0.00  0.0    0  2.4 10 180   M    M   3 1      13 180
13  68  37  53   1  12   0 0.13  0.0    0  5.9 31 300   M    M   6        40 310
14  54  39  47  -5  18   0 0.03  0.0    0  3.4 17  10   M    M   6        20  10
15  64  34  49  -4  16   0 0.00  0.0    0  4.1 12 360   M    M   2        15 350
16  79  36  58   5   7   0 0.00  0.0    0  1.8  8 200   M    M   0        11 350
17  82  42  62   9   3   0 0.00  0.0    0  4.3 16 350   M    M   0        21 330
18  82  43  63  10   2   0 0.00  0.0    0  2.4 12 350   M    M   0        14 350
19  85  43  64  11   1   0 0.00  0.0    0  2.3  9  10   M    M   0        11  10
================================================================================
SM 1234  715       256   0  0.42     0.0  76.2          M       72
================================================================================
AV 64.9 37.6                               4.0 FASTST   M    M   4    MAX(MPH)
                                 MISC ---->  # 31 300               # 40  310
================================================================================
NOTES:
# LAST OF SEVERAL OCCURRENCES

COLUMN 17 PEAK WIND IN M.P.H.

PRELIMINARY LOCAL CLIMATOLOGICAL DATA (WS FORM: F-6) , PAGE 2

                                          STATION:  MEDFORD OR
                                          MONTH:    APRIL
                                          YEAR:     2015
                                          LATITUDE:   42 22 N
                                          LONGITUDE: 122 52 W

[TEMPERATURE DATA]      [PRECIPITATION DATA]       SYMBOLS USED IN COLUMN 16

AVERAGE MONTHLY: 51.3   TOTAL FOR MONTH:   0.42    1 = FOG OR MIST
DPTR FM NORMAL:  -0.4   DPTR FM NORMAL:   -0.47    2 = FOG REDUCING VISIBILITY
HIGHEST:    85 ON 19    GRTST 24HR  0.16 ON 13-14      TO 1/4 MILE OR LESS
LOWEST:     32 ON  2                               3 = THUNDER
                        SNOW, ICE PELLETS, HAIL    4 = ICE PELLETS
                        TOTAL MONTH:   0.0 INCH    5 = HAIL
                        GRTST 24HR     0.0         6 = FREEZING RAIN OR DRIZZLE
                        GRTST DEPTH:   0           7 = DUSTSTORM OR SANDSTORM:
                                                       VSBY 1/2 MILE OR LESS
                                                   8 = SMOKE OR HAZE
[NO. OF DAYS WITH]      [WEATHER - DAYS WITH]      9 = BLOWING SNOW
                                                   X = TORNADO
MAX 32 OR BELOW:   0    0.01 INCH OR MORE:   5
MAX 90 OR ABOVE:   0    0.10 INCH OR MORE:   3
MIN 32 OR BELOW:   1    0.50 INCH OR MORE:   0
MIN  0 OR BELOW:   0    1.00 INCH OR MORE:   0

[HDD (BASE 65) ]
TOTAL THIS MO.   256    CLEAR  (SCALE 0-3)   9
DPTR FM NORMAL     4    PTCLDY (SCALE 4-7)   7
TOTAL FM JUL 1  3051    CLOUDY (SCALE 8-10)  3
DPTR FM NORMAL  -833

[CDD (BASE 65) ]
TOTAL THIS MO.     0
DPTR FM NORMAL     0    [PRESSURE DATA]
TOTAL FM JAN 1     0    HIGHEST SLP M ON M
DPTR FM NORMAL     0    LOWEST  SLP 29.68 ON  7

[REMARKS]
