000
CXUS54 KMAF 271100
CF6ODO
PRELIMINARY LOCAL CLIMATOLOGICAL DATA (WS FORM: F-6)

                                          STATION:   Odessa Schleymeyer
                                          MONTH:     APRIL
                                          YEAR:      2015
                                          LATITUDE:   31 55 N
                                          LONGITUDE: 102 23 W

  TEMPERATURE IN F:       :PCPN:    SNOW:  WIND      :SUNSHINE: SKY     :PK WND
================================================================================
1   2   3   4   5  6A  6B    7    8   9   10  11  12  13   14  15   16   17  18
                                     12Z  AVG MX 2MIN
DY MAX MIN AVG DEP HDD CDD  WTR  SNW DPTH SPD SPD DIR MIN PSBL S-S WX    SPD DR
================================================================================

 1  85  58  72  11   0   7 0.00  0.0    0 12.4 22 190   M    M   1 8      29 190
 2  88  58  73  11   0   8 0.00  0.0    0 12.4 30 220   M    M   0 18     38 250
 3  70  49  60  -2   5   0 0.00  0.0    0 16.3 30  30   M    M   1 8      38  20
 4  60  47  54  -8  11   0 0.00  0.0    0 13.3 22  70   M    M   6        26  80
 5  83  50  67   5   0   2    T  0.0    0  9.8 22 250   M    M   1 3      26 250
 6  87  60  74  12   0   9    T  0.0    0 13.2 21 170   M    M   0 138    26 160
 7  91  62  77  14   0  12 0.00  0.0    0 12.3 24 250   M    M   3 18     32 250
 8  90  64  77  14   0  12 0.05  0.0    0 14.7 29 230   M    M   1 138    42 250
 9  81  61  71   8   0   6 0.00  0.0    0 11.1 23  20   M    M   0 18     28  20
10  75  51  63  -1   2   0 0.00  0.0    0 14.5 22  80   M    M   0        27 120
11  83  59  71   7   0   6    T  0.0    0 11.6 22 160   M    M   0        27 150
12  83  58  71   7   0   6 0.72  0.0    0 11.9 32 220   M    M   1 138    43 230
13  68  51  60  -4   5   0 0.04  0.0    0 13.6 30  20   M    M   7 1      37  20
14  65  48  57  -8   8   0 0.00  0.0    0  8.0 22  40   M    M   7        27  50
15  80  47  64  -1   1   0 0.00  0.0    0 11.8 26 180   M    M   0        32 170
16  81  58  70   5   0   5    T  0.0    0 13.3 26 200   M    M   1 3      33 200
17  79  52  66   0   0   1 0.00  0.0    0  8.1 18 310   M    M   1 1      22 310
18  80  50  65  -1   0   0 0.00  0.0    0 11.4 26 240   M    M   1        32 250
19  77  50  64  -2   1   0 0.00  0.0    0 12.7 24 360   M    M   0        33  10
20  73  44  59  -7   6   0 0.00  0.0    0 11.9 20 100   M    M   0        30 180
21  84  45  65  -2   0   0 0.00  0.0    0  9.0 20 180   M    M   0        25 180
22  88  62  75   8   0  10    T  0.0    0 11.4 22 180   M    M   3        29 180
23  78  57  68   1   0   3    T  0.0    0 11.8 26 220   M    M   2 8      37 230
24  82  60  71   3   0   6 0.16  0.0    0 15.0 35 280   M    M   4 3      48 270
25  83  55  69   1   0   4 0.00  0.0    0 12.9 28 250   M    M   0        35 240
26  85  54  70   2   0   5 0.00  0.0    0 11.9 32 320   M    M   0        41 320
================================================================================
SM 2079 1410        39 102  0.97     0.0 316.3          M       40
================================================================================
AV 80.0 54.2                              12.2 FASTST   M    M   2    MAX(MPH)
                                 MISC ---->  # 35 280               # 48  270
================================================================================
NOTES:
# LAST OF SEVERAL OCCURRENCES

COLUMN 17 PEAK WIND IN M.P.H.

PRELIMINARY LOCAL CLIMATOLOGICAL DATA (WS FORM: F-6) , PAGE 2

                                          STATION:  Odessa Schleymeyer
                                          MONTH:    APRIL
                                          YEAR:     2015
                                          LATITUDE:   31 55 N
                                          LONGITUDE: 102 23 W

[TEMPERATURE DATA]      [PRECIPITATION DATA]       SYMBOLS USED IN COLUMN 16

AVERAGE MONTHLY: 67.1   TOTAL FOR MONTH:   0.97    1 = FOG OR MIST
DPTR FM NORMAL:   2.5   DPTR FM NORMAL:    0.27    2 = FOG REDUCING VISIBILITY
HIGHEST:    91 ON  7    GRTST 24HR  0.72 ON 12-12      TO 1/4 MILE OR LESS
LOWEST:     44 ON 20                               3 = THUNDER
                        SNOW, ICE PELLETS, HAIL    4 = ICE PELLETS
                        TOTAL MONTH:   0.0 INCH    5 = HAIL
                        GRTST 24HR     0.0         6 = FREEZING RAIN OR DRIZZLE
                        GRTST DEPTH:   0           7 = DUSTSTORM OR SANDSTORM:
                                                       VSBY 1/2 MILE OR LESS
                                                   8 = SMOKE OR HAZE
[NO. OF DAYS WITH]      [WEATHER - DAYS WITH]      9 = BLOWING SNOW
                                                   X = TORNADO
MAX 32 OR BELOW:   0    0.01 INCH OR MORE:   4
MAX 90 OR ABOVE:   2    0.10 INCH OR MORE:   2
MIN 32 OR BELOW:   0    0.50 INCH OR MORE:   1
MIN  0 OR BELOW:   0    1.00 INCH OR MORE:   0

[HDD (BASE 65) ]
TOTAL THIS MO.    39    CLEAR  (SCALE 0-3)  22
DPTR FM NORMAL   -53    PTCLDY (SCALE 4-7)   4
TOTAL FM JUL 1  2570    CLOUDY (SCALE 8-10)  0
DPTR FM NORMAL   103

[CDD (BASE 65) ]
TOTAL THIS MO.   102
DPTR FM NORMAL    21    [PRESSURE DATA]
TOTAL FM JAN 1   126    HIGHEST SLP M ON M
DPTR FM NORMAL    18    LOWEST  SLP 29.45 ON 26

[REMARKS]
