000
CXHW52 PHFO 011250
CF6OGG
PRELIMINARY LOCAL CLIMATOLOGICAL DATA (WS FORM: F-6)

                                          STATION:   KAHULUI HI
                                          MONTH:     MARCH
                                          YEAR:      2015
                                          LATITUDE:   20 53 N
                                          LONGITUDE: 156 26 W

  TEMPERATURE IN F:       :PCPN:    SNOW:  WIND      :SUNSHINE: SKY     :PK WND
================================================================================
1   2   3   4   5  6A  6B    7    8   9   10  11  12  13   14  15   16   17  18
                                     12Z  AVG MX 2MIN
DY MAX MIN AVG DEP HDD CDD  WTR  SNW DPTH SPD SPD DIR MIN PSBL S-S WX    SPD DR
================================================================================

 1  82  70  76   4   0  11 2.26  0.0    0 12.2 20  40   M    M   8 1      24  40
 2  83  71  77   5   0  12 0.45  0.0    0 13.8 26  20   M    M   5 1      31  20
 3  83  72  78   6   0  13 0.02  0.0    0 14.2 22  30   M    M   6 1      25  20
 4  74  68  71  -1   0   6 1.88  0.0    0  9.2 20  30   M    M   9 1      23  40
 5   M   M   M   M   M   M 0.00  0.0    0 13.5 21  30   M    M   8 1      29  50
 6  74  64  69  -3   0   4 0.90  0.0    0 12.7 24  30   M    M  10 1      28  30
 7  77  65  71  -1   0   6 0.00  0.0    0 12.5 22  40   M    M   8        26  40
 8  70  65  68  -5   0   3 0.07  0.0    0  6.3 15 350   M    M  10 1      18 350
 9  77  64  71  -2   0   6    T  0.0    0  7.9 15  20   M    M   8        18  20
10  77  57  67  -6   0   2 0.00  0.0    0  7.9 15  20   M    M   3        20  30
11  70  64  67  -6   0   2 0.53  0.0    0 10.5 26 210   M    M   8 1      31 210
12  75  65  70  -3   0   5    T  0.0    0  9.9 21 190   M    M   7        26 190
13  76  64  70  -3   0   5 0.05  0.0    0 15.3 21  40   M    M   6        25  20
14  78  66  72  -1   0   7 0.00  0.0    0 14.2 25  40   M    M   6        31  40
15  79  60  70  -3   0   5 0.00  0.0    0  9.1 23  30   M    M   5        28  30
16  81  59  70  -3   0   5 0.00  0.0    0  6.2 13  30   M    M   3        18  30
17  80  58  69  -4   0   4 0.00  0.0    0  6.1 12  10   M    M   3        17 330
18  85  60  73   0   0   8 0.00  0.0    0  6.0 13  30   M    M   2        16  30
19  82  60  71  -2   0   6 0.00  0.0    0 11.5 24  30   M    M   3        28  30
20  82  69  76   3   0  11 0.17  0.0    0 14.0 25  40   M    M   5 1      31  40
21  84  70  77   4   0  12 0.01  0.0    0 15.7 24  60   M    M   5 1      31  50
22  85  64  75   2   0  10 0.00  0.0    0 10.9 24  60   M    M   2        32  50
23  86  64  75   2   0  10 0.00  0.0    0  6.2 20  60   M    M   3        24  50
24  83  64  74   1   0   9 0.00  0.0    0  5.5 14 360   M    M   3        17  10
25  82  66  74   1   0   9 1.66  0.0    0 12.0 28  30   M    M   5        31  40
26  80  70  75   2   0  10 1.00  0.0    0 19.8 31  40   M    M   9 1      36  40
27  83  70  77   4   0  12 0.00  0.0    0 15.3 25  60   M    M   2        31  60
28  85  61  73  -1   0   8 0.00  0.0    0  5.5 18  80   M    M   3        24  70
29  85  63  74   0   0   9 0.79  0.0    0 11.7 26  50   M    M   5 8      33  50
30  84  55  70  -4   0   5    T  0.0    0 13.0 25  60   M    M   6        35  70
31  88  63  76   2   0  11 0.00  0.0    0  6.2 15  30   M    M   3        20  30
================================================================================
SM 2410 1931         0 226  9.79     0.0 334.8          M      169
================================================================================
AV 80.3 64.4                              10.8 FASTST   M    M   5    MAX(MPH)
                                 MISC ---->  # 31  40               # 36   40
================================================================================
NOTES:
# LAST OF SEVERAL OCCURRENCES

COLUMN 17 PEAK WIND IN M.P.H.

PRELIMINARY LOCAL CLIMATOLOGICAL DATA (WS FORM: F-6) , PAGE 2

                                          STATION:  KAHULUI HI
                                          MONTH:    MARCH
                                          YEAR:     2015
                                          LATITUDE:   20 53 N
                                          LONGITUDE: 156 26 W

[TEMPERATURE DATA]      [PRECIPITATION DATA]       SYMBOLS USED IN COLUMN 16

AVERAGE MONTHLY: 72.4   TOTAL FOR MONTH:   9.79    1 = FOG OR MIST
DPTR FM NORMAL:  -0.5   DPTR FM NORMAL:    7.34    2 = FOG REDUCING VISIBILITY
HIGHEST:    88 ON 31    GRTST 24HR  2.26 ON  1- 1      TO 1/4 MILE OR LESS
LOWEST:     55 ON 30                               3 = THUNDER
                        SNOW, ICE PELLETS, HAIL    4 = ICE PELLETS
                        TOTAL MONTH:   0.0 INCH    5 = HAIL
                        GRTST 24HR     0.0         6 = FREEZING RAIN OR DRIZZLE
                        GRTST DEPTH:   0           7 = DUSTSTORM OR SANDSTORM:
                                                       VSBY 1/2 MILE OR LESS
                                                   8 = SMOKE OR HAZE
[NO. OF DAYS WITH]      [WEATHER - DAYS WITH]      9 = BLOWING SNOW
                                                   X = TORNADO
MAX 32 OR BELOW:   0    0.01 INCH OR MORE:  13
MAX 90 OR ABOVE:   0    0.10 INCH OR MORE:   9
MIN 32 OR BELOW:   0    0.50 INCH OR MORE:   7
MIN  0 OR BELOW:   0    1.00 INCH OR MORE:   4

[HDD (BASE 65) ]
TOTAL THIS MO.     0    CLEAR  (SCALE 0-3)   7
DPTR FM NORMAL     0    PTCLDY (SCALE 4-7)  18
TOTAL FM JUL 1     0    CLOUDY (SCALE 8-10)  6
DPTR FM NORMAL     0

[CDD (BASE 65) ]
TOTAL THIS MO.   226
DPTR FM NORMAL   -19    [PRESSURE DATA]
TOTAL FM JAN 1   630    HIGHEST SLP 30.24 ON 13
DPTR FM NORMAL   -24    LOWEST  SLP 29.84 ON 11

[REMARKS]
#FINAL-03-15#
