000
CXUS55 KGGW 250800
CF6OLF
PRELIMINARY LOCAL CLIMATOLOGICAL DATA (WS FORM: F-6)

                                          STATION:   WOLF POINT MT
                                          MONTH:     APRIL
                                          YEAR:      2015
                                          LATITUDE:   48  5 N
                                          LONGITUDE: 105 35 W

  TEMPERATURE IN F:       :PCPN:    SNOW:  WIND      :SUNSHINE: SKY     :PK WND
================================================================================
1   2   3   4   5  6A  6B    7    8   9   10  11  12  13   14  15   16   17  18
                                     12Z  AVG MX 2MIN
DY MAX MIN AVG DEP HDD CDD  WTR  SNW DPTH SPD SPD DIR MIN PSBL S-S WX    SPD DR
================================================================================

 1  60  40  50  12  15   0    T    M    0 20.8 32 270   M    M   3        41 270
 2  44  19  32  -6  33   0 0.00  0.0    0 17.0 36 310   M    M   4 8      45 290
 3  53  19  36  -3  29   0    T    M    0  8.4 24 300   M    M   5 8      31 310
 4  58  22  40   1  25   0 0.00  0.0    0  7.3 22  50   M    M   2        26  40
 5  40  30  35  -5  30   0    T    M    0 16.8 24  60   M    M  10 8      30  60
 6  32  28  30 -10  35   0 0.10    M    0 16.6 24 180   M    M  10 128    32 180
 7  51  30  41   0  24   0 0.02    M    0  7.3 18 100   M    M   5 12     23 110
 8  59  27  43   2  22   0 0.00  0.0    0  8.4 17  40   M    M   1 18     23  50
 9  64  26  45   3  20   0 0.00  0.0    0  9.2 23 310   M    M   1 1      28 280
10  71  25  48   6  17   0 0.00  0.0    0  5.7 23 210   M    M   1 8      31 250
11  77  32  55  13  10   0    T    M    0 11.5 28 280   M    M   3 8      44 280
12  58  28  43   0  22   0    T    M    0 15.7 37 320   M    M   3 8      46 320
13  63  29  46   3  19   0 0.00  0.0    0 10.0 18 270   M    M   0 8      24 260
14  80  36  58  15   7   0 0.00  0.0    0  9.2 20 110   M    M   0        26 130
15  63  44  54  10  11   0 0.00  0.0    0 15.0 29 340   M    M   3        37 340
16  65  31  48   4  17   0 0.00  0.0    0  6.0 15 280   M    M   0 8      21 290
17  73  26  50   5  15   0 0.00  0.0    0  3.4 10  50   M    M   0 8      32 330
18  65  33  49   4  16   0    T    M    0 12.2 28 330   M    M   4        34 330
19  58  32  45   0  20   0 0.00  0.0    0 15.8 30 340   M    M   5        40 340
20  60  25  43  -3  22   0 0.00  0.0    0  7.3 22 330   M    M   6        28 320
21  56  30  43  -3  22   0 0.00  0.0    0  7.7 20  80   M    M   1        24  80
22  63  23  43  -3  22   0 0.00  0.0    0 10.5 18 110   M    M   1 8      27  90
23  64  34  49   2  16   0 0.09    M    0  7.0 16  80   M    M   3 18     27 350
24  73  31  52   5  13   0    T    M    0  6.6 17 190   M    M   5 18     23 200
================================================================================
SM 1450  700       482   0  0.21     0.0 255.4          M       76
================================================================================
AV 60.4 29.2                              10.6 FASTST   M    M   3    MAX(MPH)
                                 MISC ---->  # 37 320               # 46  320
================================================================================
NOTES:
# LAST OF SEVERAL OCCURRENCES

COLUMN 17 PEAK WIND IN M.P.H.

PRELIMINARY LOCAL CLIMATOLOGICAL DATA (WS FORM: F-6) , PAGE 2

                                          STATION:  WOLF POINT MT
                                          MONTH:    APRIL
                                          YEAR:     2015
                                          LATITUDE:   48  5 N
                                          LONGITUDE: 105 35 W

[TEMPERATURE DATA]      [PRECIPITATION DATA]       SYMBOLS USED IN COLUMN 16

AVERAGE MONTHLY: 44.8   TOTAL FOR MONTH:   0.21    1 = FOG OR MIST
DPTR FM NORMAL:   2.0   DPTR FM NORMAL:   -0.44    2 = FOG REDUCING VISIBILITY
HIGHEST:    80 ON 14    GRTST 24HR  0.12 ON  6- 7      TO 1/4 MILE OR LESS
LOWEST:     19 ON  3, 2                            3 = THUNDER
                        SNOW, ICE PELLETS, HAIL    4 = ICE PELLETS
                        TOTAL MONTH:   0.0 INCH    5 = HAIL
                        GRTST 24HR     0.0         6 = FREEZING RAIN OR DRIZZLE
                        GRTST DEPTH:   0           7 = DUSTSTORM OR SANDSTORM:
                                                       VSBY 1/2 MILE OR LESS
                                                   8 = SMOKE OR HAZE
[NO. OF DAYS WITH]      [WEATHER - DAYS WITH]      9 = BLOWING SNOW
                                                   X = TORNADO
MAX 32 OR BELOW:   1    0.01 INCH OR MORE:   3
MAX 90 OR ABOVE:   0    0.10 INCH OR MORE:   1
MIN 32 OR BELOW:  19    0.50 INCH OR MORE:   0
MIN  0 OR BELOW:   0    1.00 INCH OR MORE:   0

[HDD (BASE 65) ]
TOTAL THIS MO.   482    CLEAR  (SCALE 0-3)  14
DPTR FM NORMAL   -52    PTCLDY (SCALE 4-7)   8
TOTAL FM JUL 1  7387    CLOUDY (SCALE 8-10)  2
DPTR FM NORMAL  -837

[CDD (BASE 65) ]
TOTAL THIS MO.     0
DPTR FM NORMAL     0    [PRESSURE DATA]
TOTAL FM JAN 1     0    HIGHEST SLP M ON M
DPTR FM NORMAL     0    LOWEST  SLP 29.42 ON 14

[REMARKS]
