000
CXUS56 KMFR 271000
CF6OTH
PRELIMINARY LOCAL CLIMATOLOGICAL DATA (WS FORM: F-6)

                                          STATION:   NORTH BEND OR
                                          MONTH:     APRIL
                                          YEAR:      2015
                                          LATITUDE:   43 25 N
                                          LONGITUDE: 124 15 W

  TEMPERATURE IN F:       :PCPN:    SNOW:  WIND      :SUNSHINE: SKY     :PK WND
================================================================================
1   2   3   4   5  6A  6B    7    8   9   10  11  12  13   14  15   16   17  18
                                     12Z  AVG MX 2MIN
DY MAX MIN AVG DEP HDD CDD  WTR  SNW DPTH SPD SPD DIR MIN PSBL S-S WX    SPD DR
================================================================================

 1  55  43  49   1  16   0 0.09    M    M  6.3 16 350   M    M   5        21 350
 2  55  37  46  -2  19   0 0.00    M    M  7.4 15 350   M    M   2        20 350
 3  54  39  47  -1  18   0 0.16    M    M  6.1 10 140   M    M   0         M  M
 4  55  39  47  -1  18   0 0.00    M    M  7.1 13 280   M    M   3        16 250
 5  46  39  43  -5  22   0 0.76    M    M  7.2 13 190   M    M   8        18 220
 6  48  41  45  -3  20   0 0.54    M    M  7.0 12 140   M    M   M         M  M
 7  54  43  49   1  16   0 0.18    M    M  5.3 14 260   M    M   M         M  M
 8  57  43  50   2  15   0 0.00    M    M  7.1 13 270   M    M   M         M  M
 9  59  41  50   2  15   0 0.00    M    M  4.9  9 350   M    M   M         M  M
10  57  45  51   2  14   0 0.00    M    M  9.4 15 210   M    M   7        22 220
11  57  43  50   1  15   0 0.17    M    M  8.0 18 320   M    M   5        20 330
12  57  37  47  -2  18   0 0.00    M    M  8.6 21 350   M    M   0        24 350
13  55  39  47  -2  18   0 0.57    M    M  8.5 31 310   M    M   8        39 310
14  55  39  47  -2  18   0 0.07    M    M  7.3 16 260   M    M   5        16 290
15  57  37  47  -2  18   0 0.01    M    M 11.2 25 360   M    M   1        32 350
16  61  39  50   1  15   0 0.00    M    M 10.8 23 350   M    M   1        29 360
17  61  50  56   7   9   0 0.00    M    M 13.0 27 360   M    M   6        38 360
18  59  45  52   3  13   0 0.00    M    M 11.1 28 350   M    M   2        35 350
19  63  43  53   4  12   0 0.00    M    M 10.0 23 350   M    M   2        31 360
20  55  46  51   1  14   0 0.00    M    M  8.2 18 340   M    M  10        24 340
21  57  48  53   3  12   0 0.00    M    M 14.9 27  10   M    M  10        32 360
22  57  43  50   0  15   0 0.00    M    M 14.4 27 360   M    M   0        36 350
23  54  39  47  -3  18   0 0.06    M    M  7.0 10 260   0    0   0         M  M
24  57  45  51   1  14   0 0.17    M    M  8.7 16 240   M    M   9        24 240
25  57  46  52   2  13   0 0.28    M    M  6.8 14 270   M    M   6        16 270
26  61  46  54   4  11   0 0.00    M    M  5.8  9 260   0    0   0         M  M
================================================================================
SM 1463 1095       406   0  3.06    M    222.1            0     90
================================================================================
AV 56.3 42.1                               8.5 FASTST    0   0   4    MAX(MPH)
                                 MISC ---->    31   M                 39    M
================================================================================
NOTES:
# LAST OF SEVERAL OCCURRENCES

COLUMN 17 PEAK WIND IN M.P.H.

PRELIMINARY LOCAL CLIMATOLOGICAL DATA (WS FORM: F-6) , PAGE 2

                                          STATION:  NORTH BEND OR
                                          MONTH:    APRIL
                                          YEAR:     2015
                                          LATITUDE:   43 25 N
                                          LONGITUDE: 124 15 W

[TEMPERATURE DATA]      [PRECIPITATION DATA]       SYMBOLS USED IN COLUMN 16

AVERAGE MONTHLY: 49.2   TOTAL FOR MONTH:   3.06    1 = FOG OR MIST
DPTR FM NORMAL:   0.3   DPTR FM NORMAL:   -1.59    2 = FOG REDUCING VISIBILITY
HIGHEST:    63 ON 19    GRTST 24HR  0.76 ON  5- 5      TO 1/4 MILE OR LESS
LOWEST:     37 ON 15,12                            3 = THUNDER
                        SNOW, ICE PELLETS, HAIL    4 = ICE PELLETS
                        TOTAL MONTH:    M          5 = HAIL
                        GRTST 24HR    M  ON   M    6 = FREEZING RAIN OR DRIZZLE
                        GRTST DEPTH:  M  ON   M    7 = DUSTSTORM OR SANDSTORM:
                                                       VSBY 1/2 MILE OR LESS
                                                   8 = SMOKE OR HAZE
[NO. OF DAYS WITH]      [WEATHER - DAYS WITH]      9 = BLOWING SNOW
                                                   X = TORNADO
MAX 32 OR BELOW:   0    0.01 INCH OR MORE:  12
MAX 90 OR ABOVE:   0    0.10 INCH OR MORE:   8
MIN 32 OR BELOW:   0    0.50 INCH OR MORE:   3
MIN  0 OR BELOW:   0    1.00 INCH OR MORE:   0

[HDD (BASE 65) ]
TOTAL THIS MO.   406    CLEAR  (SCALE 0-3)  10
DPTR FM NORMAL   -12    PTCLDY (SCALE 4-7)   9
TOTAL FM JUL 1  2913    CLOUDY (SCALE 8-10)  3
DPTR FM NORMAL -1217

[CDD (BASE 65) ]
TOTAL THIS MO.     0
DPTR FM NORMAL     0    [PRESSURE DATA]
TOTAL FM JAN 1     0    HIGHEST SLP M ON M
DPTR FM NORMAL     0    LOWEST  SLP  0.00 ON  7

[REMARKS]
