000
CXUS55 KPUB 012011
CF6PUB

PRELIMINARY LOCAL CLIMATOLOGICAL DATA (WS FORM: F-6)

                                          STATION:   PUEBLO CO
                                          MONTH:     MARCH
                                          YEAR:      2015
                                          LATITUDE:   38 16 N
                                          LONGITUDE: 104 31 W

  TEMPERATURE IN F:       :PCPN:    SNOW:  WIND      :SUNSHINE: SKY     :PK WND
================================================================================
1   2   3   4   5  6A  6B    7    8   9   10  11  12  13   14  15   16   17  18
                                     12Z  AVG MX 2MIN
DY MAX MIN AVG DEP HDD CDD  WTR  SNW DPTH SPD SPD DIR MIN PSBL S-S WX    SPD DR
================================================================================

 1  28   9  19 -19  46   0    T    T    2  3.6  9 180   M    M   5 18     11 180
 2  37  24  31  -7  34   0    T    T    1  2.6 18 300   M    M   6 18     21 300
 3  46  25  36  -3  29   0    T    T    0 16.0 35 300   M    M   5 16     40 300
 4  25   7  16 -23  49   0 0.05  1.7    T  9.1 21  50   M    M   9 18     25  40
 5  45   2  24 -15  41   0 0.00  0.0    1  5.3 10 310   M    M   1 1      14  90
 6  58  19  39  -1  26   0 0.00  0.0    0  3.0 12 340   M    M   0        14 160
 7  58  25  42   2  23   0 0.00  0.0    0  5.4 14 160   M    M   0        19 140
 8  58  31  45   5  20   0 0.00  0.0    0  9.5 22  10   M    M   0        27 360
 9  61  26  44   4  21   0 0.00  0.0    0  3.6 13 360   M    M   0        16  70
10  66  26  46   5  19   0 0.00  0.0    0  7.4 18  30   M    M   0        22  40
11  71  26  49   8  16   0 0.00  0.0    0  5.7 15 130   M    M   0        19 150
12  69  33  51  10  14   0 0.00  0.0    0 10.0 25 360   M    M   0        31  10
13  60  43  52  10  13   0 0.00  0.0    0 14.9 28 360   M    M   7        35 360
14  66  31  49   7  16   0 0.00  0.0    0  4.1 14 140   M    M   1        17 130
15  79  29  54  12  11   0 0.00  0.0    0  4.0 15 140   M    M   0        19 120
16  85  29  57  15   8   0 0.00  0.0    0 11.5 33  40   M    M   0        43  30
17  50  38  44   1  21   0 0.01  0.0    0  8.7 16  40   M    M   4 1      19  50
18  64  31  48   5  17   0 0.02  0.0    0  4.9 18 350   M    M   3        24 350
19  50  36  43   0  22   0 0.41  0.0    0 10.8 23  10   M    M   9 1      28  10
20  65  31  48   4  17   0 0.00  0.0    0  3.9 12 140   M    M   0 1      16 130
21  68  31  50   6  15   0 0.00  0.0    0  4.7 13 120   M    M   0        15 130
22  76  32  54  10  11   0 0.00  0.0    0  8.3 28  80   M    M   1        33 100
23  67  37  52   8  13   0 0.00  0.0    0  7.4 22 350   M    M   0        31 340
24  72  36  54  10  11   0 0.00  0.0    0 10.1 26 300   M    M   1        36 290
25  51  29  40  -5  25   0 0.08    T    0  8.6 32  10   M    M   4 1      39  20
26  61  25  43  -2  22   0 0.00  0.0    0  3.2 12 210   M    M   0        15 130
27  73  30  52   7  13   0 0.00  0.0    0  5.9 18 100   M    M   0        24  80
28  80  36  58  13   7   0 0.00  0.0    0  9.9 18 300   M    M   0        24 160
29  66  44  55   9  10   0 0.00  0.0    0  9.7 25  20   M    M   0        30  20
30  78  31  55   9  10   0 0.00  0.0    0  7.3 18 280   M    M   0        22 290
31  80  34  57  11   8   0 0.00  0.0    0  7.2 18 210   M    M   0        23 140
================================================================================
SM 1913 886        608   0  0.57 1.7     226.3          M       56
================================================================================
AV 61.7 28.6                               7.3 FASTST   M    M   2      MAX(MPH)
                                 MISC ---->    35 300                     43  30
================================================================================
NOTES:

COLUMN 17 PEAK WIND IN M.P.H.

PRELIMINARY LOCAL CLIMATOLOGICAL DATA (WS FORM: F-6) , PAGE 2

                                          STATION:  PUEBLO CO
                                          MONTH:    MARCH
                                          YEAR:     2015
                                          LATITUDE:   38 16 N
                                          LONGITUDE: 104 31 W

[TEMPERATURE DATA]      [PRECIPITATION DATA]       SYMBOLS USED IN COLUMN 16

AVERAGE MONTHLY: 45.1   TOTAL FOR MONTH:    0.57   1 = FOG OR MIST
DPTR  FM NORMAL:  2.8   DPTR  FM NORMAL:   -0.36   2 = FOG REDUCING VISIBILITY
HIGHEST:     85 ON 16   GRTST 24HR 0.43 ON 18-19       TO 1/4 MILE OR LESS
 LOWEST:      2 ON  5                              3 = THUNDER
                        SNOW, ICE PELLETS, HAIL    4 = ICE PELLETS
                        TOTAL MONTH: 1.7 INCHES    5 = HAIL
                        GRTST 24HR   1.7 ON   4    6 = FREEZING RAIN OR DRIZZLE
                        GRTST DEPTH:   2 ON   1    7 = DUSTSTORM OR SANDSTORM:
                                                       VSBY 1/2 MILE OR LESS
                                                   8 = SMOKE OR HAZE
[NO. OF DAYS WITH]      [WEATHER - DAYS WITH]      9 = BLOWING SNOW
                                                   X = TORNADO
MAX 32 OR BELOW:   2    0.01 INCH OR MORE:   5
MAX 90 OR ABOVE:   0    0.10 INCH OR MORE:   1
MIN 32 OR BELOW:  22    0.50 INCH OR MORE:   0
MIN  0 OR BELOW:   0    1.00 INCH OR MORE:   0

[HDD (BASE 65) ]
TOTAL THIS MO.   608    CLEAR  (SCALE 0-3)  23
DPTR FM NORMAL   -94    PTCLDY (SCALE 4-7)   6
TOTAL FM JUL 1  4630    CLOUDY (SCALE 8-10)  2
DPTR FM NORMAL  -375

[CDD (BASE 65) ]
TOTAL THIS MO.     0
DPTR FM NORMAL     0    [PRESSURE DATA]
TOTAL FM JAN 1     0    HIGHEST SLP 30.52 ON  4
DPTR FM NORMAL     0    LOWEST  SLP 29.60 ON  3

[REMARKS]
#FINAL-03-15#
