000
CXUS51 KPHI 280800
CF6TTN
PRELIMINARY LOCAL CLIMATOLOGICAL DATA (WS FORM: F-6)

                                          STATION:   TRENTON NJ
                                          MONTH:     APRIL
                                          YEAR:      2015
                                          LATITUDE:   40 16 N
                                          LONGITUDE:  74 49 W

  TEMPERATURE IN F:       :PCPN:    SNOW:  WIND      :SUNSHINE: SKY     :PK WND
================================================================================
1   2   3   4   5  6A  6B    7    8   9   10  11  12  13   14  15   16   17  18
                                     12Z  AVG MX 2MIN
DY MAX MIN AVG DEP HDD CDD  WTR  SNW DPTH SPD SPD DIR MIN PSBL S-S WX    SPD DR
================================================================================

 1  53  31  42  -4  23   0 0.00    M    M  7.5 18 300   M    M   0        25 310
 2  65  30  48   1  17   0 0.00    M    M  9.5 26 220   M    M   1        35 210
 3  63  57  60  13   5   0 0.05    M    M  8.3 16 220   M    M   8 128    22 210
 4  65  41  53   6  12   0 0.02    M    M 13.8 32 320   M    M   3 12     47 320
 5  64  37  51   3  14   0 0.00    M    M 10.8 26 260   M    M   1        39 210
 6  73  39  56   8   9   0 0.00    M    M  8.9 22 220   M    M   0        31 220
 7  68  44  56   8   9   0 0.01    M    M  8.9 20  70   M    M   9 18     26  60
 8  45  38  42  -7  23   0 0.04    M    M 14.5 24 100   M    M  10 1      34 100
 9  41  38  40  -9  25   0 0.03    M    M  8.4 15 110   M    M  10 1      20 120
10  57  39  48  -1  17   0 0.07    M    M  6.8 16 220   M    M   8 138    21 210
11  60  43  52   2  13   0 0.00    M    M  9.6 22 270   M    M   1        35 320
12  67  32  50   0  15   0 0.00    M    M  5.3 12 210   M    M   0        16 220
13  74  42  58   8   7   0 0.00    M    M  9.4 22 220   M    M   0        38 200
14  64  52  58   7   7   0 0.05    M    M  6.0 16 350   M    M   7 1      21 200
15  70  48  59   8   6   0 0.00    M    M  8.9 24 360   M    M   0        30 360
16  69  49  59   8   6   0    T    M    M  8.9 17 160   M    M   1        20 180
17  72  53  63  11   2   0 0.06    M    M  6.7 13 300   M    M   9 1      24 350
18  80  49  65  13   0   0 0.00    M    M  6.6 18  10   M    M   1 1      25  30
19  63  46  55   3  10   0 0.01    M    M  9.9 18 160   M    M   1        24 160
20  71  46  59   6   6   0 1.65    M    M  9.2 23 100   M    M   8 18     29  80
21  65  50  58   5   7   0 0.37    M    M  8.2 21 300   M    M   5 13     31 300
22  70  41  56   3   9   0 0.14    M    M 10.1 39 240   M    M   3 3      52 280
23  50  38  44 -10  21   0 0.00    M    M 12.0 22 310   M    M   5        36 290
24  55  37  46  -8  19   0 0.00    M    M 12.4 22 300   M    M   4        32 310
25  58  33  46  -8  19   0 0.00    M    M  6.4 13 270   M    M   0        21 320
26  61  42  52  -3  13   0 0.00    M    M  6.5 15  70   M    M   3        20  60
27  59  43  51  -4  14   0 0.00    M    M 10.0 21 340   M    M   7        28 340
================================================================================
SM 1702 1138       328   0  2.50    M    243.5          M      105
================================================================================
AV 63.0 42.1                               9.0 FASTST   M    M   4    MAX(MPH)
                                 MISC ---->  # 39 240               # 52  280
================================================================================
NOTES:
# LAST OF SEVERAL OCCURRENCES

COLUMN 17 PEAK WIND IN M.P.H.

PRELIMINARY LOCAL CLIMATOLOGICAL DATA (WS FORM: F-6) , PAGE 2

                                          STATION:  TRENTON NJ
                                          MONTH:    APRIL
                                          YEAR:     2015
                                          LATITUDE:   40 16 N
                                          LONGITUDE:  74 49 W

[TEMPERATURE DATA]      [PRECIPITATION DATA]       SYMBOLS USED IN COLUMN 16

AVERAGE MONTHLY: 52.6   TOTAL FOR MONTH:   2.50    1 = FOG OR MIST
DPTR FM NORMAL:   1.9   DPTR FM NORMAL:   -0.77    2 = FOG REDUCING VISIBILITY
HIGHEST:    80 ON 18    GRTST 24HR  1.91 ON 20-21      TO 1/4 MILE OR LESS
LOWEST:     30 ON  2                               3 = THUNDER
                        SNOW, ICE PELLETS, HAIL    4 = ICE PELLETS
                        TOTAL MONTH:    M          5 = HAIL
                        GRTST 24HR    M  ON   M    6 = FREEZING RAIN OR DRIZZLE
                        GRTST DEPTH:  M  ON   M    7 = DUSTSTORM OR SANDSTORM:
                                                       VSBY 1/2 MILE OR LESS
                                                   8 = SMOKE OR HAZE
[NO. OF DAYS WITH]      [WEATHER - DAYS WITH]      9 = BLOWING SNOW
                                                   X = TORNADO
MAX 32 OR BELOW:   0    0.01 INCH OR MORE:  12
MAX 90 OR ABOVE:   0    0.10 INCH OR MORE:   3
MIN 32 OR BELOW:   3    0.50 INCH OR MORE:   1
MIN  0 OR BELOW:   0    1.00 INCH OR MORE:   1

[HDD (BASE 65) ]
TOTAL THIS MO.   328    CLEAR  (SCALE 0-3)  14
DPTR FM NORMAL   -62    PTCLDY (SCALE 4-7)   7
TOTAL FM JUL 1  5289    CLOUDY (SCALE 8-10)  6
DPTR FM NORMAL   353

[CDD (BASE 65) ]
TOTAL THIS MO.     0
DPTR FM NORMAL    -1    [PRESSURE DATA]
TOTAL FM JAN 1     0    HIGHEST SLP M ON M
DPTR FM NORMAL    -1    LOWEST  SLP 29.53 ON  4

[REMARKS]
