000
CXUS52 KFFC 251110
CF6VPC
PRELIMINARY LOCAL CLIMATOLOGICAL DATA (WS FORM: F-6)

                                          STATION:   CARTERSVILLE
                                          MONTH:     APRIL
                                          YEAR:      2015
                                          LATITUDE:   34  7 N
                                          LONGITUDE:  84 51 W

  TEMPERATURE IN F:       :PCPN:    SNOW:  WIND      :SUNSHINE: SKY     :PK WND
================================================================================
1   2   3   4   5  6A  6B    7    8   9   10  11  12  13   14  15   16   17  18
                                     12Z  AVG MX 2MIN
DY MAX MIN AVG DEP HDD CDD  WTR  SNW DPTH SPD SPD DIR MIN PSBL S-S WX    SPD DR
================================================================================

 1  79  49  64   8   1   0 0.02    M    M  1.6  9  10   M    M   2 3      13 360
 2  71  49  60   4   5   0    M    M    M  5.1 16 160   M    M   7 138    21 160
 3  83  49  66  10   0   1 0.39    M    M  3.6 14 210   M    M   2 18     25 310
 4  65  38  52  -4  13   0    T  0.0    0  8.0 23  10   M    M   2 1      31  10
 5  68  32  50  -6  15   0 0.00  0.0    0  5.1 18 160   M    M   0        26 140
 6  73  57  65   8   0   0 0.58  0.0    M  6.2 14 160   M    M   8 1      19 160
 7  81  60  71  14   0   6 0.00  0.0    M  3.0  9 180   M    M   7 1      13  60
 8  87  54  71  14   0   6 0.00  0.0    M  0.8  7 170   M    M   2 1      11 210
 9  84  57  71  14   0   6 0.00    M    M  3.6 15 170   M    M   2        21 160
10  73  60  67   9   0   2 0.72    M    M  2.9  9 350   M    M   6 13     15 190
11  76  48  62   4   3   0 0.00  0.0    M  3.5 13 360   M    M   0        18 360
12  72  42  57  -1   8   0 0.00  0.0    0  4.9 14 120   M    M   5        21 120
13  73  64  69  11   0   4 0.43    M    M  5.2 13 130   M    M   9 18     17 140
14  80  65  73  14   0   8 0.21  0.0    M  2.6 13 180   M    M   6 1      18 190
15  76  56  66   7   0   1 0.23  0.0    M  4.5 14 100   M    M   8 1      23 110
16  56  53  55  -4  10   0 0.39    M    M  6.3 15 100   M    M   9 13     23 100
17  62  55  59  -1   6   0 0.48    M    M  2.5  8 100   M    M  10 1      12 140
18  74  61  68   8   0   3    T    M    M  2.3  9 120   M    M   8 1      14 140
19  75  58  67   7   0   2 1.02  0.0    M  5.6 16 170   M    M   6 1      23 170
20  77  54  66   6   0   1 0.15    M    M  2.2 12 230   M    M   4 13     18 240
21  69  45  57  -4   8   0 0.00    M    M  2.0  9 340   M    M   0        19 220
22  76  39  58  -3   7   0 0.00    M    M  2.0 13 340   M    M   1        22 340
23  66  48  57  -4   8   0 0.00    M    M  2.9 12 340   M    M   1        17 340
24  75  40  58  -3   7   0 0.00    M    M  1.5  8  30   M    M   2        11 330
================================================================================
SM 1771 1233        91  40  4.62     0.0  87.9          M      107
================================================================================
AV 73.8 51.4                               3.7 FASTST   M    M   4    MAX(MPH)
                                 MISC ---->  # 23  10               # 31   10
================================================================================
NOTES:
# LAST OF SEVERAL OCCURRENCES

COLUMN 17 PEAK WIND IN M.P.H.

PRELIMINARY LOCAL CLIMATOLOGICAL DATA (WS FORM: F-6) , PAGE 2

                                          STATION:  CARTERSVILLE
                                          MONTH:    APRIL
                                          YEAR:     2015
                                          LATITUDE:   34  7 N
                                          LONGITUDE:  84 51 W

[TEMPERATURE DATA]      [PRECIPITATION DATA]       SYMBOLS USED IN COLUMN 16

AVERAGE MONTHLY: 62.6   TOTAL FOR MONTH:   4.62    1 = FOG OR MIST
DPTR FM NORMAL:   4.2   DPTR FM NORMAL:    1.58    2 = FOG REDUCING VISIBILITY
HIGHEST:    87 ON  8    GRTST 24HR  1.02 ON 19-19      TO 1/4 MILE OR LESS
LOWEST:     32 ON  5                               3 = THUNDER
                        SNOW, ICE PELLETS, HAIL    4 = ICE PELLETS
                        TOTAL MONTH:   0.0 INCH    5 = HAIL
                        GRTST 24HR     0.0         6 = FREEZING RAIN OR DRIZZLE
                        GRTST DEPTH:   0           7 = DUSTSTORM OR SANDSTORM:
                                                       VSBY 1/2 MILE OR LESS
                                                   8 = SMOKE OR HAZE
[NO. OF DAYS WITH]      [WEATHER - DAYS WITH]      9 = BLOWING SNOW
                                                   X = TORNADO
MAX 32 OR BELOW:   0    0.01 INCH OR MORE:  11
MAX 90 OR ABOVE:   0    0.10 INCH OR MORE:  10
MIN 32 OR BELOW:   1    0.50 INCH OR MORE:   3
MIN  0 OR BELOW:   0    1.00 INCH OR MORE:   1

[HDD (BASE 65) ]
TOTAL THIS MO.    91    CLEAR  (SCALE 0-3)  11
DPTR FM NORMAL   -83    PTCLDY (SCALE 4-7)   9
TOTAL FM JUL 1  3266    CLOUDY (SCALE 8-10)  4
DPTR FM NORMAL    64

[CDD (BASE 65) ]
TOTAL THIS MO.    40
DPTR FM NORMAL    27    [PRESSURE DATA]
TOTAL FM JAN 1    40    HIGHEST SLP M ON M
DPTR FM NORMAL    23    LOWEST  SLP 29.63 ON 20

[REMARKS]
