000
CDUS41 KBTV 030553
CLI1V4


CLIMATE REPORT
NATIONAL WEATHER SERVICE BURLINGTON VT
148 AM EDT SUN MAY 3 2015


...................................

...THE ST. JOHNSBURY VT CLIMATE SUMMARY FOR MAY 2 2015...

CLIMATE NORMAL PERIOD 1981 TO 2010
CLIMATE RECORD PERIOD 1894 TO 2015


WEATHER ITEM   OBSERVED TIME   RECORD YEAR NORMAL DEPARTURE LAST
                VALUE   (LST)  VALUE       VALUE  FROM      YEAR
                                                  NORMAL
..................................................................
TEMPERATURE (F)
 YESTERDAY
  MAXIMUM         73        MM  88    2001  64      9       58
  MINIMUM         37        MM  19    1903  39     -2       37
  AVERAGE         55                        51      4       48

PRECIPITATION (IN)
  YESTERDAY        0.00          1.21 1989   0.10  -0.10     0.02
  MONTH TO DATE    0.00                      0.20  -0.20     0.49
  SINCE MAR 1      3.79                      5.57  -1.78     6.44
  SINCE JAN 1      8.35                     10.25  -1.90    11.57

DEGREE DAYS
 HEATING
  YESTERDAY       10                        14     -4       17
  MONTH TO DATE   21                        28     -7       30
  SINCE MAR 1   1998                      1723    275     2127
  SINCE JUL 1   8063                      7447    616     8159

 COOLING
  YESTERDAY        0                         0      0        0
  MONTH TO DATE    0                         0      0        0
  SINCE MAR 1      0                         1     -1        0
  SINCE JAN 1      0                         1     -1        0
..................................................................


WIND (MPH)
  HIGHEST WIND SPEED    MM   HIGHEST WIND DIRECTION    MM
  HIGHEST GUST SPEED    MM   HIGHEST GUST DIRECTION    MM
  AVERAGE WIND SPEED    MM


SKY COVER
  AVERAGE SKY COVER 0.0


WEATHER CONDITIONS
 THE FOLLOWING WEATHER WAS RECORDED YESTERDAY.
  NO SIGNIFICANT WEATHER WAS OBSERVED.


RELATIVE HUMIDITY (PERCENT)
 HIGHEST    92           400 AM
 LOWEST     26           300 PM
 AVERAGE    59

..........................................................


THE ST. JOHNSBURY VT CLIMATE NORMALS FOR TODAY
                         NORMAL    RECORD    YEAR
 MAXIMUM TEMPERATURE (F)   65        89      2001
 MINIMUM TEMPERATURE (F)   39        20      1966


SUNRISE AND SUNSET
MAY  3 2015...........SUNRISE   536 AM EDT   SUNSET   754 PM EDT
MAY  4 2015...........SUNRISE   535 AM EDT   SUNSET   756 PM EDT


-  INDICATES NEGATIVE NUMBERS.
R  INDICATES RECORD WAS SET OR TIED.
MM INDICATES DATA IS MISSING.
T  INDICATES TRACE AMOUNT.




$$
