000
CDUS43 KABR 012229
CLI8D3


CLIMATE REPORT
NATIONAL WEATHER SERVICE ABERDEEN SD
529 PM CDT WED APR 1 2015


...................................

...THE SISSETON SD CLIMATE SUMMARY FOR APRIL 1 2015...
VALID TODAY AS OF 0500 PM LOCAL TIME.

CLIMATE NORMAL PERIOD 1981 TO 2010
CLIMATE RECORD PERIOD 1900 TO 2015


WEATHER ITEM   OBSERVED TIME   RECORD YEAR NORMAL DEPARTURE LAST
                VALUE   (LST)  VALUE       VALUE  FROM      YEAR
                                                  NORMAL
..................................................................
TEMPERATURE (F)
 TODAY
  MAXIMUM         74R   123 PM  72    1963  48     26       27
  MINIMUM         42    433 AM   0    1975  27              10
  AVERAGE         58                        37     21       19

PRECIPITATION (IN)
  TODAY            0.00          0.68 1974   0.02  -0.02     0.31
  MONTH TO DATE    0.00                      0.02  -0.02     0.31
  SINCE MAR 1      0.93                      1.14  -0.21     1.15
  SINCE JAN 1      1.81                      2.00  -0.19     1.77

SNOWFALL (IN)
  TODAY            0.0
  MONTH TO DATE    0.0
  SINCE OCT 1     28.9
  SINCE JUL 1     28.9
  SNOW DEPTH       0

DEGREE DAYS
 HEATING
  TODAY            7                        28    -21       46
  MONTH TO DATE    7                        28    -21       46
  SINCE MAR 1    923                      1111   -188     1245
  SINCE JUL 1   7192                      7370   -178     8062

 COOLING
  TODAY            0                         0      0        0
  MONTH TO DATE    0                         0      0        0
  SINCE MAR 1      0                         0      0        0
  SINCE JAN 1      0                         0      0        0
..................................................................


WIND (MPH)
  HIGHEST WIND SPEED    40   HIGHEST WIND DIRECTION    SW (240)
  HIGHEST GUST SPEED    55   HIGHEST GUST DIRECTION     W (250)
  AVERAGE WIND SPEED    22.2


SKY COVER
  POSSIBLE SUNSHINE  MM
  AVERAGE SKY COVER 0.0


WEATHER CONDITIONS
 THE FOLLOWING WEATHER WAS RECORDED TODAY.
  NO SIGNIFICANT WEATHER WAS OBSERVED.


RELATIVE HUMIDITY (PERCENT)
 HIGHEST    70          1200 AM
 LOWEST     27           200 PM
 AVERAGE    49

..........................................................


THE SISSETON SD CLIMATE NORMALS FOR TOMORROW
                         NORMAL    RECORD    YEAR
 MAXIMUM TEMPERATURE (F)   49        73      1991
 MINIMUM TEMPERATURE (F)   27         4      1975


SUNRISE AND SUNSET
APRIL  1 2015.........SUNRISE   709 AM CDT   SUNSET   756 PM CDT
APRIL  2 2015.........SUNRISE   707 AM CDT   SUNSET   757 PM CDT


-  INDICATES NEGATIVE NUMBERS.
R  INDICATES RECORD WAS SET OR TIED.
MM INDICATES DATA IS MISSING.
T  INDICATES TRACE AMOUNT.




$$
