000
CDUS41 KPHI 012137
CLIABE


CLIMATE REPORT
NATIONAL WEATHER SERVICE MOUNT HOLLY NJ
537 PM EDT WED APR 1 2015


...................................

...THE ALLENTOWN PA CLIMATE SUMMARY FOR APRIL 1 2015...
VALID TODAY AS OF 0500 PM LOCAL TIME.

CLIMATE NORMAL PERIOD 1981 TO 2010
CLIMATE RECORD PERIOD 1922 TO 2015


WEATHER ITEM   OBSERVED TIME   RECORD YEAR NORMAL DEPARTURE LAST
                VALUE   (LST)  VALUE       VALUE  FROM      YEAR
                                                  NORMAL
..................................................................
TEMPERATURE (F)
 TODAY
  MAXIMUM         51    359 PM  84    1978  56     -5       62
  MINIMUM         29    350 AM  12    1923  34     -5       26
  AVERAGE         40                        45     -5       44

PRECIPITATION (IN)
  TODAY            0.00          1.65 1993   0.12  -0.12     0.00
  MONTH TO DATE    0.00                      0.12  -0.12     0.00
  SINCE MAR 1      4.47                      3.51   0.96     2.44
  SINCE JAN 1      9.02                      9.24  -0.22    11.43

SNOWFALL (IN)
  TODAY            0.0           T    2011   0.1   -0.1      0.0
                                      1991
  MONTH TO DATE    0.0                       0.1   -0.1      0.0
  SINCE MAR 1     17.8                       5.0   12.8      1.1
  SINCE JUL 1     50.1                      32.0   18.1     67.8
  SNOW DEPTH       0

DEGREE DAYS
 HEATING
  TODAY           25                        20      5       21
  MONTH TO DATE   25                        20      5       21
  SINCE MAR 1    979                       823    156      983
  SINCE JUL 1   5460                      5132    328     5581

 COOLING
  TODAY            0                         0      0        0
  MONTH TO DATE    0                         0      0        0
  SINCE MAR 1      0                         0      0        0
  SINCE JAN 1      0                         0      0        0
..................................................................


WIND (MPH)
  HIGHEST WIND SPEED    16   HIGHEST WIND DIRECTION    NW (330)
  HIGHEST GUST SPEED    21   HIGHEST GUST DIRECTION    NW (310)
  AVERAGE WIND SPEED     6.8


SKY COVER
  POSSIBLE SUNSHINE  MM
  AVERAGE SKY COVER 0.1


WEATHER CONDITIONS
 THE FOLLOWING WEATHER WAS RECORDED TODAY.
  NO SIGNIFICANT WEATHER WAS OBSERVED.


RELATIVE HUMIDITY (PERCENT)
 HIGHEST    82          1200 AM
 LOWEST     39           300 PM
 AVERAGE    61

..........................................................


THE ALLENTOWN PA CLIMATE NORMALS FOR TOMORROW
                         NORMAL    RECORD    YEAR
 MAXIMUM TEMPERATURE (F)   56        82      1967
 MINIMUM TEMPERATURE (F)   34        13      1923


SUNRISE AND SUNSET
APRIL  1 2015.........SUNRISE   646 AM EDT   SUNSET   726 PM EDT
APRIL  2 2015.........SUNRISE   644 AM EDT   SUNSET   727 PM EDT


-  INDICATES NEGATIVE NUMBERS.
R  INDICATES RECORD WAS SET OR TIED.
MM INDICATES DATA IS MISSING.
T  INDICATES TRACE AMOUNT.




$$
