000
CDUS42 KTAE 190637
CLIABY


CLIMATE REPORT
NATIONAL WEATHER SERVICE TALLAHASSEE FL
231 AM EDT SUN APR 19 2015

...................................

...THE ALBANY CLIMATE SUMMARY FOR APRIL 18 2015...

CLIMATE NORMAL PERIOD 1981 TO 2010
CLIMATE RECORD PERIOD 1930 TO 2015


WEATHER ITEM   OBSERVED TIME   RECORD YEAR NORMAL DEPARTURE LAST
                VALUE   (LST)  VALUE       VALUE  FROM      YEAR
                                                  NORMAL
..................................................................
TEMPERATURE (F)
 YESTERDAY
  MAXIMUM         77    441 PM  90    2002  80     -3       62
                                      1977
  MINIMUM         65    644 AM  37    1986  54     11       54
  AVERAGE         71                        67      4       58

PRECIPITATION (IN)
  YESTERDAY        0.60                      0.12   0.48     1.24
  MONTH TO DATE    2.45                      2.52  -0.07     5.99
  SINCE MAR 1      4.62                      7.57  -2.95     8.79
  SINCE JAN 1     11.95                     16.55  -4.60    14.03

SNOWFALL (IN)
  YESTERDAY        0.0

DEGREE DAYS
 HEATING
  YESTERDAY        0                         2     -2        7
  MONTH TO DATE    0                        53    -53       57
  SINCE MAR 1    118                       262   -144      325
  SINCE JUL 1   1842                      1822     20     1921

 COOLING
  YESTERDAY        6                         4      2        0
  MONTH TO DATE  130                        47     83       36
  SINCE MAR 1    196                        76    120       39
  SINCE JAN 1    198                        85    113       43
..................................................................


WIND (MPH)
  HIGHEST WIND SPEED     9   HIGHEST WIND DIRECTION     W (280)
  HIGHEST GUST SPEED    12   HIGHEST GUST DIRECTION    NW (300)
  AVERAGE WIND SPEED     3.3




RELATIVE HUMIDITY (PERCENT)
 HIGHEST   100
 LOWEST     69
 AVERAGE    85

..........................................................


THE ALBANY CLIMATE NORMALS FOR TODAY
                         NORMAL    RECORD    YEAR
 MAXIMUM TEMPERATURE (F)   80        90      2006
                                             2002
                                             1967
 MINIMUM TEMPERATURE (F)   54        32      1983


SUNRISE AND SUNSET
APRIL 19 2015.........SUNRISE   704 AM EDT   SUNSET   808 PM EDT
APRIL 20 2015.........SUNRISE   703 AM EDT   SUNSET   809 PM EDT


-  INDICATES NEGATIVE NUMBERS.
R  INDICATES RECORD WAS SET OR TIED.
MM INDICATES DATA IS MISSING.
T  INDICATES TRACE AMOUNT.

$$
