000
CDUS44 KFWD 192123
CLIACT


CLIMATE REPORT
NATIONAL WEATHER SERVICE FORT WORTH TX
422 PM CDT SUN APR 19 2015


...................................

...THE WACO CLIMATE SUMMARY FOR APRIL 19 2015...
VALID AS OF 0400 PM LOCAL TIME.

CLIMATE NORMAL PERIOD 1981 TO 2010
CLIMATE RECORD PERIOD 1901 TO 2015


WEATHER ITEM   OBSERVED TIME   RECORD YEAR NORMAL DEPARTURE LAST
                VALUE   (LST)  VALUE       VALUE  FROM      YEAR
                                                  NORMAL
..................................................................
TEMPERATURE (F)
 TODAY
  MAXIMUM         81    257 PM  97    1996  79      2       77
  MINIMUM         57    148 AM  34    2013  56      1       46
  AVERAGE         69

PRECIPITATION (IN)
  TODAY            0.00          1.78 1957   0.10  -0.10     0.00
  MONTH TO DATE    1.49                      1.52  -0.03     1.68
  SINCE MAR 1      4.34                      4.67  -0.33     2.55
  SINCE JAN 1      9.07                      9.42  -0.35     3.31

SNOWFALL (IN)
  TODAY            0.0           0.0    MM   0.0    0.0      0.0
  MONTH TO DATE    0.0                       0.2   -0.2      0.0
  SINCE MAR 1      0.7                       0.3    0.4      0.1
  SINCE JUL 1      1.4                       1.2    0.2      0.1
  SNOW DEPTH       0

..................................................................


WIND (MPH)
  HIGHEST WIND SPEED    23   HIGHEST WIND DIRECTION     W (260)
  HIGHEST GUST SPEED    30   HIGHEST GUST DIRECTION    NW (310)
  AVERAGE WIND SPEED    12.9




..........................................................


THE WACO CLIMATE NORMALS FOR TOMORROW
                         NORMAL    RECORD    YEAR
 MAXIMUM TEMPERATURE (F)   79        94      1925
 MINIMUM TEMPERATURE (F)   56        38      2013
                                             1953


SUNRISE AND SUNSET
APRIL 19 2015.........SUNRISE   656 AM CDT   SUNSET   800 PM CDT
APRIL 20 2015.........SUNRISE   655 AM CDT   SUNSET   801 PM CDT


-  INDICATES NEGATIVE NUMBERS.
R  INDICATES RECORD WAS SET OR TIED.
MM INDICATES DATA IS MISSING.
T  INDICATES TRACE AMOUNT.




$$
