000
CDUS41 KPHI 172129
CLIACY


CLIMATE REPORT
NATIONAL WEATHER SERVICE MOUNT HOLLY NJ
527 PM EDT FRI APR 17 2015


...................................

...THE ATLANTIC CITY NJ CLIMATE SUMMARY FOR APRIL 17 2015...
VALID TODAY AS OF 0500 PM LOCAL TIME.

CLIMATE NORMAL PERIOD 1981 TO 2010
CLIMATE RECORD PERIOD 1874 TO 2015


WEATHER ITEM   OBSERVED TIME   RECORD YEAR NORMAL DEPARTURE LAST
                VALUE   (LST)  VALUE       VALUE  FROM      YEAR
                                                  NORMAL
..................................................................
TEMPERATURE (F)
 TODAY
  MAXIMUM         74    340 PM  94    2002  62     12       46
  MINIMUM         53    407 AM  26    1980  42     11       28
  AVERAGE         64                        52     12       37

PRECIPITATION (IN)
  TODAY            0.24          1.49 1954   0.12   0.12     0.00
  MONTH TO DATE    1.53                      2.21  -0.68     1.46
  SINCE MAR 1      8.17                      6.42   1.75     6.46
  SINCE JAN 1     16.23                     12.51   3.72    15.01

SNOWFALL (IN)
  TODAY            0.0           0.0  1903   0.0    0.0      0.0
  MONTH TO DATE    0.0                       0.2   -0.2       T
  SINCE MAR 1      7.4                       1.3    6.1     15.6
  SINCE JUL 1     22.4                      16.4    6.0     43.8
  SNOW DEPTH       0

DEGREE DAYS
 HEATING
  TODAY            1                        13    -12       28
  MONTH TO DATE  231                       264    -33      256
  SINCE MAR 1   1058                       970     88     1115
  SINCE JUL 1   4933                      4561    372     4978

 COOLING
  TODAY            0                         0      0        0
  MONTH TO DATE    0                         0      0        0
  SINCE MAR 1      0                         0      0        0
  SINCE JAN 1      0                         0      0        0
..................................................................


WIND (MPH)
  HIGHEST WIND SPEED    15   HIGHEST WIND DIRECTION    SW (230)
  HIGHEST GUST SPEED    19   HIGHEST GUST DIRECTION    SW (220)
  AVERAGE WIND SPEED     9.0


SKY COVER
  POSSIBLE SUNSHINE  MM
  AVERAGE SKY COVER 0.9


WEATHER CONDITIONS
 THE FOLLOWING WEATHER WAS RECORDED TODAY.
  RAIN
  LIGHT RAIN
  FOG


RELATIVE HUMIDITY (PERCENT)
 HIGHEST    93           700 AM
 LOWEST     57           300 PM
 AVERAGE    75

..........................................................


THE ATLANTIC CITY NJ CLIMATE NORMALS FOR TOMORROW
                         NORMAL    RECORD    YEAR
 MAXIMUM TEMPERATURE (F)   63        87      2002
 MINIMUM TEMPERATURE (F)   43        25      1875


SUNRISE AND SUNSET
APRIL 17 2015.........SUNRISE   619 AM EDT   SUNSET   738 PM EDT
APRIL 18 2015.........SUNRISE   617 AM EDT   SUNSET   739 PM EDT


-  INDICATES NEGATIVE NUMBERS.
R  INDICATES RECORD WAS SET OR TIED.
MM INDICATES DATA IS MISSING.
T  INDICATES TRACE AMOUNT.




$$
