000
CDAK48 PADQ 012217
CLIADQ

CLIMATE REPORT
NATIONAL WEATHER SERVICE KODIAK, AK
217 PM AKDT WED APR 1 2015

...................................
...THE KODIAK AP CLIMATE SUMMARY FOR APRIL 1 2015...
VALID TODAY AS OF 2:00 PM LOCAL TIME

CLIMATE NORMAL PERIOD  1981 TO  2010
CLIMATE RECORD PERIOD  1949 TO  2015

WEATHER ITEM   OBSERVED TIME    RECORD YEAR NORMAL DEPARTURE LAST
               VALUE    (LST)   VALUE       VALUE  FROM      YEAR
                                                   NORMAL
...................................................................
TEMPERATURE
TODAY
 MAXIMUM            43  1108 AM    53  1954     40       3     39
 MINIMUM            31  0559 AM    15  1985     29       2     24
 AVERAGE            37                          35       2     32

PRECIPITATION
(INCHES)
 TODAY               T           0.71  1994   0.19   -0.19      T
 MONTH TO DATE       T                        0.19   -0.19      T
 SINCE MAR 1      7.53                        5.72    1.81   3.96
 SINCE JAN 1     26.45                       20.15    6.30  25.21

SNOWFALL
(INCHES)
 TODAY               T            4.6  1966    0.4    -0.4      T
 MONTH TO DATE       T                         0.4    -0.4      T
 SINCE MAR 1       1.5                        11.7   -10.2   11.5
 SINCE JUL 1      16.9                        61.1   -44.2   42.5
 SNOW DEPTH (IN)     0                                          0

DEGREE DAYS
 HEATING
  TODAY             28                          30      -2     33
  MONTH TO DATE     28                          30      -2     33
  SINCE MAR 1      904                        1028    -124   1003
  SINCE JUL 1     5822                        6901   -1079   6289

 COOLING
  TODAY              0                           0       0      0
  MONTH TO DATE      0                           0       0      0
  SINCE MAR 1        0                           0       0      0
  SINCE JAN 1        0                           0       0      0
...................................................................

WIND (MPH)
 HIGHEST WIND SPEED    26     HIGHEST WIND DIRECTION     30
 HIGHEST GUST SPEED    34     HIGHEST GUST DIRECTION     40
 AVERAGE WIND SPEED    MM

SKY COVER
  POSSIBLE SUNSHINE  MM            AVERAGE SKY COVER MM

WEATHER CONDITIONS
 THE FOLLOWING WEATHER WAS RECORDED TODAY.
RAIN
SNOW


RELATIVE HUMIDITY
 HIGHEST RH     MM PERCENT       MM
 LOWEST  RH     MM PERCENT       MM
 AVERAGE RH     MM PERCENT       MM
...................................................................

THE KODIAK CLIMATE NORMALS FOR TOMORROW
                        NORMAL    RECORD   YEAR
 MAXIMUM TEMPERATURE      40        50     1989
 MINIMUM TEMPERATURE      30        10     1985

SUNRISE AND SUNSET
 APR 1 2015..........SUNRISE  7:39 AM      SUNSET  8:51 PM
 APR 2 2015..........SUNRISE  7:36 AM      SUNSET  8:53 PM

-  INDICATES NEGATIVE NUMBERS.
R  INDICATES RECORD HAS BEEN SET OR TIED.
MM INDICATES DATA IS MISSING.
T  INDICATES TRACE OF PRECIPITATION.

&&
-------------------------------------------------------------------

AMOUNT OF DAYLIGHT TODAY  (HOUR:MIN)........13 HOURS 12 MINUTES
GAIN/LOSS SINCE YESTERDAY (HOUR:MIN:SEC)....+0:04:59

$$
*** APR 15
