000
CDAK48 PAFC 031245
CLIANC

CLIMATE REPORT
NATIONAL WEATHER SERVICE ANCHORAGE, AK
444 AM AKDT SUN MAY 3 2015


...................................

...THE ANCHORAGE AK CLIMATE SUMMARY FOR MAY 2 2015...

CLIMATE NORMAL PERIOD 1981 TO 2010
CLIMATE RECORD PERIOD 1952 TO 2015


WEATHER ITEM   OBSERVED RECORD YEAR NORMAL DEPARTURE LAST
                VALUE   VALUE       VALUE  FROM      YEAR
                                           NORMAL
...........................................................
TEMPERATURE (F)
 YESTERDAY
  MAXIMUM         60     69    2014  51      9       69
  MINIMUM         33     27    2002  35     -2       37
                               1964
                               1963
  AVERAGE         47                 43      4       53

PRECIPITATION (IN)
  YESTERDAY        0.00   0.20 1971   0.02  -0.02
  MONTH TO DATE    0.00               0.04  -0.04
  SINCE MAR 1      1.43               1.11   0.32
  SINCE JAN 1      2.51               2.56  -0.05

SNOWFALL (IN)
  YESTERDAY        0.0    0.2  1965   0.1   -0.1
  MONTH TO DATE    0.0                0.1   -0.1
  SINCE MAR 1      4.6               14.0   -9.4
  SINCE JUL 1     25.1               74.3  -49.2
  SNOW DEPTH       0

DEGREE DAYS
 HEATING
  YESTERDAY       18                        -4
  MONTH TO DATE   39                        -5
  SINCE MAR 1   1851                      -231
  SINCE JUL 1   8203                     -1208

 COOLING
  YESTERDAY        0                         0
  MONTH TO DATE    0                         0
  SINCE MAR 1      0                         0
  SINCE JAN 1      0                         0
...........................................................


WIND (MPH)
  HIGHEST WIND SPEED    13   HIGHEST WIND DIRECTION     S (170)
  HIGHEST GUST SPEED    27   HIGHEST GUST DIRECTION     S (170)
  AVERAGE WIND SPEED     5.6




RELATIVE HUMIDITY (PERCENT)
 HIGHEST    89
 LOWEST     32
 AVERAGE    61

..........................................................


THE ANCHORAGE AK CLIMATE NORMALS FOR TODAY
                         NORMAL    RECORD    YEAR
 MAXIMUM TEMPERATURE (F)   52        67      2014
 MINIMUM TEMPERATURE (F)   36        24      2001


SUNRISE AND SUNSET
MAY  3 2015...........SUNRISE   546 AM AKDT  SUNSET  1010 PM AKDT
MAY  4 2015...........SUNRISE   543 AM AKDT  SUNSET  1013 PM AKDT

CIVIL TWILIGHT
MAY 3 2015              START   448 AM AKDT     END  1109 PM AKDT
MAY 4 2015              START   445 AM AKDT     END  1113 PM AKDT



-  INDICATES NEGATIVE NUMBERS.
R  INDICATES RECORD WAS SET OR TIED.
MM INDICATES DATA IS MISSING.
T  INDICATES TRACE AMOUNT.




$$
&&
------------------------------------------------------
