000
CDAK47 PANT 031028
CLIANN

CLIMATE REPORT
NATIONAL WEATHER SERVICE ANNETTE, AK
228 AM AKDT SUN MAY 3 2015

...................................
...THE ANNETTE WSO AP CLIMATE SUMMARY FOR MAY 2 2015...

CLIMATE NORMAL PERIOD  1981 TO  2010
CLIMATE RECORD PERIOD  1948 TO  2015

WEATHER ITEM   OBSERVED TIME    RECORD YEAR NORMAL DEPARTURE LAST
               VALUE    (LST)   VALUE       VALUE  FROM      YEAR
                                                   NORMAL
...................................................................
TEMPERATURE
YESTERDAY
 MAXIMUM            54  1251 PM    76  2009     53       1     65
 MINIMUM            36  0150 AM    33  1999     41      -5     45
 AVERAGE            45                          47      -2     55

PRECIPITATION
(INCHES)
 YESTERDAY        0.00           2.39  1965   0.20   -0.20      T
 MONTH TO DATE    0.17                        0.40   -0.23      T
 SINCE MAR 1     22.09                       15.22    6.87  23.74
 SINCE JAN 1     43.15                       33.26    9.89  35.84

SNOWFALL
(INCHES)
 YESTERDAY         0.0            0.2  1999    0.0     0.0    0.0
 MONTH TO DATE     0.0                         0.0     0.0    0.0
 SINCE MAR 1         T                         8.3    -8.3    0.3
 SINCE JUL 1      10.2                        34.8   -24.6   25.4
 SNOW DEPTH (IN)     0                                          0

DEGREE DAYS
 HEATING
  YESTERDAY         20                          18       2     10
  MONTH TO DATE     40                          36       4     20
  SINCE MAR 1     1276                        1443    -167   1526
  SINCE JUL 1     5360                        5981    -621   6015

 COOLING
  YESTERDAY          0                           0       0      0
  MONTH TO DATE      0                           0       0      0
  SINCE MAR 1        0                           0       0      0
  SINCE JAN 1        0                           0       0      0
...................................................................

WIND (MPH)
 HIGHEST WIND SPEED     9     HIGHEST WIND DIRECTION    190
 HIGHEST GUST SPEED    13     HIGHEST GUST DIRECTION    200
 AVERAGE WIND SPEED   1.9

SKY COVER
  POSSIBLE SUNSHINE    MM          AVERAGE SKY COVER     MM

WEATHER CONDITIONS
 THE FOLLOWING WEATHER WAS RECORDED YESTERDAY.
  FOG


RELATIVE HUMIDITY
 HIGHEST RH     MM PERCENT       MM
 LOWEST  RH     MM PERCENT       MM
 AVERAGE RH     MM PERCENT       MM
...................................................................

THE ANNETTE CLIMATE NORMALS FOR TODAY
                           NORMAL    RECORD   YEAR
 MAXIMUM TEMPERATURE (F)     54        68     1991
 MINIMUM TEMPERATURE (F)     41        32     1999

SUNRISE AND SUNSET
 MAY 3 2015..........SUNRISE  5:02 AM      SUNSET  8:26 PM
 MAY 4 2015..........SUNRISE  5:00 AM      SUNSET  8:28 PM

-  INDICATES NEGATIVE NUMBERS.
R  INDICATES RECORD HAS BEEN SET OR TIED.
MM INDICATES DATA IS MISSING.
T  INDICATES TRACE OF PRECIPITATION.

&&
-------------------------------------------------------------------

AMOUNT OF DAYLIGHT TODAY  (HOUR:MIN)........15 HOURS 24 MINUTES
GAIN/LOSS SINCE YESTERDAY (HOUR:MIN:SEC)....+0:04:02

$$
MM MAY 15
