000
CDUS44 KLCH 182212
CLIARA


CLIMATE REPORT
NATIONAL WEATHER SERVICE LAKE CHARLES, LA
512 PM CDT SAT APR 18 2015


...................................

...THE NEW IBERIA CLIMATE SUMMARY FOR APRIL 18 2015...
VALID TODAY AS OF 0500 PM LOCAL TIME.

CLIMATE NORMAL PERIOD 1981 TO 2010
CLIMATE RECORD PERIOD 1948 TO 2015


WEATHER ITEM   OBSERVED TIME   RECORD YEAR NORMAL DEPARTURE LAST
                VALUE   (LST)  VALUE       VALUE  FROM      YEAR
                                                  NORMAL
..................................................................
TEMPERATURE (F)
 TODAY
  MAXIMUM         79   1229 PM  92    1948  80     -1       79
  MINIMUM         70    808 AM  43    1999  57     13       61
                                      1997
  AVERAGE         75                        68      7       70

PRECIPITATION (IN)
  TODAY            1.12          2.15 1973   0.16   0.96     0.00
  MONTH TO DATE    7.84                      2.67   5.17     2.24
  SINCE MAR 1     11.72                      6.44   5.28     3.75
  SINCE JAN 1     18.18                     15.85   2.33    12.09

SNOWFALL (IN)
  TODAY           MM             0.0    MM  MM               0.0
  MONTH TO DATE    0.0                      MM               0.0
  SINCE MAR 1      T                        MM               0.0
  SINCE JUL 1      T                        MM               0.1

DEGREE DAYS
 HEATING
  TODAY            0                         1     -1        0
  MONTH TO DATE    0                        38    -38       43
  SINCE MAR 1     72                       186   -114      256
  SINCE JUL 1   1415                      1402     13     1780

 COOLING
  TODAY           10                         5      5        5
  MONTH TO DATE  131                        66     65       54
  SINCE MAR 1    223                       118    105       77
  SINCE JAN 1    227                       149     78       95
..................................................................


WIND (MPH)
  RESULTANT WIND SPEED   7   RESULTANT WIND DIRECTION  SE (130)
  HIGHEST WIND SPEED    15   HIGHEST WIND DIRECTION     S (160)
  HIGHEST GUST SPEED    31   HIGHEST GUST DIRECTION    SW (240)
  AVERAGE WIND SPEED    11.0


SKY COVER
  POSSIBLE SUNSHINE  MM
  AVERAGE SKY COVER 0.7


WEATHER CONDITIONS
 THE FOLLOWING WEATHER WAS RECORDED TODAY.
  THUNDERSTORM
  HEAVY RAIN
  RAIN
  LIGHT RAIN
  FOG


RELATIVE HUMIDITY (PERCENT)
 HIGHEST    97           300 AM
 LOWEST     69           100 PM
 AVERAGE    83

..........................................................


THE NEW IBERIA CLIMATE NORMALS FOR TOMORROW
                         NORMAL    RECORD    YEAR
 MAXIMUM TEMPERATURE (F)   80        91      1987
 MINIMUM TEMPERATURE (F)   58        43      2008
                                             1953


SUNRISE AND SUNSET
APRIL 18 2015.........SUNRISE   638 AM CDT   SUNSET   737 PM CDT
APRIL 19 2015.........SUNRISE   637 AM CDT   SUNSET   737 PM CDT


-  INDICATES NEGATIVE NUMBERS.
R  INDICATES RECORD WAS SET OR TIED.
MM INDICATES DATA IS MISSING.
T  INDICATES TRACE AMOUNT.




$$
