000
CDUS44 KEWX 192222
CLIATT


CLIMATE REPORT
NATIONAL WEATHER SERVICE AUSTIN/SAN ANTONIO, TX
521 PM CDT SUN APR 19 2015


...................................

...THE AUSTIN CAMP MABRY CLIMATE SUMMARY FOR APRIL 19 2015...
VALID TODAY AS OF 520 PM LOCAL TIME.

CLIMATE NORMAL PERIOD 1981 TO 2010
CLIMATE RECORD PERIOD 1897 TO 2015


WEATHER ITEM   OBSERVED TIME   RECORD YEAR NORMAL DEPARTURE LAST
                VALUE   (LST)  VALUE       VALUE  FROM      YEAR
                                                  NORMAL
..................................................................
TEMPERATURE (F)
 TODAY
  MAXIMUM         89    305 PM  98    1951  81      8       78
  MINIMUM         57   1259 AM  35    1901  60     -3       54
  AVERAGE         73                        70      3       66

PRECIPITATION (IN)
  TODAY            0.00          2.53 1949   0.07  -0.07     0.00
  MONTH TO DATE    1.20                      1.20   0.00     1.88
  SINCE MAR 1      6.03                      3.96   2.07     3.15
  SINCE JAN 1     11.55                      8.20   3.35     3.98

SNOWFALL (IN)
  TODAY            0.0
  MONTH TO DATE    0.0
  SINCE MAR 1      T
  SINCE JUL 1      T
  SNOW DEPTH       0

DEGREE DAYS
 HEATING
  TODAY            0                         1     -1        0
  MONTH TO DATE    3                        33    -30       49
  SINCE MAR 1    206                       195     11      275
  SINCE JUL 1   1689                      1532    157     1771

 COOLING
  TODAY            8                         6      2        1
  MONTH TO DATE  130                        88     42       72
  SINCE MAR 1    192                       149     43      115
  SINCE JAN 1    203                       176     27      156
..................................................................


WIND (MPH)
  HIGHEST WIND SPEED    15   HIGHEST WIND DIRECTION    NW (300)
  HIGHEST GUST SPEED    25   HIGHEST GUST DIRECTION    NW (310)
  AVERAGE WIND SPEED     3.1


SKY COVER
  AVERAGE SKY COVER 0.5


WEATHER CONDITIONS
 THE FOLLOWING WEATHER WAS RECORDED TODAY.
  THUNDERSTORM
  FOG
  FOG W/VISIBILITY <= 1/4 MILE


RELATIVE HUMIDITY (PERCENT)
 HIGHEST   100          1200 AM
 LOWEST     31           200 PM
 AVERAGE    66

..........................................................


THE AUSTIN CAMP MABRY CLIMATE NORMALS FOR TOMORROW
                         NORMAL    RECORD    YEAR
 MAXIMUM TEMPERATURE (F)   81        97      1925
 MINIMUM TEMPERATURE (F)   60        39      1924


SUNRISE AND SUNSET
APRIL 19 2015.........SUNRISE   700 AM CDT   SUNSET   801 PM CDT
APRIL 20 2015.........SUNRISE   658 AM CDT   SUNSET   801 PM CDT


-  INDICATES NEGATIVE NUMBERS.
R  INDICATES RECORD WAS SET OR TIED.
MM INDICATES DATA IS MISSING.
T  INDICATES TRACE AMOUNT.




$$
