000
CDUS42 KGSP 180725
CLIAVL

CLIMATE REPORT
NATIONAL WEATHER SERVICE GREENVILLE-SPARTANBURG SC
324 AM EDT SAT APR 18 2015


...................................

...THE ASHEVILLE NC CLIMATE SUMMARY FOR APRIL 17 2015...

CLIMATE NORMAL PERIOD 1981 TO 2010
CLIMATE RECORD PERIOD 1869 TO 2015


WEATHER ITEM   OBSERVED TIME   RECORD YEAR NORMAL DEPARTURE LAST
                VALUE   (LST)  VALUE       VALUE  FROM      YEAR
                                                  NORMAL
..................................................................
TEMPERATURE (F)
 YESTERDAY
  MAXIMUM         74    102 PM  89    1896  68      6       59
  MINIMUM         52    449 AM  26    1904  43      9       30
  AVERAGE         63                        56      7       45

PRECIPITATION (IN)
  YESTERDAY        0.02          1.54 1945   0.10  -0.08     0.00
  MONTH TO DATE    3.36                      1.88   1.48     2.91
  SINCE MAR 1      5.48                      5.71  -0.23     5.21
  SINCE JAN 1     11.32                     13.14  -1.82    10.56

SNOWFALL (IN)
  YESTERDAY        0.0           2.0  1875   0.0             0.0
  MONTH TO DATE    0.0                       0.6             0.0
  SINCE MAR 1      T                         2.5             0.4
  SINCE JUL 1     13.3                       9.8             9.8
  SNOW DEPTH       0

DEGREE DAYS
 HEATING
  YESTERDAY        2                        10     -8       20
  MONTH TO DATE  113                       199    -86      180
  SINCE MAR 1    538                       754   -216      809
  SINCE JUL 1   3847                      3971   -124     4128

 COOLING
  YESTERDAY        0                         0      0        0
  MONTH TO DATE   18                         0     18        0
  SINCE MAR 1     18                         1     17        0
  SINCE JAN 1     18                         1     17        0
..................................................................


WIND (MPH)
  HIGHEST WIND SPEED    12   HIGHEST WIND DIRECTION     S (160)
  HIGHEST GUST SPEED    15   HIGHEST GUST DIRECTION    SW (210)
  AVERAGE WIND SPEED     3.1


SKY COVER
  POSSIBLE SUNSHINE  MM
  AVERAGE SKY COVER 0.7


WEATHER CONDITIONS
 THE FOLLOWING WEATHER WAS RECORDED YESTERDAY.
  LIGHT RAIN


RELATIVE HUMIDITY (PERCENT)
 HIGHEST    96           200 AM
 LOWEST     53          1200 PM
 AVERAGE    75

..........................................................


THE ASHEVILLE NC CLIMATE NORMALS FOR TODAY
                         NORMAL    RECORD    YEAR
 MAXIMUM TEMPERATURE (F)   69        90      1896
 MINIMUM TEMPERATURE (F)   43        28      1905


SUNRISE AND SUNSET
APRIL 18 2015.........SUNRISE   654 AM EDT   SUNSET   805 PM EDT
APRIL 19 2015.........SUNRISE   653 AM EDT   SUNSET   806 PM EDT


-  INDICATES NEGATIVE NUMBERS.
R  INDICATES RECORD WAS SET OR TIED.
MM INDICATES DATA IS MISSING.
T  INDICATES TRACE AMOUNT.




$$
