000
CDUS43 KGRR 060519
CLIAZO


CLIMATE REPORT
NATIONAL WEATHER SERVICE GRAND RAPIDS, MI
115 AM EDT WED MAY 6 2015


...................................

...THE KALAMAZOO MI CLIMATE SUMMARY FOR MAY 5 2015...

CLIMATE NORMAL PERIOD 1981 TO 2010
CLIMATE RECORD PERIOD 1998 TO 2015


WEATHER ITEM   OBSERVED TIME   NORMAL DEPARTURE LAST
                VALUE   (LST)  VALUE  FROM      YEAR
                                      NORMAL
......................................................
TEMPERATURE (F)
 YESTERDAY
  MAXIMUM         60    145 AM  67     -7       58
  MINIMUM         50    357 PM  45      5       42
  AVERAGE         55            56     -1       50

PRECIPITATION (IN)
  YESTERDAY        0.65          0.12   0.53      T
  MONTH TO DATE    0.91          0.59   0.32     0.14
  SINCE MAR 1      3.27          5.92  -2.65     3.41
  SINCE JAN 1      4.80          9.16  -4.36     5.94

DEGREE DAYS
 HEATING
  YESTERDAY       10            10      0       15
  MONTH TO DATE   25            52    -27       80
  SINCE MAR 1   1440          1422     18     1740
  SINCE JUL 1   6726          6195    531     6908

 COOLING
  YESTERDAY        0             0      0        0
  MONTH TO DATE    1             0      1        0
  SINCE MAR 1      1             4     -3        0
  SINCE JAN 1      1             4     -3        0
......................................................


WIND (MPH)
  RESULTANT WIND SPEED   4   RESULTANT WIND DIRECTION   E (70)
  HIGHEST WIND SPEED    13   HIGHEST WIND DIRECTION     E (70)
  HIGHEST GUST SPEED    20   HIGHEST GUST DIRECTION     E (90)
  AVERAGE WIND SPEED     4.9


SKY COVER
  AVERAGE SKY COVER 0.7


WEATHER CONDITIONS
 THE FOLLOWING WEATHER WAS RECORDED YESTERDAY.
  RAIN
  LIGHT RAIN
  FOG


RELATIVE HUMIDITY (PERCENT)
 HIGHEST    93           800 AM
 LOWEST     53           200 AM
 AVERAGE    73

..........................................................


THE KALAMAZOO MI CLIMATE NORMALS FOR TODAY
                         NORMAL
 MAXIMUM TEMPERATURE (F)   67
 MINIMUM TEMPERATURE (F)   45


SUNRISE AND SUNSET
MAY  6 2015...........SUNRISE   632 AM EDT   SUNSET   847 PM EDT
MAY  7 2015...........SUNRISE   630 AM EDT   SUNSET   848 PM EDT


-  INDICATES NEGATIVE NUMBERS.
R  INDICATES RECORD WAS SET OR TIED.
MM INDICATES DATA IS MISSING.
T  INDICATES TRACE AMOUNT.




$$
