000
CDAK48 PABE 181206
CLIBET

CLIMATE REPORT
NATIONAL WEATHER SERVICE BETHEL, AK
406 AM AKDT SAT APR 18 2015

...................................
...THE BETHEL AP CLIMATE SUMMARY FOR APRIL 17 2015...

CLIMATE NORMAL PERIOD  1981 TO  2015
CLIMATE RECORD PERIOD  1923 TO  2015

WEATHER ITEM   OBSERVED TIME    RECORD YEAR NORMAL DEPARTURE LAST
               VALUE    (LST)   VALUE       VALUE  FROM      YEAR
                                                   NORMAL
...................................................................
TEMPERATURE
YESTERDAY
 MAXIMUM            43  0516 PM    54  1926     35       8     48
 MINIMUM            11  0659 AM   -25  1924     20      -9     26
 AVERAGE            27                          28      -1     37

PRECIPITATION
(INCHES)
 YESTERDAY        0.00           0.32  2007   0.02   -0.02      T
 MONTH TO DATE    0.41                        0.39    0.02   0.17
 SINCE MAR 1      0.91                        1.10   -0.19   0.65
 SINCE JAN 1      1.95                        2.60   -0.65   2.23

SNOWFALL
(INCHES)
 YESTERDAY         0.0            4.1  1972    0.1    -0.1    0.0
 MONTH TO DATE     4.6                         3.8     0.8    1.0
 SINCE MAR 1      11.4                        12.0    -0.6    5.7
 SINCE JUL 1      36.9                        57.8   -20.9   27.8
 SNOW DEPTH (IN)     T                                          0

DEGREE DAYS
 HEATING
  YESTERDAY         38                          37       1     28
  MONTH TO DATE    672                         708     -36    621
  SINCE MAR 1     2042                        2252    -210   2234
  SINCE JUL 1     9817                       10998   -1181   9709

 COOLING
  YESTERDAY          0                           0       0      0
  MONTH TO DATE      0                           0       0      0
  SINCE MAR 1        0                           0       0      0
  SINCE JAN 1        0                           0       0      0
...................................................................

WIND (MPH)
 HIGHEST WIND SPEED    24     HIGHEST WIND DIRECTION     30
 HIGHEST GUST SPEED    31     HIGHEST GUST DIRECTION     30
 AVERAGE WIND SPEED  11.6

SKY COVER
  POSSIBLE SUNSHINE    MM          AVERAGE SKY COVER     MM

WEATHER CONDITIONS
 THE FOLLOWING WEATHER WAS RECORDED YESTERDAY.
  NO SIGNIFICANT WEATHER WAS OBSERVED.

RELATIVE HUMIDITY
 HIGHEST RH     MM PERCENT       MM
 LOWEST  RH     MM PERCENT       MM
 AVERAGE RH     MM PERCENT       MM
...................................................................

THE BETHEL CLIMATE NORMALS FOR TODAY
                           NORMAL    RECORD   YEAR
 MAXIMUM TEMPERATURE (F)     36        50     1926
 MINIMUM TEMPERATURE (F)     21        -9     1924

SUNRISE AND SUNSET
 APR 18 2015..........SUNRISE  7:19 AM      SUNSET 10:17 PM
 APR 19 2015..........SUNRISE  7:16 AM      SUNSET 10:19 PM

-  INDICATES NEGATIVE NUMBERS.
R  INDICATES RECORD HAS BEEN SET OR TIED.
MM INDICATES DATA IS MISSING.
T  INDICATES TRACE OF PRECIPITATION.

&&
-------------------------------------------------------------------

AMOUNT OF DAYLIGHT TODAY  (HOUR:MIN)........14 HOURS 58 MINUTES
GAIN/LOSS SINCE YESTERDAY (HOUR:MIN:SEC)....+0:05:35

$$
*** APR 15
