000
CDUS41 KCTP 050619
CLIBFD


CLIMATE REPORT
NATIONAL WEATHER SERVICE STATE COLLEGE PA
218 AM EDT TUE MAY 5 2015


...................................

...THE BRADFORD CLIMATE SUMMARY FOR MAY 4 2015...

CLIMATE NORMAL PERIOD 1981 TO 2010
CLIMATE RECORD PERIOD 1957 TO 2015


WEATHER ITEM   OBSERVED TIME   RECORD YEAR NORMAL DEPARTURE LAST
                VALUE   (LST)  VALUE       VALUE  FROM      YEAR
                                                  NORMAL
..................................................................
TEMPERATURE (F)
 YESTERDAY
  MAXIMUM         78    228 PM  82    2001  62     16       52
  MINIMUM         45    207 AM  22    2002  37      8       37
  AVERAGE         62                        50     12       45

PRECIPITATION (IN)
  YESTERDAY        0.01          1.29 2012   0.13  -0.12     0.04
  MONTH TO DATE    0.01                      0.49  -0.48     0.43
  SINCE MAR 1      6.58                      7.41  -0.83     6.69
  SINCE JAN 1      9.42                     13.05  -3.63    10.22

DEGREE DAYS
 HEATING
  YESTERDAY        3                        11     -8       20
  MONTH TO DATE   42                        44     -2       68
  SINCE MAR 1   1831                      1725    106     1853
  SINCE JUL 1   7730                      7295    435     7519

 COOLING
  YESTERDAY        0                         0      0        0
  MONTH TO DATE    0                         0      0        0
  SINCE MAR 1      0                         2     -2        2
  SINCE JAN 1      0                         2     -2        2
..................................................................


WIND (MPH)
  HIGHEST WIND SPEED    20   HIGHEST WIND DIRECTION    SW (240)
  HIGHEST GUST SPEED    28   HIGHEST GUST DIRECTION    SW (220)
  AVERAGE WIND SPEED     7.0


SKY COVER
  POSSIBLE SUNSHINE  MM
  AVERAGE SKY COVER 0.5


WEATHER CONDITIONS
 THE FOLLOWING WEATHER WAS RECORDED YESTERDAY.
  LIGHT RAIN
  FOG


RELATIVE HUMIDITY (PERCENT)
 HIGHEST    87          1100 PM
 LOWEST     25          1200 PM
 AVERAGE    56

..........................................................


THE BRADFORD CLIMATE NORMALS FOR TODAY
                         NORMAL    RECORD    YEAR
 MAXIMUM TEMPERATURE (F)   63        81      1999
 MINIMUM TEMPERATURE (F)   38        18      1974


SUNRISE AND SUNSET
MAY  5 2015...........SUNRISE   606 AM EDT   SUNSET   817 PM EDT
MAY  6 2015...........SUNRISE   605 AM EDT   SUNSET   818 PM EDT


-  INDICATES NEGATIVE NUMBERS.
R  INDICATES RECORD WAS SET OR TIED.
MM INDICATES DATA IS MISSING.
T  INDICATES TRACE AMOUNT.




$$
