000
CDUS41 KCAR 060530
CLIBGR


CLIMATE REPORT
NATIONAL WEATHER SERVICE CARIBOU, ME
130 AM EDT WED MAY 6 2015


...................................

...THE BANGOR ME CLIMATE SUMMARY FOR MAY 5 2015...

CLIMATE NORMAL PERIOD 1981 TO 2010
CLIMATE RECORD PERIOD 1925 TO 2015


WEATHER ITEM   OBSERVED TIME   RECORD YEAR NORMAL DEPARTURE LAST
                VALUE   (LST)  VALUE       VALUE  FROM      YEAR
                                                  NORMAL
..................................................................
TEMPERATURE (F)
 YESTERDAY
  MAXIMUM         72    313 PM  87    1944  61     11       61
  MINIMUM         51    842 PM  27    1946  39     12       43
  AVERAGE         62                        50     12       52

PRECIPITATION (IN)
  YESTERDAY        T             0.79 1994   0.12  -0.12      T
  MONTH TO DATE    T                         0.58  -0.58     0.86
  SINCE MAR 1      3.84                      7.58  -3.74     6.79
  SINCE JAN 1      8.73                     12.99  -4.26    11.96

SNOWFALL (IN)
  YESTERDAY        0.0           0.0  2002   0.0             0.0
                                      2001
  MONTH TO DATE    0.0                       0.0             0.0
  SINCE MAR 1     21.9                      15.4            16.8
  SINCE JUL 1    139.0                      66.1            80.0
  SNOW DEPTH       0

DEGREE DAYS
 HEATING
  YESTERDAY        3                        15    -12       13
  MONTH TO DATE   58                        78    -20       81
  SINCE MAR 1   2033                      1830    203     2074
  SINCE JUL 1   7923                      7476    447     7826

 COOLING
  YESTERDAY        0                         0      0        0
  MONTH TO DATE    0                         0      0        0
  SINCE MAR 1      0                         0      0        0
  SINCE JAN 1      0                         0      0        0
..................................................................


WIND (MPH)
  RESULTANT WIND SPEED   9   RESULTANT WIND DIRECTION  NW (300)
  HIGHEST WIND SPEED    21   HIGHEST WIND DIRECTION    NW (320)
  HIGHEST GUST SPEED    30   HIGHEST GUST DIRECTION    NW (310)


SKY COVER
  POSSIBLE SUNSHINE  MM
  AVERAGE SKY COVER 0.7


WEATHER CONDITIONS
 THE FOLLOWING WEATHER WAS RECORDED YESTERDAY.
  LIGHT RAIN


RELATIVE HUMIDITY (PERCENT)
 HIGHEST    64
 LOWEST     15
 AVERAGE    40

..........................................................


THE BANGOR ME CLIMATE NORMALS FOR TODAY
                         NORMAL    RECORD    YEAR
 MAXIMUM TEMPERATURE (F)   62        87      1930
 MINIMUM TEMPERATURE (F)   39        29      1940


SUNRISE AND SUNSET
MAY  6 2015...........SUNRISE   518 AM EDT   SUNSET   746 PM EDT
MAY  7 2015...........SUNRISE   517 AM EDT   SUNSET   747 PM EDT


-  INDICATES NEGATIVE NUMBERS.
R  INDICATES RECORD WAS SET OR TIED.
MM INDICATES DATA IS MISSING.
T  INDICATES TRACE AMOUNT.




$$
