000
CDUS45 KVEF 050026
CLIBIH


CLIMATE REPORT
NATIONAL WEATHER SERVICE LAS VEGAS, NV
526 PM PDT MON MAY 4 2015


...................................

...THE BISHOP CA CLIMATE SUMMARY FOR MAY 4 2015...
VALID TODAY AS OF 0500 PM LOCAL TIME.

CLIMATE NORMAL PERIOD 1981 TO 2010
CLIMATE RECORD PERIOD 1943 TO 2015


WEATHER ITEM   OBSERVED RECORD YEAR NORMAL DEPARTURE LAST
                VALUE   VALUE       VALUE  FROM      YEAR
                                           NORMAL
...........................................................
TEMPERATURE (F)
 TODAY
  MAXIMUM         85     93    1947  78      7       88
  MINIMUM         43     29    1965  41      2       40
  AVERAGE         64

PRECIPITATION (IN)
  TODAY            0.00   0.45 1995   0.00   0.00     0.00
  MONTH TO DATE    0.00               0.02  -0.02     0.00
  SINCE OCT 1      0.74               4.33  -3.59     2.24
  SINCE JAN 1      0.28               2.71  -2.43     2.02

SNOWFALL (IN)
  TODAY            0.0    2.3  1964   0.0    0.0      0.0
  MONTH TO DATE    0.0                0.0    0.0      0.0
  SINCE MAR 1      T                  0.9   -0.9      0.1
  SINCE JUL 1      T                  6.8   -6.8      0.6
  SNOW DEPTH       0

DEGREE DAYS
 HEATING
  TODAY            1                  6     -5        1
  MONTH TO DATE    2                 25    -23        5
  SINCE MAR 1    552                860   -308      649
  SINCE JUL 1   2993               4067  -1074     3599

 COOLING
  TODAY            0                  1     -1        0
  MONTH TO DATE    1                  2     -1        3
  SINCE MAR 1      5                  6     -1        7
  SINCE JAN 1      5                  6     -1        7
...........................................................


WIND (MPH)
  RESULTANT WIND SPEED   3   RESULTANT WIND DIRECTION  NW (310)
  HIGHEST WIND SPEED    35   HIGHEST WIND DIRECTION     N (20)
  HIGHEST GUST SPEED    48   HIGHEST GUST DIRECTION    NE (30)
  AVERAGE WIND SPEED    10.3


SKY COVER
  POSSIBLE SUNSHINE  MM
  AVERAGE SKY COVER 0.1


WEATHER CONDITIONS
 THE FOLLOWING WEATHER WAS RECORDED TODAY.
  HAZE


RELATIVE HUMIDITY (PERCENT)
 HIGHEST    53           400 AM
 LOWEST     10           100 PM
 AVERAGE    32

..........................................................


THE BISHOP CA CLIMATE NORMALS FOR TOMORROW
                         NORMAL    RECORD    YEAR
 MAXIMUM TEMPERATURE (F)   79       100      1946
 MINIMUM TEMPERATURE (F)   42        28      1983
                                             1975


SUNRISE AND SUNSET
MAY  4 2015...........SUNRISE   555 AM PDT   SUNSET   746 PM PDT
MAY  5 2015...........SUNRISE   554 AM PDT   SUNSET   747 PM PDT


-  INDICATES NEGATIVE NUMBERS.
R  INDICATES RECORD WAS SET OR TIED.
MM INDICATES DATA IS MISSING.
T  INDICATES TRACE AMOUNT.




$$
