000
CDUS45 KBYZ 260935
CLIBIL


CLIMATE REPORT
NATIONAL WEATHER SERVICE BILLINGS MT
331 AM MDT SUN APR 26 2015


...................................

...THE BILLINGS MT CLIMATE SUMMARY FOR APRIL 25 2015...

CLIMATE NORMAL PERIOD 1981 TO 2010
CLIMATE RECORD PERIOD 1934 TO 2015


WEATHER ITEM   OBSERVED TIME   RECORD YEAR NORMAL DEPARTURE LAST
                VALUE   (LST)  VALUE       VALUE  FROM      YEAR
                                                  NORMAL
..................................................................
TEMPERATURE (F)
 YESTERDAY
  MAXIMUM         50    529 PM  84    1974  61    -11       66
  MINIMUM         39    750 AM  23    2002  37      2       38
                                      1960
  AVERAGE         45                        49     -4       52

PRECIPITATION (IN)
  YESTERDAY        0.20          1.46 1964   0.06   0.14      T
  MONTH TO DATE    1.33                      1.34  -0.01     0.26
  SINCE OCT 1      4.57                      5.67  -1.10     9.55
  SINCE JAN 1      3.00                      3.36  -0.36     4.66

SNOWFALL (IN)
  YESTERDAY        0.0           6.6  1988   0.2   -0.2      0.0
  MONTH TO DATE    5.9                       7.3   -1.4      0.6
  SINCE MAR 1     11.3                      17.5   -6.2     11.2
  SINCE JUL 1     55.4                      52.0    3.4    101.4
  SNOW DEPTH       0

DEGREE DAYS
 HEATING
  YESTERDAY       20                        16      4       13
  MONTH TO DATE  447                       491    -44      457
  SINCE MAR 1   1003                      1336   -333     1424
  SINCE JUL 1   5644                      6301   -657     6697

 COOLING
  YESTERDAY        0                         0      0        0
  MONTH TO DATE    0                         0      0        0
  SINCE MAR 1      0                         0      0        0
  SINCE JAN 1      0                         0      0        0
..................................................................


WIND (MPH)
  HIGHEST WIND SPEED    23   HIGHEST WIND DIRECTION    NW (320)
  HIGHEST GUST SPEED    28   HIGHEST GUST DIRECTION    NW (320)
  AVERAGE WIND SPEED     8.4


SKY COVER
  POSSIBLE SUNSHINE  MM
  AVERAGE SKY COVER 0.7


WEATHER CONDITIONS
 THE FOLLOWING WEATHER WAS RECORDED YESTERDAY.
  LIGHT RAIN
  FOG


RELATIVE HUMIDITY (PERCENT)
 HIGHEST    92           600 AM
 LOWEST     56           500 PM
 AVERAGE    74

..........................................................


THE BILLINGS MT CLIMATE NORMALS FOR TODAY
                         NORMAL    RECORD    YEAR
 MAXIMUM TEMPERATURE (F)   61        85      1946
 MINIMUM TEMPERATURE (F)   38        23      1994


SUNRISE AND SUNSET
APRIL 26 2015.........SUNRISE   610 AM MDT   SUNSET   815 PM MDT
APRIL 27 2015.........SUNRISE   608 AM MDT   SUNSET   816 PM MDT


-  INDICATES NEGATIVE NUMBERS.
R  INDICATES RECORD WAS SET OR TIED.
MM INDICATES DATA IS MISSING.
T  INDICATES TRACE AMOUNT.





&&

...THE CLIMATE SUMMARY FOR SOUTHWEST BILLINGS FOR 25 APRIL 2015...

HIGH TEMPERATURE........................53
LOW TEMPERATURE.........................40

PRECIPITATION...........................0.25
MONTHLY PRECIPITATION TOTAL.............1.40
YEARLY PRECIPITATION TOTAL..............3.08

SNOWFALL................................0.0
MONTHLY SNOWFALL TOTAL..................2.4
TOTAL SNOWFALL SINCE JULY 1.............53.3

SNOW DEPTH AT MIDNIGHT..................0

$$
