000
CDUS41 KRLX 070718
CLIBKW


CLIMATE REPORT
NATIONAL WEATHER SERVICE CHARLESTON WV
316 AM EDT THU MAY 7 2015


...................................

...THE BECKLEY WV CLIMATE SUMMARY FOR MAY 6 2015...

CLIMATE NORMAL PERIOD 1981 TO 2010
CLIMATE RECORD PERIOD 1963 TO 2015


WEATHER ITEM   OBSERVED TIME   RECORD YEAR NORMAL DEPARTURE LAST
                VALUE   (LST)  VALUE       VALUE  FROM      YEAR
                                                  NORMAL
..................................................................
TEMPERATURE (F)
 YESTERDAY
  MAXIMUM         81    214 PM  88    1950  68     13       78
  MINIMUM         55    353 AM  29    1957  47      8       55
  AVERAGE         68                        58     10       67

PRECIPITATION (IN)
  YESTERDAY        0.00          1.39 1984   0.14  -0.14     0.00
  MONTH TO DATE    0.17                      0.84  -0.67     0.06
  SINCE JAN 1     18.97                     13.34   5.63    10.31

SNOWFALL (IN)
  YESTERDAY        0.0
  MONTH TO DATE    0.0
  SINCE SEP 1     66.2
  SNOW DEPTH       0

DEGREE DAYS
 HEATING
  YESTERDAY        0                         8     -8        0
  MONTH TO DATE   37                        51    -14       41
  SINCE MAR 1   1060                      1159    -99     1159
  SINCE JUL 1   5393                      5160    233     5367

 COOLING
  YESTERDAY        3                         0      3        2
  MONTH TO DATE    4                         0      4        2
  SINCE MAR 1      7                        10     -3        7
  SINCE JAN 1      7                        10     -3        7
..................................................................


WIND (MPH)
  HIGHEST WIND SPEED    13   HIGHEST WIND DIRECTION     N (10)
  HIGHEST GUST SPEED    17   HIGHEST GUST DIRECTION     W (270)
  AVERAGE WIND SPEED     3.8


SKY COVER
  POSSIBLE SUNSHINE  MM
  AVERAGE SKY COVER 0.7


WEATHER CONDITIONS
 THE FOLLOWING WEATHER WAS RECORDED YESTERDAY.
  NO SIGNIFICANT WEATHER WAS OBSERVED.


RELATIVE HUMIDITY (PERCENT)
 HIGHEST    77           400 AM
 LOWEST     32          1200 PM
 AVERAGE    55

..........................................................


THE BECKLEY WV CLIMATE NORMALS FOR TODAY
                         NORMAL    RECORD    YEAR
 MAXIMUM TEMPERATURE (F)   68        85      1959
                                             1949
                                             1924
 MINIMUM TEMPERATURE (F)   47        28      1974
                                             1970
                                             1957


SUNRISE AND SUNSET
MAY  7 2015...........SUNRISE   622 AM EDT   SUNSET   820 PM EDT
MAY  8 2015...........SUNRISE   621 AM EDT   SUNSET   821 PM EDT


-  INDICATES NEGATIVE NUMBERS.
R  INDICATES RECORD WAS SET OR TIED.
MM INDICATES DATA IS MISSING.
T  INDICATES TRACE AMOUNT.




$$
