000
CDUS45 KBOI 040121
CLIBNO


CLIMATE REPORT
NATIONAL WEATHER SERVICE BOISE ID
720 PM MDT SUN MAY 3 2015


...................................

...THE BURNS OR CLIMATE SUMMARY FOR MAY 3 2015...
VALID TODAY AS OF 0600 PM LOCAL TIME.

CLIMATE NORMAL PERIOD 1981 TO 2010
CLIMATE RECORD PERIOD 1938 TO 2015


WEATHER ITEM   OBSERVED TIME   RECORD YEAR NORMAL DEPARTURE LAST
                VALUE   (LST)  VALUE       VALUE  FROM      YEAR
                                                  NORMAL
..................................................................
TEMPERATURE (F)
 TODAY
  MAXIMUM         76    319 PM  85    1966  62     14       72
  MINIMUM         36    341 AM  19    1964  33      3       35
  AVERAGE         56                        48      8       54

PRECIPITATION (IN)
  TODAY            0.00          1.00 1971   0.03  -0.03     0.00
  MONTH TO DATE    0.00                      0.10  -0.10     0.00
  SINCE OCT 1      6.75                      7.83  -1.08     5.52
  SINCE JAN 1      2.25                      4.33  -2.08     4.55

DEGREE DAYS
 HEATING
  TODAY            9                        17     -8       11
  MONTH TO DATE   34                        53    -19       31
  SINCE MAR 1   1395                      1565   -170     1455
  SINCE JUL 1   5869                      7093  -1224     6738

 COOLING
  TODAY            0                         0      0        0
  MONTH TO DATE    0                         0      0        0
  SINCE MAR 1      0                         0      0        0
  SINCE JAN 1      0                         0      0        0
..................................................................


WIND (MPH)
  HIGHEST WIND SPEED    16   HIGHEST WIND DIRECTION    SW (220)
  HIGHEST GUST SPEED    21   HIGHEST GUST DIRECTION    SW (210)
  AVERAGE WIND SPEED     5.6



WEATHER CONDITIONS
 THE FOLLOWING WEATHER WAS RECORDED TODAY.
  NO SIGNIFICANT WEATHER WAS OBSERVED.


RELATIVE HUMIDITY (PERCENT)
 HIGHEST    64           500 AM
 LOWEST     15           300 PM
 AVERAGE    40

..........................................................


THE BURNS OR CLIMATE NORMALS FOR TOMORROW
                         NORMAL    RECORD    YEAR
 MAXIMUM TEMPERATURE (F)   63        86      1966
 MINIMUM TEMPERATURE (F)   33        15      1996


SUNRISE AND SUNSET
MAY  3 2015...........SUNRISE   546 AM PDT   SUNSET   800 PM PDT
MAY  4 2015...........SUNRISE   544 AM PDT   SUNSET   801 PM PDT


-  INDICATES NEGATIVE NUMBERS.
R  INDICATES RECORD WAS SET OR TIED.
MM INDICATES DATA IS MISSING.
T  INDICATES TRACE AMOUNT.




$$
