000
CDUS45 KBOI 250932
CLIBOI


CLIMATE REPORT
NATIONAL WEATHER SERVICE BOISE ID
332 AM MDT SAT APR 25 2015


...................................

...THE BOISE ID CLIMATE SUMMARY FOR APRIL 24 2015...

CLIMATE NORMAL PERIOD 1981 TO 2010
CLIMATE RECORD PERIOD 1878 TO 2015


WEATHER ITEM   OBSERVED TIME   RECORD YEAR NORMAL DEPARTURE LAST
                VALUE   (LST)  VALUE       VALUE  FROM      YEAR
                                                  NORMAL
..................................................................
TEMPERATURE (F)
 YESTERDAY
  MAXIMUM         57    630 PM  91    1977  65     -8       62
                                      1910
  MINIMUM         45    616 AM  22    1950  41      4       44
  AVERAGE         51                        53     -2       53

PRECIPITATION (IN)
  YESTERDAY        0.06          0.95 1980   0.04   0.02     0.29
  MONTH TO DATE    0.60                      0.98  -0.38     1.42
  SINCE OCT 1      9.20                      8.25   0.95     9.68
  SINCE JAN 1      3.29                      4.60  -1.31     6.77

SNOWFALL (IN)
  YESTERDAY       MM             0.3  1984   0.0   MM        0.0
  MONTH TO DATE    T                         0.3   -0.3      0.0
  SINCE OCT 1     13.3                      19.2   -5.9     14.4
  SINCE JUL 1     13.3                      19.2   -5.9     14.4
  SNOW DEPTH       0

DEGREE DAYS
 HEATING
  YESTERDAY       14                        13      1       12
  MONTH TO DATE  349                       360    -11      325
  SINCE MAR 1    816                       996   -180      913
  SINCE JUL 1   4411                      5155   -744     5253

 COOLING
  YESTERDAY        0                         0      0        0
  MONTH TO DATE    0                         0      0        0
  SINCE MAR 1      0                         0      0        0
  SINCE JAN 1      0                         0      0        0
..................................................................


WIND (MPH)
  HIGHEST WIND SPEED    20   HIGHEST WIND DIRECTION    NW (310)
  HIGHEST GUST SPEED    25   HIGHEST GUST DIRECTION    NW (330)
  AVERAGE WIND SPEED     8.5


SKY COVER
  POSSIBLE SUNSHINE  MM
  AVERAGE SKY COVER 0.5


WEATHER CONDITIONS
 THE FOLLOWING WEATHER WAS RECORDED YESTERDAY.
  LIGHT RAIN


RELATIVE HUMIDITY (PERCENT)
 HIGHEST    86           500 AM
 LOWEST     35           700 PM
 AVERAGE    61

..........................................................


THE BOISE ID CLIMATE NORMALS FOR TODAY
                         NORMAL    RECORD    YEAR
 MAXIMUM TEMPERATURE (F)   65        92      1946
 MINIMUM TEMPERATURE (F)   41        26      1961
                                             1921


SUNRISE AND SUNSET
APRIL 25 2015.........SUNRISE   647 AM MDT   SUNSET   840 PM MDT
APRIL 26 2015.........SUNRISE   645 AM MDT   SUNSET   841 PM MDT


-  INDICATES NEGATIVE NUMBERS.
R  INDICATES RECORD WAS SET OR TIED.
MM INDICATES DATA IS MISSING.
T  INDICATES TRACE AMOUNT.




$$
