000
CDUS45 KBOI 020931
CLIBOI


CLIMATE REPORT
NATIONAL WEATHER SERVICE BOISE ID
331 AM MDT THU APR 2 2015


...................................

...THE BOISE ID CLIMATE SUMMARY FOR APRIL 1 2015...

CLIMATE NORMAL PERIOD 1981 TO 2010
CLIMATE RECORD PERIOD 1878 TO 2015


WEATHER ITEM   OBSERVED TIME   RECORD YEAR NORMAL DEPARTURE LAST
                VALUE   (LST)  VALUE       VALUE  FROM      YEAR
                                                  NORMAL
..................................................................
TEMPERATURE (F)
 YESTERDAY
  MAXIMUM         53    331 PM  82    1966  59     -6       45
  MINIMUM         36   1159 PM  11    1936  37     -1       35
  AVERAGE         45                        48     -3       40

PRECIPITATION (IN)
  YESTERDAY        T             0.76 1906   0.04  -0.04     0.43
  MONTH TO DATE    T                         0.04  -0.04     0.43
  SINCE OCT 1      8.60                      7.31   1.29     8.69
  SINCE JAN 1      2.69                      3.66  -0.97     5.78

SNOWFALL (IN)
  YESTERDAY        0.0           5.7  1906   0.0    0.0      0.0
  MONTH TO DATE    0.0                       0.0    0.0      0.0
  SINCE OCT 1     13.3                      18.9   -5.6     14.4
  SINCE JUL 1     13.3                      18.9   -5.6     14.4
  SNOW DEPTH       0

DEGREE DAYS
 HEATING
  YESTERDAY       20                        17      3       25
  MONTH TO DATE   20                        17      3       25
  SINCE MAR 1    487                       653   -166      613
  SINCE JUL 1   4082                      4812   -730     4953

 COOLING
  YESTERDAY        0                         0      0        0
  MONTH TO DATE    0                         0      0        0
  SINCE MAR 1      0                         0      0        0
  SINCE JAN 1      0                         0      0        0
..................................................................


WIND (MPH)
  HIGHEST WIND SPEED    25   HIGHEST WIND DIRECTION    NW (300)
  HIGHEST GUST SPEED    32   HIGHEST GUST DIRECTION    NW (300)
  AVERAGE WIND SPEED    10.6


SKY COVER
  POSSIBLE SUNSHINE  MM
  AVERAGE SKY COVER 0.4


WEATHER CONDITIONS
 THE FOLLOWING WEATHER WAS RECORDED YESTERDAY.
  LIGHT RAIN


RELATIVE HUMIDITY (PERCENT)
 HIGHEST    76           500 AM
 LOWEST     28           300 PM
 AVERAGE    52

..........................................................


THE BOISE ID CLIMATE NORMALS FOR TODAY
                         NORMAL    RECORD    YEAR
 MAXIMUM TEMPERATURE (F)   59        79      1943
 MINIMUM TEMPERATURE (F)   37        20      1976


SUNRISE AND SUNSET
APRIL  2 2015.........SUNRISE   725 AM MDT   SUNSET   813 PM MDT
APRIL  3 2015.........SUNRISE   723 AM MDT   SUNSET   814 PM MDT


-  INDICATES NEGATIVE NUMBERS.
R  INDICATES RECORD WAS SET OR TIED.
MM INDICATES DATA IS MISSING.
T  INDICATES TRACE AMOUNT.




$$
