000
CDUS44 KBRO 032127
CLIBRO


CLIMATE REPORT
NATIONAL WEATHER SERVICE BROWNSVILLE TX
427 PM CDT SUN MAY 3 2015


...................................

...THE BROWNSVILLE CLIMATE SUMMARY FOR MAY 3 2015...
VALID TODAY AS OF 0400 PM LOCAL TIME.

CLIMATE NORMAL PERIOD 1981 TO 2010
CLIMATE RECORD PERIOD 1878 TO 2015


WEATHER ITEM   OBSERVED TIME   RECORD YEAR NORMAL DEPARTURE LAST
                VALUE   (LST)  VALUE       VALUE  FROM      YEAR
                                                  NORMAL
..................................................................
TEMPERATURE (F)
 TODAY
  MAXIMUM         84    148 PM  98    1984  86     -2       88
  MINIMUM         67    117 AM  50    1893  70     -3       53
  AVERAGE         76                        78     -2       71

PRECIPITATION (IN)
  TODAY            T             3.48 1886   0.06  -0.06     0.00
  MONTH TO DATE    T                         0.18  -0.18     0.00
  SINCE MAR 1      6.45                      2.95   3.50     1.74
  SINCE JAN 1     10.77                      5.30   5.47     2.50

SNOWFALL (IN)
  TODAY            0.0           0.0  2002   0.0
                                      2001
  MONTH TO DATE    0.0                       0.0
  SINCE MAR 1      0.0                       0.0
  SINCE JUL 1      0.0                       0.0

DEGREE DAYS
 HEATING
  TODAY            0                         0      0        0
  MONTH TO DATE    0                         0      0        0
  SINCE MAR 1     67                        51     16      100
  SINCE JUL 1    690                       554    136      824

 COOLING
  TODAY           11                        13     -2        6
  MONTH TO DATE   25                        39    -14       13
  SINCE MAR 1    522                       515      7      427
  SINCE JAN 1    579                       656    -77      547
..................................................................


WIND (MPH)
  HIGHEST WIND SPEED    23   HIGHEST WIND DIRECTION    SE (150)
  HIGHEST GUST SPEED    30   HIGHEST GUST DIRECTION    SE (120)
  AVERAGE WIND SPEED    11.4


SKY COVER
  POSSIBLE SUNSHINE  MM
  AVERAGE SKY COVER 0.8


WEATHER CONDITIONS
 THE FOLLOWING WEATHER WAS RECORDED TODAY.
  NO SIGNIFICANT WEATHER WAS OBSERVED.


RELATIVE HUMIDITY (PERCENT)
 HIGHEST    90          1200 AM
 LOWEST     63          1200 PM
 AVERAGE    77

..........................................................


THE BROWNSVILLE CLIMATE NORMALS FOR TOMORROW
                         NORMAL    RECORD    YEAR
 MAXIMUM TEMPERATURE (F)   86        99      1999
 MINIMUM TEMPERATURE (F)   70        51      2013


SUNRISE AND SUNSET
MAY  3 2015...........SUNRISE   651 AM CDT   SUNSET   802 PM CDT
MAY  4 2015...........SUNRISE   651 AM CDT   SUNSET   803 PM CDT


-  INDICATES NEGATIVE NUMBERS.
R  INDICATES RECORD WAS SET OR TIED.
MM INDICATES DATA IS MISSING.
T  INDICATES TRACE AMOUNT.




$$
