000
CDAK49 PABR 062320
CLIBRW

CLIMATE REPORT
NATIONAL WEATHER SERVICE BARROW, AK
320 PM AKDT WED MAY 6 2015

...................................
...THE BARROW WSO AP CLIMATE SUMMARY FOR MAY 6 2015...
VALID TODAY AS OF 300 PM LOCAL TIME

CLIMATE NORMAL PERIOD  1981 TO  2010
CLIMATE RECORD PERIOD  1915 TO  2015

WEATHER ITEM   OBSERVED TIME    RECORD YEAR NORMAL DEPARTURE LAST
               VALUE    (LST)   VALUE       VALUE  FROM      YEAR
                                                   NORMAL
...................................................................
TEMPERATURE
TODAY
 MAXIMUM            15   218 PM    38  1981     21      -6     28
 MINIMUM             9   202 AM   -19  1984     10      -1     20
 AVERAGE            12                          16      -4     24

PRECIPITATION
(INCHES)
 TODAY               T           0.18  2000   0.01   -0.01      T
 MONTH TO DATE       T                        0.03   -0.03   0.07
 SINCE MAR 1      0.74                        0.28    0.46   0.42
 SINCE JAN 1      1.31                        0.55    0.76   0.79

SNOWFALL
(INCHES)
 TODAY             0.2            2.3  2000    0.1     0.1      T
 MONTH TO DATE     0.3                         0.6    -0.3    0.2
 SINCE MAR 1      10.9                         5.9     5.0    5.8
 SINCE JUL 1      54.0                        34.9    19.1   48.4
 SNOW DEPTH (IN)     7                                          3

DEGREE DAYS
 HEATING
  TODAY             53                          50       3     41
  MONTH TO DATE    295                         307     -12    218
  SINCE MAR 1     4384                        4606    -222   4202
  SINCE JUL 1    16527                       17454    -927  15925

 COOLING
  TODAY              0                           0       0      0
  MONTH TO DATE      0                           0       0      0
  SINCE MAR 1        0                           0       0      0
  SINCE JAN 1        0                           0       0      0
...................................................................

WIND (MPH)
 HIGHEST WIND SPEED    16     HIGHEST WIND DIRECTION    120
 HIGHEST GUST SPEED    18     HIGHEST GUST DIRECTION    120
 AVERAGE WIND SPEED    MM

SKY COVER
  POSSIBLE SUNSHINE  MM            AVERAGE SKY COVER MM

WEATHER CONDITIONS
 THE FOLLOWING WEATHER WAS RECORDED TODAY.
  FOG
  SNOW


RELATIVE HUMIDITY
 HIGHEST RH     MM PERCENT       MM
 LOWEST  RH     MM PERCENT       MM
 AVERAGE RH     MM PERCENT       MM
...................................................................

THE BARROW CLIMATE NORMALS FOR TOMORROW
                        NORMAL    RECORD   YEAR
 MAXIMUM TEMPERATURE      21        38     1981
 MINIMUM TEMPERATURE      11       -12     1944

SUNRISE AND SUNSET
 MAY 6 2015..........SUNRISE  355 AM      SUNSET  103 AM
 MAY 7 2015..........SUNRISE  345 AM      SUNSET  114 AM

-  INDICATES NEGATIVE NUMBERS.
R  INDICATES RECORD HAS BEEN SET OR TIED.
MM INDICATES DATA IS MISSING.
T  INDICATES TRACE OF PRECIPITATION.

&&
-------------------------------------------------------------------

AMOUNT OF DAYLIGHT TODAY  (HOUR:MIN)........21 HOURS 8 MINUTES
GAIN/LOSS SINCE YESTERDAY (HOUR:MIN:SEC)....+0:18:03

$$
DPA MAY 15
