000
CDUS45 KPIH 270731
CLIBYI


CLIMATE REPORT
NATIONAL WEATHER SERVICE POCATELLO ID
129 AM MDT MON APR 27 2015


...................................

...THE BURLEY ID CLIMATE SUMMARY FOR APRIL 26 2015...

CLIMATE NORMAL PERIOD 1981 TO 2010
CLIMATE RECORD PERIOD 1948 TO 2015


WEATHER ITEM   OBSERVED TIME   RECORD YEAR NORMAL DEPARTURE LAST
                VALUE   (LST)  VALUE       VALUE  FROM      YEAR
                                                  NORMAL
..................................................................
TEMPERATURE (F)
 YESTERDAY
  MAXIMUM         56    513 PM  87    1992  61     -5       52
  MINIMUM         34    535 AM  22    2008  36     -2       33
  AVERAGE         45                        48     -3       43

PRECIPITATION (IN)
  YESTERDAY        T             0.57 1971   0.04  -0.04      T
  MONTH TO DATE    0.22                      0.90  -0.68     1.23
  SINCE OCT 1      3.57                      6.44  -2.87     5.16
  SINCE JAN 1      1.52                      3.61  -2.09     4.55

SNOWFALL (IN)
  YESTERDAY       MM
  MONTH TO DATE   MM
  SINCE MAR 1     MM
  SINCE JUL 1     MM
  SNOW DEPTH      MM

DEGREE DAYS
 HEATING
  YESTERDAY       20                        16      4       22
  MONTH TO DATE  476                       505    -29      459
  SINCE MAR 1   1072                      1302   -230     1154
  SINCE JUL 1   5049                      6324  -1275     5849

 COOLING
  YESTERDAY        0                         0      0        0
  MONTH TO DATE    0                         0      0        0
  SINCE MAR 1      0                         0      0        0
  SINCE JAN 1      0                         0      0        0
..................................................................


WIND (MPH)
  HIGHEST WIND SPEED    28   HIGHEST WIND DIRECTION     W (260)
  HIGHEST GUST SPEED    37   HIGHEST GUST DIRECTION     W (250)
  AVERAGE WIND SPEED    17.3


SKY COVER
  POSSIBLE SUNSHINE  MM
  AVERAGE SKY COVER 0.2


WEATHER CONDITIONS
 THE FOLLOWING WEATHER WAS RECORDED YESTERDAY.
  LIGHT SNOW


RELATIVE HUMIDITY (PERCENT)
 HIGHEST    76           100 AM
 LOWEST     29           600 PM
 AVERAGE    53

..........................................................


THE BURLEY ID CLIMATE NORMALS FOR TODAY
                         NORMAL    RECORD    YEAR
 MAXIMUM TEMPERATURE (F)   62        88      2000
 MINIMUM TEMPERATURE (F)   36        24      2008


SUNRISE AND SUNSET
APRIL 27 2015.........SUNRISE   636 AM MDT   SUNSET   830 PM MDT
APRIL 28 2015.........SUNRISE   634 AM MDT   SUNSET   832 PM MDT


-  INDICATES NEGATIVE NUMBERS.
R  INDICATES RECORD WAS SET OR TIED.
MM INDICATES DATA IS MISSING.
T  INDICATES TRACE AMOUNT.




$$
