000
CDUS42 KCAE 030525
CLICAE


CLIMATE REPORT
NATIONAL WEATHER SERVICE COLUMBIA SC
125 AM EDT SUN MAY 3 2015


...................................

...THE COLUMBIA METRO AIRPORT SC CLIMATE SUMMARY FOR MAY 2 2015...

CLIMATE NORMAL PERIOD 1981 TO 2010
CLIMATE RECORD PERIOD 1887 TO 2015


WEATHER ITEM   OBSERVED TIME   RECORD YEAR NORMAL DEPARTURE LAST
                VALUE   (LST)  VALUE       VALUE  FROM      YEAR
                                                  NORMAL
..................................................................
TEMPERATURE (F)
 YESTERDAY
  MAXIMUM         79    531 PM  95    1990  81     -2       71
  MINIMUM         46    606 AM  34    1963  55     -9       55
  AVERAGE         63                        68     -5       63

PRECIPITATION (IN)
  YESTERDAY        0.00          2.05 1964   0.10  -0.10     0.01
  MONTH TO DATE    T                         0.19  -0.19     0.02
  SINCE MAR 1      6.81                      6.54   0.27     6.94
  SINCE JAN 1     14.17                     13.73   0.44    13.26

SNOWFALL (IN)
  YESTERDAY        0.0          MM      MM   0.0             0.0
  MONTH TO DATE    0.0                       0.0             0.0
  SINCE MAR 1      0.0                       0.1             0.0
  SINCE JUL 1      T                         1.5             4.2

DEGREE DAYS
 HEATING
  YESTERDAY        2                         2      0        2
  MONTH TO DATE    6                         4      2        2
  SINCE MAR 1    274                       436   -162      468
  SINCE JUL 1   2463                      2535    -72     2552

 COOLING
  YESTERDAY        0                         4     -4        0
  MONTH TO DATE    0                         8     -8        4
  SINCE MAR 1    143                        99     44      105
  SINCE JAN 1    143                       103     40      112
..................................................................


WIND (MPH)
  HIGHEST WIND SPEED    17   HIGHEST WIND DIRECTION     W (260)
  HIGHEST GUST SPEED    22   HIGHEST GUST DIRECTION     W (260)
  AVERAGE WIND SPEED     4.9


SKY COVER
  AVERAGE SKY COVER 0.1


WEATHER CONDITIONS
 THE FOLLOWING WEATHER WAS RECORDED YESTERDAY.
  HAZE


RELATIVE HUMIDITY (PERCENT)
 HIGHEST    93           500 AM
 LOWEST     27           300 PM
 AVERAGE    60

..........................................................


THE COLUMBIA METRO AIRPORT SC CLIMATE NORMALS FOR TODAY
                         NORMAL    RECORD    YEAR
 MAXIMUM TEMPERATURE (F)   81        95      1959
 MINIMUM TEMPERATURE (F)   55        37      1981


SUNRISE AND SUNSET
MAY  3 2015...........SUNRISE   634 AM EDT   SUNSET   810 PM EDT
MAY  4 2015...........SUNRISE   633 AM EDT   SUNSET   810 PM EDT


-  INDICATES NEGATIVE NUMBERS.
R  INDICATES RECORD WAS SET OR TIED.
MM INDICATES DATA IS MISSING.
T  INDICATES TRACE AMOUNT.




$$
