000
CDUS41 KCAR 020529
CLICAR


CLIMATE REPORT
NATIONAL WEATHER SERVICE CARIBOU, ME
127 AM EDT THU APR 2 2015


...................................

...THE CARIBOU ME CLIMATE SUMMARY FOR APRIL 1 2015...

CLIMATE NORMAL PERIOD 1981 TO 2010
CLIMATE RECORD PERIOD 1939 TO 2015


WEATHER ITEM   OBSERVED TIME   RECORD YEAR NORMAL DEPARTURE LAST
                VALUE   (LST)  VALUE       VALUE  FROM      YEAR
                                                  NORMAL
..................................................................
TEMPERATURE (F)
 YESTERDAY
  MAXIMUM         26    501 PM  66    1986  40    -14       46
  MINIMUM         14    650 AM   2    1964  23     -9       22
  AVERAGE         20                        32    -12       34

PRECIPITATION (IN)
  YESTERDAY        0.00          0.76 2002   0.08  -0.08     0.00
  MONTH TO DATE    0.00                      0.08  -0.08     0.00
  SINCE MAR 1      1.65                      2.59  -0.94     3.44
  SINCE JAN 1      5.75                      7.51  -1.76     9.66

SNOWFALL (IN)
  YESTERDAY        0.0           7.5  2011   0.4   -0.4      0.0
  MONTH TO DATE    0.0                       0.4   -0.4      0.0
  SINCE MAR 1     24.9                      18.7    6.2     42.1
  SINCE JUL 1    133.2                     101.2   32.0    141.5
  SNOW DEPTH      11

DEGREE DAYS
 HEATING
  YESTERDAY       45                        34     11       31
  MONTH TO DATE   45                        34     11       31
  SINCE MAR 1   1447                      1288    159     1571
  SINCE JUL 1   8188                      8009    179     8225

 COOLING
  YESTERDAY        0                         0      0        0
  MONTH TO DATE    0                         0      0        0
  SINCE MAR 1      0                         0      0        0
  SINCE JAN 1      0                         0      0        0
..................................................................


WIND (MPH)
  HIGHEST WIND SPEED    23   HIGHEST WIND DIRECTION    NW (330)
  HIGHEST GUST SPEED    30   HIGHEST GUST DIRECTION    NW (330)
  AVERAGE WIND SPEED    11.7


SKY COVER
  POSSIBLE SUNSHINE  MM
  AVERAGE SKY COVER 0.0


WEATHER CONDITIONS
 THE FOLLOWING WEATHER WAS RECORDED YESTERDAY.
  NO SIGNIFICANT WEATHER WAS OBSERVED.


RELATIVE HUMIDITY (PERCENT)
 HIGHEST    55           600 AM
 LOWEST     32           300 PM
 AVERAGE    44

..........................................................


THE CARIBOU ME CLIMATE NORMALS FOR TODAY
                         NORMAL    RECORD    YEAR
 MAXIMUM TEMPERATURE (F)   41        68      2010
 MINIMUM TEMPERATURE (F)   23        -2      1964


SUNRISE AND SUNSET
APRIL  2 2015.........SUNRISE   610 AM EDT   SUNSET   702 PM EDT
APRIL  3 2015.........SUNRISE   608 AM EDT   SUNSET   704 PM EDT


-  INDICATES NEGATIVE NUMBERS.
R  INDICATES RECORD WAS SET OR TIED.
MM INDICATES DATA IS MISSING.
T  INDICATES TRACE AMOUNT.




$$
