000
CDAK48 PACD 032322
CLICDB

CLIMATE REPORT
NATIONAL WEATHER SERVICE COLD BAY, AK
322 PM AKDT SUN MAY 3 2015

...................................
...THE COLD BAY AP CLIMATE SUMMARY FOR MAY 3 2015...
VALID TODAY AS OF 2:00 PM LOCAL TIME

CLIMATE NORMAL PERIOD  1981 TO  2010
CLIMATE RECORD PERIOD  1955 TO  2015

WEATHER ITEM   OBSERVED TIME    RECORD YEAR NORMAL DEPARTURE LAST
               VALUE    (LST)   VALUE       VALUE  FROM      YEAR
                                                   NORMAL
...................................................................
TEMPERATURE
TODAY
 MAXIMUM            51R 0155 PM    51  2014     43       8     51
 MINIMUM            28  0643 AM    23  2010     33      -5     37
 AVERAGE            40                          38       2     44

PRECIPITATION
(INCHES)
 TODAY            0.00           0.52  1988   0.07   -0.07   0.00
 MONTH TO DATE    0.08                        0.22   -0.14      T
 SINCE MAR 1      5.19                        5.34   -0.15   3.26
 SINCE JAN 1      7.70                       11.48   -3.78  11.71

SNOWFALL
(INCHES)
 TODAY             0.0            2.0  1949    0.1    -0.1    0.0
 MONTH TO DATE     0.0                         0.3    -0.3    0.0
 SINCE MAR 1      13.6                        19.9    -6.3    8.2
 SINCE JUL 1      22.3                        72.1   -49.8   37.3
 SNOW DEPTH (IN)     0                                          0

DEGREE DAYS
 HEATING
  TODAY             25                          27      -2     21
  MONTH TO DATE     78                          82      -4     68
  SINCE MAR 1     1926                        2091    -165   1805
  SINCE JUL 1     7299                        8315   -1016   6949

 COOLING
  TODAY              0                           0       0      0
  MONTH TO DATE      0                           0       0      0
  SINCE MAR 1        0                           0       0      0
  SINCE JAN 1        0                           0       0      0
...................................................................

WIND (MPH)
 HIGHEST WIND SPEED    17     HIGHEST WIND DIRECTION    150
 HIGHEST GUST SPEED    22     HIGHEST GUST DIRECTION    140
 AVERAGE WIND SPEED    MM

WEATHER CONDITIONS
 THE FOLLOWING WEATHER WAS RECORDED TODAY.
  FOG
...................................................................

THE COLD BAY CLIMATE NORMALS FOR TOMORROW
                        NORMAL    RECORD   YEAR
 MAXIMUM TEMPERATURE      43        50     2010
 MINIMUM TEMPERATURE      33        23     2010

SUNRISE AND SUNSET
 MAY 3 2015..........SUNRISE  7:06 AM      SUNSET 10:32 PM
 MAY 4 2015..........SUNRISE  7:04 AM      SUNSET 10:34 PM

-  INDICATES NEGATIVE NUMBERS.
R  INDICATES RECORD HAS BEEN SET OR TIED.
MM INDICATES DATA IS MISSING.
T  INDICATES TRACE OF PRECIPITATION.

&&
-------------------------------------------------------------------

AMOUNT OF DAYLIGHT TODAY  (HOUR:MIN)........15 HOURS 26 MINUTES
GAIN SINCE YESTERDAY (HOUR:MIN:SEC).........+0:04:04

$$
