000
CDUS44 KLUB 180626
CLICDS


CLIMATE REPORT
NATIONAL WEATHER SERVICE LUBBOCK, TX
126 AM CDT SAT APR 18 2015


...................................

...THE CHILDRESS CLIMATE SUMMARY FOR APRIL 17 2015...

CLIMATE NORMAL PERIOD 1981 TO 2010
CLIMATE RECORD PERIOD 1893 TO 2015


WEATHER ITEM   OBSERVED TIME   RECORD YEAR NORMAL DEPARTURE LAST
                VALUE   (LST)  VALUE       VALUE  FROM      YEAR
                                                  NORMAL
..................................................................
TEMPERATURE (F)
 YESTERDAY
  MAXIMUM         65    242 PM  99    2006  77    -12       57
  MINIMUM         57   1159 PM  35    1907  48      9       47
  AVERAGE         61                        63     -2       52

PRECIPITATION (IN)
  YESTERDAY        0.63          1.36 1995   0.07   0.56     0.01
  MONTH TO DATE    2.25                      1.05   1.20     0.01
  SINCE MAR 1      2.39                      2.58  -0.19     0.47
  SINCE JAN 1      3.56                      4.36  -0.80     0.83

SNOWFALL (IN)
  YESTERDAY        0.0          MM      MM   0.0    0.0     MM
  MONTH TO DATE    0.0                       0.1   -0.1      0.0
  SINCE MAR 1      0.0                       0.5   -0.5       T
  SINCE JUL 1      2.0                       6.9   -4.9      9.5
  SNOW DEPTH       0

DEGREE DAYS
 HEATING
  YESTERDAY        4                         5     -1       13
  MONTH TO DATE   50                       109    -59      125
  SINCE MAR 1    384                       484   -100      583
  SINCE JUL 1   2881                      3044   -163     3399

 COOLING
  YESTERDAY        0                         2     -2        0
  MONTH TO DATE   62                        29     33       33
  SINCE MAR 1     79                        47     32       43
  SINCE JAN 1     79                        48     31       43
..................................................................


WIND (MPH)
  RESULTANT WIND SPEED  10   RESULTANT WIND DIRECTION  SE (130)
  HIGHEST WIND SPEED    43   HIGHEST WIND DIRECTION     W (270)
  HIGHEST GUST SPEED    51   HIGHEST GUST DIRECTION     W (270)
  AVERAGE WIND SPEED    11.6


SKY COVER
  AVERAGE SKY COVER 0.8


WEATHER CONDITIONS
 THE FOLLOWING WEATHER WAS RECORDED YESTERDAY.
  THUNDERSTORM
  HEAVY RAIN
  RAIN
  LIGHT RAIN
  FOG


RELATIVE HUMIDITY (PERCENT)
 HIGHEST    97           800 PM
 LOWEST     84          1200 PM
 AVERAGE    91

..........................................................


THE CHILDRESS CLIMATE NORMALS FOR TODAY
                         NORMAL    RECORD    YEAR
 MAXIMUM TEMPERATURE (F)   77       100      2011
 MINIMUM TEMPERATURE (F)   49        33      1953
                                             1944


SUNRISE AND SUNSET
APRIL 18 2015.........SUNRISE   706 AM CDT   SUNSET   815 PM CDT
APRIL 19 2015.........SUNRISE   705 AM CDT   SUNSET   816 PM CDT


-  INDICATES NEGATIVE NUMBERS.
R  INDICATES RECORD WAS SET OR TIED.
MM INDICATES DATA IS MISSING.
T  INDICATES TRACE AMOUNT.




$$
