000
CDUS46 KEKA 271209
CLICEC


CLIMATE REPORT
NATIONAL WEATHER SERVICE EUREKA CA
509 AM PDT MON APR 27 2015


...................................

...THE CRESCENT CITY CA CLIMATE SUMMARY FOR APRIL 26 2015...

CLIMATE NORMAL PERIOD 1981 TO 2010
CLIMATE RECORD PERIOD 1894 TO 2015


WEATHER ITEM   OBSERVED TIME   RECORD YEAR NORMAL DEPARTURE LAST
                VALUE   (LST)  VALUE       VALUE  FROM      YEAR
                                                  NORMAL
..................................................................
TEMPERATURE (F)
 YESTERDAY
  MAXIMUM         59    220 PM  70    2004  55      4       55
  MINIMUM         46    232 AM  34    1984  45      1       38
  AVERAGE         53                        50      3       47

PRECIPITATION (IN)
  YESTERDAY        0.00          1.79 2010   0.13  -0.13     0.10
  MONTH TO DATE    5.23                      4.73   0.50     2.28
  SINCE OCT 1     41.20                     57.10 -15.90    25.17
  SINCE JAN 1     20.37                     31.86 -11.49    21.23

SNOWFALL (IN)
  YESTERDAY        0.0          MM      MM  MM     MM       MM
  MONTH TO DATE    0.0                      MM     MM        0.0
  SINCE MAR 1      0.0                      MM     MM        0.0
  SINCE JUL 1      0.0                      MM     MM        0.0
  SNOW DEPTH       0

DEGREE DAYS
 HEATING
  YESTERDAY       12                        15     -3       18
  MONTH TO DATE  401                       410     -9      383
  SINCE MAR 1    827                       923    -96      814
  SINCE JUL 1   3048                      4096  -1048     3980

 COOLING
  YESTERDAY        0                         0      0        0
  MONTH TO DATE    0                         0      0        0
  SINCE MAR 1      0                         0      0        0
  SINCE JAN 1      0                         0      0        0
..................................................................


WIND (MPH)
  HIGHEST WIND SPEED    10   HIGHEST WIND DIRECTION     S (190)
  HIGHEST GUST SPEED    13   HIGHEST GUST DIRECTION     N (340)
  AVERAGE WIND SPEED     5.2


SKY COVER
  AVERAGE SKY COVER 0.6


WEATHER CONDITIONS
 THE FOLLOWING WEATHER WAS RECORDED YESTERDAY.
  FOG


RELATIVE HUMIDITY (PERCENT)
 HIGHEST    93
 LOWEST     66
 AVERAGE    80

..........................................................


THE CRESCENT CITY CA CLIMATE NORMALS FOR TODAY
                         NORMAL    RECORD    YEAR
 MAXIMUM TEMPERATURE (F)   55        68      1992
 MINIMUM TEMPERATURE (F)   45        33      1955


SUNRISE AND SUNSET
APRIL 27 2015.........SUNRISE   619 AM PDT   SUNSET   811 PM PDT
APRIL 28 2015.........SUNRISE   618 AM PDT   SUNSET   812 PM PDT


-  INDICATES NEGATIVE NUMBERS.
R  INDICATES RECORD WAS SET OR TIED.
MM INDICATES DATA IS MISSING.
T  INDICATES TRACE AMOUNT.




$$
