000
CDUS42 KCHS 052114
CLICHS


CLIMATE REPORT
NATIONAL WEATHER SERVICE CHARLESTON SC
513 PM EDT TUE MAY 5 2015


...................................

...THE NORTH CHARLESTON SC CLIMATE SUMMARY FOR MAY 5 2015...
VALID TODAY AS OF 0500 PM LOCAL TIME.

CLIMATE NORMAL PERIOD 1981 TO 2010
CLIMATE RECORD PERIOD 1938 TO 2015


WEATHER ITEM   OBSERVED TIME   RECORD YEAR NORMAL DEPARTURE LAST
                VALUE   (LST)  VALUE       VALUE  FROM      YEAR
                                                  NORMAL
..................................................................
TEMPERATURE (F)
 TODAY
  MAXIMUM         80    147 PM  95    2014  81     -1       95
  MINIMUM         56    546 AM  44    1976  58     -2       66
                                      1939
  AVERAGE         68                        70     -2       81

PRECIPITATION (IN)
  TODAY            0.00          1.28 2013   0.10  -0.10     0.00
  MONTH TO DATE    0.00                      0.47  -0.47      T
  SINCE MAR 1      5.93                      7.09  -1.16    10.91
  SINCE JAN 1     13.86                     13.76   0.10    15.76

SNOWFALL (IN)
  TODAY            0.0                       0.0    0.0
  SINCE MAR 1      0.0                       0.0    0.0
  SINCE JUL 1      T                         0.5   -0.5

DEGREE DAYS
 HEATING
  TODAY            0                         1     -1        0
  MONTH TO DATE    4                         5     -1        0
  SINCE MAR 1    210                       332   -122      352
  SINCE JUL 1   1947                      1968    -21     1875

 COOLING
  TODAY            3                         5     -2       16
  MONTH TO DATE   10                        25    -15       40
  SINCE MAR 1    170                       136     34      188
  SINCE JAN 1    174                       143     31      198
..................................................................


WIND (MPH)
  HIGHEST WIND SPEED    16   HIGHEST WIND DIRECTION     E (110)
  HIGHEST GUST SPEED    22   HIGHEST GUST DIRECTION     E (110)
  AVERAGE WIND SPEED     6.6


SKY COVER
  POSSIBLE SUNSHINE  MM
  AVERAGE SKY COVER 0.3


WEATHER CONDITIONS
 THE FOLLOWING WEATHER WAS RECORDED TODAY.
  NO SIGNIFICANT WEATHER WAS OBSERVED.


RELATIVE HUMIDITY (PERCENT)
 HIGHEST    93           400 AM
 LOWEST     39           300 PM
 AVERAGE    66

..........................................................


THE NORTH CHARLESTON SC CLIMATE NORMALS FOR TOMORROW
                         NORMAL    RECORD    YEAR
 MAXIMUM TEMPERATURE (F)   81        95      1952
 MINIMUM TEMPERATURE (F)   59        44      1973


SUNRISE AND SUNSET
MAY  5 2015...........SUNRISE   629 AM EDT   SUNSET   805 PM EDT
MAY  6 2015...........SUNRISE   628 AM EDT   SUNSET   806 PM EDT


-  INDICATES NEGATIVE NUMBERS.
R  INDICATES RECORD WAS SET OR TIED.
MM INDICATES DATA IS MISSING.
T  INDICATES TRACE AMOUNT.




$$
