000
CDUS41 KILN 052054
CLICMH


CLIMATE REPORT
NATIONAL WEATHER SERVICE WILMINGTON OH
453 PM EDT TUE MAY 5 2015


...................................

...THE COLUMBUS OH CLIMATE SUMMARY FOR MAY 5 2015...
VALID TODAY AS OF 0400 PM LOCAL TIME.

CLIMATE NORMAL PERIOD 1981 TO 2010
CLIMATE RECORD PERIOD 1869 TO 2015


WEATHER ITEM   OBSERVED TIME   RECORD YEAR NORMAL DEPARTURE LAST
                VALUE   (LST)  VALUE       VALUE  FROM      YEAR
                                                  NORMAL
..................................................................
TEMPERATURE (F)
 TODAY
  MAXIMUM         81    330 PM  92    1952  70     11       59
                                      1895
  MINIMUM         61    557 AM  32    1979  49     12       46
  AVERAGE         71                        59     12       53

PRECIPITATION (IN)
  TODAY            0.71          1.97 1882   0.12   0.59     0.02
  MONTH TO DATE    0.93                      0.61   0.32     0.02
  SINCE MAR 1      8.94                      7.03   1.91     8.08
  SINCE JAN 1     13.51                     12.01   1.50    12.87

SNOWFALL (IN)
  TODAY            0.0           0.0    MM   0.0    0.0      0.0
  MONTH TO DATE    0.0                       0.0    0.0      0.0
  SINCE MAR 1      5.4                       5.3    0.1      5.4
  SINCE JUL 1     33.4                      26.7    6.7     56.4
  SNOW DEPTH       0

DEGREE DAYS
 HEATING
  TODAY            0                         7     -7       12
  MONTH TO DATE   16                        36    -20       43
  SINCE MAR 1   1195                      1123     72     1180
  SINCE JUL 1   5749                      5118    631     5564

 COOLING
  TODAY            6                         1      5        0
  MONTH TO DATE    8                         5      3        0
  SINCE MAR 1      8                        17     -9        8
  SINCE JAN 1      8                        17     -9        8
..................................................................


WIND (MPH)
  HIGHEST WIND SPEED    13   HIGHEST WIND DIRECTION    SW (230)
  HIGHEST GUST SPEED    16   HIGHEST GUST DIRECTION    SW (230)
  AVERAGE WIND SPEED     3.5


SKY COVER
  POSSIBLE SUNSHINE  MM
  AVERAGE SKY COVER 0.8


WEATHER CONDITIONS
 THE FOLLOWING WEATHER WAS RECORDED TODAY.
  THUNDERSTORM
  RAIN
  LIGHT RAIN
  FOG


RELATIVE HUMIDITY (PERCENT)
 HIGHEST   100           400 AM
 LOWEST     45           300 PM
 AVERAGE    73

..........................................................


THE COLUMBUS OH CLIMATE NORMALS FOR TOMORROW
                         NORMAL    RECORD    YEAR
 MAXIMUM TEMPERATURE (F)   70        91      1959
 MINIMUM TEMPERATURE (F)   49        29      1968


SUNRISE AND SUNSET
MAY  5 2015...........SUNRISE   627 AM EDT   SUNSET   830 PM EDT
MAY  6 2015...........SUNRISE   626 AM EDT   SUNSET   831 PM EDT


-  INDICATES NEGATIVE NUMBERS.
R  INDICATES RECORD WAS SET OR TIED.
MM INDICATES DATA IS MISSING.
T  INDICATES TRACE AMOUNT.




$$
