000
CDUS45 KTFX 061013
CLICTB


CLIMATE REPORT
NATIONAL WEATHER SERVICE GREAT FALLS MT
412 AM MDT WED MAY 6 2015


...................................

...THE CUT BANK MT CLIMATE SUMMARY FOR MAY 5 2015...

CLIMATE NORMAL PERIOD 1981 TO 2010
CLIMATE RECORD PERIOD 1903 TO 2015


WEATHER ITEM   OBSERVED TIME   RECORD YEAR NORMAL DEPARTURE LAST
                VALUE   (LST)  VALUE       VALUE  FROM      YEAR
                                                  NORMAL
..................................................................
TEMPERATURE (F)
 YESTERDAY
  MAXIMUM         70    133 PM  85    1992  59     11       59
  MINIMUM         41   1159 PM  15    1967  34      7       33
  AVERAGE         56                        47      9       46

PRECIPITATION (IN)
  YESTERDAY        T             0.83 1976   0.03  -0.03     0.02
  MONTH TO DATE    T                         0.18  -0.18     0.26
  SINCE OCT 1      3.82                      2.89   0.93     4.96
  SINCE JAN 1      1.29                      1.87  -0.58     3.76

SNOWFALL (IN)
  YESTERDAY       MM
  SNOW DEPTH       0

DEGREE DAYS
 HEATING
  YESTERDAY        9                        18     -9       19
  MONTH TO DATE   70                        95    -25       97
  SINCE MAR 1   1546                      1855   -309     2026
  SINCE JUL 1   7208                      7915   -707     8232

 COOLING
  YESTERDAY        0                         0      0        0
  MONTH TO DATE    0                         0      0        0
  SINCE MAR 1      0                         0      0        0
  SINCE JAN 1      0                         0      0        0
..................................................................


WIND (MPH)
  HIGHEST WIND SPEED    32   HIGHEST WIND DIRECTION     W (270)
  HIGHEST GUST SPEED    40   HIGHEST GUST DIRECTION     W (270)
  AVERAGE WIND SPEED    20.7


SKY COVER
  AVERAGE SKY COVER 0.4


WEATHER CONDITIONS
 THE FOLLOWING WEATHER WAS RECORDED YESTERDAY.
  LIGHT RAIN


RELATIVE HUMIDITY (PERCENT)
 HIGHEST    47           600 AM
 LOWEST     27           300 PM
 AVERAGE    37

..........................................................


THE CUT BANK MT CLIMATE NORMALS FOR TODAY
                         NORMAL    RECORD    YEAR
 MAXIMUM TEMPERATURE (F)   60        85      1992
 MINIMUM TEMPERATURE (F)   34        18      1929


SUNRISE AND SUNSET
MAY  6 2015...........SUNRISE   602 AM MDT   SUNSET   851 PM MDT
MAY  7 2015...........SUNRISE   600 AM MDT   SUNSET   853 PM MDT


-  INDICATES NEGATIVE NUMBERS.
R  INDICATES RECORD WAS SET OR TIED.
MM INDICATES DATA IS MISSING.
T  INDICATES TRACE AMOUNT.




$$
