000
CDUS45 KCYS 060728
CLICYS


CLIMATE REPORT
NATIONAL WEATHER SERVICE CHEYENNE WY
128 AM MDT WED MAY 6 2015


...................................

...THE CHEYENNE WYOMING AIRPORT CLIMATE SUMMARY FOR MAY 5 2015...

CLIMATE NORMAL PERIOD 1981 TO 2010
CLIMATE RECORD PERIOD 1871 TO 2015


WEATHER ITEM   OBSERVED TIME   RECORD YEAR NORMAL DEPARTURE LAST
                VALUE   (LST)  VALUE       VALUE  FROM      YEAR
                                                  NORMAL
..................................................................
TEMPERATURE (F)
 YESTERDAY
  MAXIMUM         50    430 PM  86    2000  61    -11       69
  MINIMUM         43    718 AM  20    1917  37      6       41
  AVERAGE         47                        49     -2       55

PRECIPITATION (IN)
  YESTERDAY        0.14          0.96 1969   0.07   0.07     0.00
  MONTH TO DATE    0.37                      0.34   0.03     0.00
  SINCE JAN 1      3.96                      3.97  -0.01     3.97

SNOWFALL (IN)
  YESTERDAY        0.0           7.2  1978   0.2   -0.2      0.0
  MONTH TO DATE    0.0                       0.8   -0.8      0.0
  SINCE JUL 1     50.1                      58.8   -8.7     78.7
  SNOW DEPTH       0

DEGREE DAYS
 HEATING
  YESTERDAY       18                        16      2       10
  MONTH TO DATE   59                        83    -24       55
  SINCE MAR 1   1393                      1649   -256     1561
  SINCE JUL 1   6039                      6668   -629     6765

 COOLING
  YESTERDAY        0                         0      0        0
  MONTH TO DATE    0                         0      0        0
  SINCE MAR 1      0                         0      0        0
  SINCE JAN 1      0                         0      0        0
..................................................................


WIND (MPH)
  HIGHEST WIND SPEED    20   HIGHEST WIND DIRECTION    SE (140)
  HIGHEST GUST SPEED    24   HIGHEST GUST DIRECTION    SE (140)
  AVERAGE WIND SPEED     9.7


SKY COVER
  AVERAGE SKY COVER 1.0


WEATHER CONDITIONS
 THE FOLLOWING WEATHER WAS RECORDED YESTERDAY.
  LIGHT RAIN
  FOG
  FOG W/VISIBILITY <= 1/4 MILE


RELATIVE HUMIDITY (PERCENT)
 HIGHEST   100           400 AM
 LOWEST     86           600 PM
 AVERAGE    93

..........................................................


THE CHEYENNE WYOMING AIRPORT CLIMATE NORMALS FOR TODAY
                         NORMAL    RECORD    YEAR
 MAXIMUM TEMPERATURE (F)   62        84      2004
 MINIMUM TEMPERATURE (F)   37        13      1917


SUNRISE AND SUNSET
MAY  6 2015...........SUNRISE   551 AM MDT   SUNSET   801 PM MDT
MAY  7 2015...........SUNRISE   550 AM MDT   SUNSET   802 PM MDT


-  INDICATES NEGATIVE NUMBERS.
R  INDICATES RECORD WAS SET OR TIED.
MM INDICATES DATA IS MISSING.
T  INDICATES TRACE AMOUNT.




$$
