000
CDUS41 KILN 050546
CLIDAY


CLIMATE REPORT
NATIONAL WEATHER SERVICE WILMINGTON OH
143 AM EDT TUE MAY 5 2015


...................................

...THE DAYTON OH CLIMATE SUMMARY FOR MAY 4 2015...

CLIMATE NORMAL PERIOD 1981 TO 2010
CLIMATE RECORD PERIOD 1869 TO 2015


WEATHER ITEM   OBSERVED TIME   RECORD YEAR NORMAL DEPARTURE LAST
                VALUE   (LST)  VALUE       VALUE  FROM      YEAR
                                                  NORMAL
..................................................................
TEMPERATURE (F)
 YESTERDAY
  MAXIMUM         78   1202 PM  88    1949  68     10       68
                                      1902
                                      1895
  MINIMUM         61    606 AM  28    1903  48     13       48
  AVERAGE         70                        58     12       58

PRECIPITATION (IN)
  YESTERDAY        0.31          2.23 1990   0.16   0.15      T
  MONTH TO DATE    0.31                      0.60  -0.29      T
  SINCE MAR 1      9.48                      8.03   1.45     8.42
  SINCE JAN 1     13.84                     12.98   0.86    13.40

SNOWFALL (IN)
  YESTERDAY        0.0           0.0    MM   0.0    0.0      0.0
  MONTH TO DATE    0.0                       0.0    0.0      0.0
  SINCE MAR 1      5.7                       4.0    1.7      8.2
  SINCE JUL 1     27.7                      23.3    4.4     53.6
  SNOW DEPTH       0

DEGREE DAYS
 HEATING
  YESTERDAY        0                         8     -8        7
  MONTH TO DATE    8                        33    -25       41
  SINCE MAR 1   1139                      1209    -70     1250
  SINCE JUL 1   5702                      5484    218     5849

 COOLING
  YESTERDAY        5                         1      4        0
  MONTH TO DATE    5                         4      1        0
  SINCE MAR 1      9                        14     -5        8
  SINCE JAN 1      9                        14     -5        8
..................................................................


WIND (MPH)
  RESULTANT WIND SPEED   8   RESULTANT WIND DIRECTION  SW (220)
  HIGHEST WIND SPEED    23   HIGHEST WIND DIRECTION     W (260)
  HIGHEST GUST SPEED    31   HIGHEST GUST DIRECTION     W (260)
  AVERAGE WIND SPEED     9.7



WEATHER CONDITIONS
 THE FOLLOWING WEATHER WAS RECORDED YESTERDAY.
  THUNDERSTORM
  RAIN
  LIGHT RAIN
  FOG


RELATIVE HUMIDITY (PERCENT)
 HIGHEST    78          1000 PM
 LOWEST     42          1100 AM
 AVERAGE    60

..........................................................


THE DAYTON OH CLIMATE NORMALS FOR TODAY
                         NORMAL    RECORD    YEAR
 MAXIMUM TEMPERATURE (F)   69        90      1952
                                             1895
 MINIMUM TEMPERATURE (F)   48        30      1907
                                             1900


SUNRISE AND SUNSET
MAY  5 2015...........SUNRISE   633 AM EDT   SUNSET   835 PM EDT
MAY  6 2015...........SUNRISE   631 AM EDT   SUNSET   836 PM EDT


-  INDICATES NEGATIVE NUMBERS.
R  INDICATES RECORD WAS SET OR TIED.
MM INDICATES DATA IS MISSING.
T  INDICATES TRACE AMOUNT.




$$
